-- https://www.phpmyadmin.net/
--

START TRANSACTION;



--
-- Database: `salesien`
--

-- --------------------------------------------------------

--
-- Table structure for table `action_utilisateur`
--

CREATE TABLE `action_utilisateur` (
  `id_action_utilisateur` int(11) NOT NULL,
  `id_utilisateur` int(11) NOT NULL,
  `nom_table` varchar(255) DEFAULT NULL,
  `id_champ` int(11) DEFAULT NULL,
  `action` varchar(255) DEFAULT NULL,
  `text_descriptif` text DEFAULT NULL,
  `id_foreign_entreprise_salesienne_action_utilisateur` int(11) DEFAULT NULL,
  `date_heure` datetime DEFAULT current_timestamp()
) ENGINE=InnoDB DEFAULT CHARSET=utf8;

--
-- Dumping data for table `action_utilisateur`
--

INSERT INTO `action_utilisateur` (`id_action_utilisateur`, `id_utilisateur`, `nom_table`, `id_champ`, `action`, `text_descriptif`, `id_foreign_entreprise_salesienne_action_utilisateur`, `date_heure`) VALUES
(1, 1, 'null', NULL, 'connexion', 'connexion au systeme', 0, '2022-09-05 11:09:09'),
(2, 1, 'null', NULL, 'déconnexion', 'déconnexion du systeme', 0, '2022-09-05 11:09:12'),
(3, 6, 'null', NULL, 'connexion', 'connexion au systeme', 2, '2022-09-05 11:09:12'),
(4, 1, 'null', NULL, 'connexion', 'connexion au systeme', 0, '2022-09-13 13:09:31'),
(5, 1, 'Utilisateur', 29, 'mise à jour', 'mise à jour de l\'utilisateur Kamwanya Damase', 0, '2022-09-13 13:09:34'),
(6, 1, 'Utilisateur', 29, 'mise à jour', 'mise à jour de l\'utilisateur Kamwanya Damase', 0, '2022-09-13 13:09:34'),
(7, 1, 'Utilisateur', 29, 'mise à jour', 'mise à jour de l\'utilisateur Kamwanya Damase', 0, '2022-09-13 13:09:34'),
(8, 29, 'null', NULL, 'connexion', 'connexion au systeme', 12, '2022-09-13 13:09:35'),
(9, 29, 'Une caisse', 13, 'insertion', 'ajout d\'une caisse test', 12, '2022-09-13 13:09:38'),
(10, 29, 'Plan Comptable', 8, 'insertion', 'ajout d\'Un Plan Comptable test-plan-comptable-jacaranda', 12, '2022-09-13 13:09:39'),
(11, 29, 'Categorie Plan Comptable', 24, 'insertion', 'ajout d\'Une Categorie Comptable Recette', 12, '2022-09-13 13:09:39'),
(12, 29, 'Categorie Plan Comptable', 25, 'insertion', 'ajout d\'Une Categorie Comptable Depense', 12, '2022-09-13 13:09:40'),
(13, 29, 'Sous Categorie Comptable', 94, 'insertion', 'ajout d\'Une Sous Categorie Comptable test recette', 12, '2022-09-13 13:09:40'),
(14, 29, 'Sous Categorie Comptable', 95, 'insertion', 'ajout d\'Une Sous Categorie Comptable test depense', 12, '2022-09-13 13:09:41'),
(15, 29, 'Sous Categorie Comptable Affectée ', 15, 'insertion', 'ajout d\'Une Sous Categorie Comptable Affectée ID : 15', 12, '2022-09-13 13:09:42'),
(16, 29, 'null', NULL, 'déconnexion', 'déconnexion du systeme', 12, '2022-09-13 13:09:43'),
(17, 29, 'null', NULL, 'connexion', 'connexion au systeme', 12, '2022-09-13 13:09:43'),
(18, 1, 'null', NULL, 'connexion', 'connexion au systeme', 0, '2022-09-13 13:09:46'),
(19, 29, 'null', NULL, 'connexion', 'connexion au systeme', 12, '2022-09-13 13:09:47'),
(20, 1, 'Utilisateur', 30, 'mise à jour', 'mise à jour de l\'utilisateur  Verpoest', 0, '2022-09-13 13:09:47'),
(21, 29, 'Plan Comptable', 8, 'Suppression', 'suppression du Plan Comptable test-plan-comptable-jacaranda', 12, '2022-09-13 13:09:48'),
(22, 29, 'Categorie Plan Comptable', 25, 'Suppression', 'suppression de la Categorie Plan Comptable Depense', 12, '2022-09-13 13:09:48'),
(23, 29, 'Categorie Plan Comptable', 24, 'Suppression', 'suppression de la Categorie Plan Comptable Recette', 12, '2022-09-13 13:09:48'),
(24, 29, 'Sous Categorie Comptable', 95, 'Suppression', 'suppression de la Sous Categorie Comptable test depense', 12, '2022-09-13 13:09:48'),
(25, 29, 'Sous Categorie Comptable', 94, 'Suppression', 'suppression de la Sous Categorie Comptable test recette', 12, '2022-09-13 13:09:48'),
(26, 29, 'Sous Categorie Comptable', 15, 'Suppression', 'suppression de la Sous Categorie Comptable Affectée ID : 15', 12, '2022-09-13 13:09:48'),
(27, 29, 'null', NULL, 'déconnexion', 'déconnexion du systeme', 12, '2022-09-13 13:09:49'),
(28, 30, 'null', NULL, 'connexion', 'connexion au systeme', 11, '2022-09-13 13:09:49'),
(29, 30, 'Sous Categorie Comptable', 13, 'Suppression', 'suppression de la Sous Categorie Comptable Affectée ID : 13', 11, '2022-09-13 13:09:49'),
(30, 30, 'Type unité one ', 7, 'insertion', 'ajout d\'Un Type d\\\'unité mesure test imara', 11, '2022-09-13 13:09:50'),
(31, 1, 'Utilisateur', 31, 'mise à jour', 'mise à jour de l\'utilisateur David Mubenga', 0, '2022-09-13 13:09:54'),
(32, 1, 'Utilisateur', 31, 'mise à jour', 'mise à jour de l\'utilisateur David Mubenga', 0, '2022-09-13 13:09:55'),
(33, 1, 'Utilisateur', 20, 'mise à jour', 'mise à jour de l\'utilisateur Pioro Gavioli', 0, '2022-09-13 13:09:55'),
(34, 1, 'Utilisateur', 19, 'mise à jour', 'mise à jour de l\'utilisateur Trudon Tshibangu', 0, '2022-09-13 13:09:58'),
(35, 1, 'Utilisateur', 22, 'mise à jour', 'mise à jour de l\'utilisateur Marcel Kafishi', 0, '2022-09-13 14:09:02'),
(36, 1, 'Utilisateur', 28, 'mise à jour', 'mise à jour de l\'utilisateur Gauthier Tshibangu', 0, '2022-09-13 14:09:03'),
(37, 1, 'Utilisateur', 22, 'mise à jour', 'mise à jour de l\'utilisateur Marcel Kafishi', 0, '2022-09-13 14:09:13'),
(38, 1, 'Utilisateur', 18, 'mise à jour', 'mise à jour de l\'utilisateur François Tshinemu', 0, '2022-09-13 14:09:13'),
(39, 1, 'Utilisateur', 18, 'mise à jour', 'mise à jour de l\'utilisateur François Tshinemu', 0, '2022-09-13 14:09:13'),
(40, 18, 'null', NULL, 'connexion', 'connexion au systeme', 23, '2022-09-13 14:09:14'),
(41, 31, 'null', NULL, 'connexion', 'connexion au systeme', 10, '2022-09-13 14:09:14'),
(42, 1, 'Utilisateur', 23, 'mise à jour', 'mise à jour de l\'utilisateur Paul Kyanino', 0, '2022-09-13 14:09:14'),
(43, 30, 'null', NULL, 'connexion', 'connexion au systeme', 11, '2022-09-13 14:09:15'),
(44, 28, 'null', NULL, 'connexion', 'connexion au systeme', 3, '2022-09-13 14:09:15'),
(45, 1, 'Utilisateur', 21, 'mise à jour', 'mise à jour de l\'utilisateur Didier Umbi', 0, '2022-09-13 14:09:16'),
(46, 31, 'null', NULL, 'connexion', 'connexion au systeme', 10, '2022-09-13 14:09:16'),
(47, 18, 'null', NULL, 'connexion', 'connexion au systeme', 23, '2022-09-13 14:09:16'),
(48, 28, 'null', NULL, 'connexion', 'connexion au systeme', 3, '2022-09-13 14:09:16'),
(49, 1, 'Utilisateur', 26, 'mise à jour', 'mise à jour de l\'utilisateur Pascal Nyanda', 0, '2022-09-13 14:09:16'),
(50, 31, 'null', NULL, 'connexion', 'connexion au systeme', 10, '2022-09-13 14:09:17'),
(51, 28, 'null', NULL, 'connexion', 'connexion au systeme', 3, '2022-09-13 14:09:17'),
(52, 1, 'Utilisateur', 22, 'mise à jour', 'mise à jour de l\'utilisateur Marcel Kafishi', 0, '2022-09-13 14:09:17'),
(53, 22, 'null', NULL, 'connexion', 'connexion au systeme', 19, '2022-09-13 14:09:18'),
(54, 22, 'null', NULL, 'connexion', 'connexion au systeme', 19, '2022-09-13 14:09:18'),
(55, 30, 'null', NULL, 'déconnexion', 'déconnexion du systeme', 11, '2022-09-13 14:09:18'),
(56, 28, 'null', NULL, 'connexion', 'connexion au systeme', 3, '2022-09-13 14:09:18'),
(57, 22, 'null', NULL, 'connexion', 'connexion au systeme', 19, '2022-09-13 14:09:18'),
(58, 22, 'null', NULL, 'connexion', 'connexion au systeme', 19, '2022-09-13 14:09:19'),
(59, 22, 'null', NULL, 'connexion', 'connexion au systeme', 19, '2022-09-13 14:09:19'),
(60, 7, 'null', NULL, 'connexion', 'connexion au systeme', 2, '2022-09-13 14:09:19'),
(61, 1, 'Utilisateur', 22, 'mise à jour', 'mise à jour de l\'utilisateur Marcel Kafishi', 0, '2022-09-13 14:09:20'),
(62, 28, 'null', NULL, 'connexion', 'connexion au systeme', 3, '2022-09-13 14:09:20'),
(63, 7, 'null', NULL, 'déconnexion', 'déconnexion du systeme', 2, '2022-09-13 14:09:20'),
(64, 26, 'null', NULL, 'connexion', 'connexion au systeme', 15, '2022-09-13 14:09:20'),
(65, 22, 'null', NULL, 'connexion', 'connexion au systeme', 19, '2022-09-13 14:09:20'),
(66, 26, 'null', NULL, 'connexion', 'connexion au systeme', 15, '2022-09-13 14:09:20'),
(67, 1, 'Utilisateur', 38, 'insertion', 'ajout de l\'Utilisateur admin', 0, '2022-09-13 14:09:22'),
(68, 38, 'null', NULL, 'connexion', 'connexion au systeme', 19, '2022-09-13 14:09:22'),
(69, 38, 'null', NULL, 'connexion', 'connexion au systeme', 19, '2022-09-13 14:09:23'),
(70, 1, 'Entreprise Salesienne', 31, 'insertion', 'ajout de l\'entreprise salesienne Kansebula', 0, '2022-09-13 14:09:23'),
(71, 1, 'Utilisateur', 39, 'insertion', 'ajout de l\'Utilisateur admin', 0, '2022-09-13 14:09:25'),
(72, 23, 'null', NULL, 'connexion', 'connexion au systeme', 18, '2022-09-13 14:09:25'),
(73, 38, 'null', NULL, 'déconnexion', 'déconnexion du systeme', 19, '2022-09-13 14:09:25'),
(74, 26, 'null', NULL, 'connexion', 'connexion au systeme', 15, '2022-09-13 14:09:26'),
(75, 23, 'null', NULL, 'connexion', 'connexion au systeme', 18, '2022-09-13 14:09:26'),
(76, 23, 'null', NULL, 'connexion', 'connexion au systeme', 18, '2022-09-13 14:09:27'),
(77, 26, 'null', NULL, 'connexion', 'connexion au systeme', 15, '2022-09-13 14:09:27'),
(78, 1, 'Utilisateur', 40, 'insertion', 'ajout de l\'Utilisateur admin', 0, '2022-09-13 14:09:27'),
(79, 40, 'null', NULL, 'connexion', 'connexion au systeme', 15, '2022-09-13 14:09:28'),
(80, 40, 'null', NULL, 'déconnexion', 'déconnexion du systeme', 15, '2022-09-13 14:09:28'),
(81, 39, 'null', NULL, 'connexion', 'connexion au systeme', 13, '2022-09-13 14:09:28'),
(82, 40, 'null', NULL, 'connexion', 'connexion au systeme', 15, '2022-09-13 14:09:28'),
(83, 1, 'Utilisateur', 41, 'insertion', 'ajout de l\'Utilisateur admin', 0, '2022-09-13 14:09:32'),
(84, 30, 'null', NULL, 'connexion', 'connexion au systeme', 11, '2022-09-13 14:09:33'),
(85, 41, 'null', NULL, 'connexion', 'connexion au systeme', 10, '2022-09-13 14:09:33'),
(86, 1, 'Utilisateur', 42, 'insertion', 'ajout de l\'Utilisateur admin', 0, '2022-09-13 14:09:34'),
(87, 1, 'Utilisateur', 43, 'insertion', 'ajout de l\'Utilisateur admin', 0, '2022-09-13 14:09:36'),
(88, 42, 'null', NULL, 'connexion', 'connexion au systeme', 22, '2022-09-13 14:09:36'),
(89, 39, 'null', NULL, 'connexion', 'connexion au systeme', 13, '2022-09-13 14:09:36'),
(90, 43, 'null', NULL, 'connexion', 'connexion au systeme', 18, '2022-09-13 14:09:38'),
(91, 1, 'Utilisateur', 7, 'mise à jour', 'mise à jour de l\'utilisateur Admin', 0, '2022-09-13 14:09:38'),
(92, 1, 'Utilisateur', 44, 'insertion', 'ajout de l\'Utilisateur admin', 0, '2022-09-13 14:09:39'),
(93, 44, 'null', NULL, 'connexion', 'connexion au systeme', 23, '2022-09-13 14:09:40'),
(94, 44, 'null', NULL, 'connexion', 'connexion au systeme', 23, '2022-09-13 14:09:40'),
(95, 1, 'Utilisateur', 45, 'insertion', 'ajout de l\'Utilisateur admin', 0, '2022-09-13 14:09:40'),
(96, 41, 'null', NULL, 'connexion', 'connexion au systeme', 10, '2022-09-13 14:09:42'),
(97, 1, 'Utilisateur', 46, 'insertion', 'ajout de l\'Utilisateur admin', 0, '2022-09-13 14:09:43'),
(98, 46, 'null', NULL, 'connexion', 'connexion au systeme', 3, '2022-09-13 14:09:43'),
(99, 46, 'null', NULL, 'connexion', 'connexion au systeme', 3, '2022-09-13 14:09:44'),
(100, 1, 'Utilisateur', 47, 'insertion', 'ajout de l\'Utilisateur admin', 0, '2022-09-13 14:09:44'),
(101, 7, 'null', NULL, 'connexion', 'connexion au systeme', 2, '2022-09-13 14:09:46'),
(102, 40, 'null', NULL, 'connexion', 'connexion au systeme', 15, '2022-09-13 14:09:46'),
(103, 39, 'null', NULL, 'déconnexion', 'déconnexion du systeme', 13, '2022-09-13 14:09:47'),
(104, 29, 'null', NULL, 'connexion', 'connexion au systeme', 12, '2022-09-13 14:09:47'),
(105, 47, 'null', NULL, 'connexion', 'connexion au systeme', 20, '2022-09-13 14:09:48'),
(106, 40, 'null', NULL, 'connexion', 'connexion au systeme', 15, '2022-09-13 14:09:49'),
(107, 47, 'Une caisse', 14, 'insertion', 'ajout d\'une caisse caisseCDFSakania', 20, '2022-09-13 14:09:53'),
(108, 41, 'Une caisse', 15, 'insertion', 'ajout d\'une caisse Caisse HZ CDF', 10, '2022-09-13 14:09:53'),
(109, 29, 'Une caisse', 16, 'insertion', 'ajout d\'une caisse caisse cdf jacaranda', 12, '2022-09-13 14:09:53'),
(110, 30, 'Une caisse', 17, 'insertion', 'ajout d\'une caisse compte caisse cdf imara', 11, '2022-09-13 14:09:53'),
(111, 44, 'Une caisse', 18, 'insertion', 'ajout d\'une caisse caisse cdf theologicum', 23, '2022-09-13 14:09:53'),
(112, 46, 'Une caisse', 19, 'insertion', 'ajout d\'une caisse caisse cdf cdj', 3, '2022-09-13 14:09:53'),
(113, 38, 'Une caisse', 20, 'insertion', 'ajout d\'une caisse Caisse CDF Maison des jeunes', 19, '2022-09-13 14:09:53'),
(114, 39, 'Une caisse', 21, 'insertion', 'ajout d\'une caisse CDF KANSEBULA', 13, '2022-09-13 14:09:53'),
(115, 42, 'Une caisse', 22, 'insertion', 'ajout d\'une caisse caisse CDF TABA CONGO', 22, '2022-09-13 14:09:53'),
(116, 46, 'Une caisse', 23, 'insertion', 'ajout d\'une caisse Caisse CDF CDJ', 3, '2022-09-13 14:09:53'),
(117, 43, 'Une caisse', 24, 'insertion', 'ajout d\'une caisse caisse cdf chem-chem', 18, '2022-09-13 14:09:53'),
(118, 40, 'Une caisse', 25, 'insertion', 'ajout d\'une caisse CAISSE MOKAMBO 2022-2023', 15, '2022-09-13 14:09:54'),
(119, 38, 'Une caisse', 26, 'insertion', 'ajout d\'une caisse Caisse CDF Maison des jeunes', 19, '2022-09-13 14:09:54'),
(120, 29, 'Une caisse', 27, 'insertion', 'ajout d\'une caisse caisse usd jacaranda', 12, '2022-09-13 14:09:54'),
(121, 39, 'Une caisse', 28, 'insertion', 'ajout d\'une caisse USD KANSEBULA', 13, '2022-09-13 14:09:54'),
(122, 40, 'Une caisse', 29, 'insertion', 'ajout d\'une caisse CAISSE MOKAMBO 2022-2023', 15, '2022-09-13 14:09:54'),
(123, 41, 'Une caisse', 30, 'insertion', 'ajout d\'une caisse Caisse HZ USD', 10, '2022-09-13 14:09:55'),
(124, 7, 'Une caisse', 31, 'insertion', 'ajout d\'une caisse Caisse CDF Provincialat', 2, '2022-09-13 14:09:55'),
(125, 30, 'Une caisse', 32, 'insertion', 'ajout d\'une caisse  CAISSE USD IMARA', 11, '2022-09-13 14:09:55'),
(126, 44, 'Une caisse', 33, 'insertion', 'ajout d\'une caisse caisse usd theologicum', 23, '2022-09-13 14:09:55'),
(127, 41, 'Une caisse', 34, 'insertion', 'ajout d\'une caisse Caisse HZ Euro', 10, '2022-09-13 14:09:55'),
(128, 44, 'Une caisse', 35, 'insertion', 'ajout d\'une caisse caisse euro theologicum', 23, '2022-09-13 14:09:56'),
(129, 40, 'Une caisse', 36, 'insertion', 'ajout d\'une caisse CAISSE MOKAMBO 2022-2023', 15, '2022-09-13 14:09:56'),
(130, 46, 'Une caisse', 37, 'insertion', 'ajout d\'une caisse caisse usd cdj', 3, '2022-09-13 14:09:56'),
(131, 46, 'Une caisse', 38, 'insertion', 'ajout d\'une caisse Caisse Usd CDJ', 3, '2022-09-13 14:09:56'),
(132, 39, 'Une caisse', 39, 'insertion', 'ajout d\'une caisse EURO KANSEBULA', 13, '2022-09-13 14:09:56'),
(133, 47, 'Une caisse', 40, 'insertion', 'ajout d\'une caisse caisseEuroSakania', 20, '2022-09-13 14:09:56'),
(134, 40, 'Une caisse', 41, 'insertion', 'ajout d\'une caisse CAISSE MOKAMBO', 15, '2022-09-13 14:09:56'),
(135, 30, 'Une caisse', 42, 'insertion', 'ajout d\'une caisse CAISSE IMARA EURO ', 11, '2022-09-13 14:09:56'),
(136, 40, 'Une caisse', 43, 'insertion', 'ajout d\'une caisse CAISSE MOKAMBO 2022-2023', 15, '2022-09-13 14:09:56'),
(137, 29, 'Une caisse', 44, 'insertion', 'ajout d\'une caisse caisse eur jacaranda', 12, '2022-09-13 14:09:56'),
(138, 46, 'Une caisse', 45, 'insertion', 'ajout d\'une caisse CAISSE EURO CDJ', 3, '2022-09-13 14:09:57'),
(139, 42, 'Une caisse', 46, 'insertion', 'ajout d\'une caisse CDF TABA', 22, '2022-09-13 14:09:57'),
(140, 46, 'Une caisse', 47, 'insertion', 'ajout d\'une caisse caisse euro cdj', 3, '2022-09-13 14:09:57'),
(141, 40, 'Une caisse', 48, 'insertion', 'ajout d\'une caisse CAISSE MOKAMBO 2022-2023', 15, '2022-09-13 14:09:57'),
(142, 47, 'Une caisse', 49, 'insertion', 'ajout d\'une caisse CaisseUSD', 20, '2022-09-13 14:09:57'),
(143, 38, 'Une caisse', 26, 'mise à jour', 'mise à jour de la caisse Caisse CDF Maison des jeunes', 19, '2022-09-13 15:09:01'),
(144, 38, 'Une caisse', 20, 'mise à jour', 'mise à jour de la caisse Caisse CDF Maison des jeunes', 19, '2022-09-13 15:09:01'),
(145, 44, 'Une caisse', 33, 'mise à jour', 'mise à jour de la caisse caisse usd theologicum', 23, '2022-09-13 15:09:01'),
(146, 44, 'Une caisse', 33, 'mise à jour', 'mise à jour de la caisse caisse usd theologicum', 23, '2022-09-13 15:09:01'),
(147, 44, 'Une caisse', 18, 'mise à jour', 'mise à jour de la caisse caisse cdf theologicum', 23, '2022-09-13 15:09:02'),
(148, 43, 'Une caisse', 50, 'insertion', 'ajout d\'une caisse Caisse usd chem-chem', 18, '2022-09-13 15:09:02'),
(149, 38, 'Une caisse', 51, 'insertion', 'ajout d\'une caisse Caisse USD MDJ', 19, '2022-09-13 15:09:04'),
(150, 42, 'Une caisse', 52, 'insertion', 'ajout d\'une caisse USD', 22, '2022-09-13 15:09:04'),
(151, 41, 'Une caisse', 34, 'mise à jour', 'mise à jour de la caisse Caisse HZ Euro', 10, '2022-09-13 15:09:04'),
(152, 30, 'Une caisse', 17, 'mise à jour', 'mise à jour de la caisse compte caisse cdf imara', 11, '2022-09-13 15:09:04'),
(153, 41, 'Une caisse', 34, 'mise à jour', 'mise à jour de la caisse Caisse HZ Euro', 10, '2022-09-13 15:09:04'),
(154, 30, 'Une caisse', 17, 'mise à jour', 'mise à jour de la caisse compte caisse cdf imara', 11, '2022-09-13 15:09:04'),
(155, 39, 'Une caisse', 39, 'mise à jour', 'mise à jour de la caisse EURO KANSEBULA', 13, '2022-09-13 15:09:04'),
(156, 29, 'Une caisse', 44, 'mise à jour', 'mise à jour de la caisse caisse eur jacaranda', 12, '2022-09-13 15:09:05'),
(157, 40, 'Une caisse', 41, 'mise à jour', 'mise à jour de la caisse CAISSE MOKAMBO 2022-2023', 15, '2022-09-13 15:09:05'),
(158, 43, 'Une caisse', 50, 'mise à jour', 'mise à jour de la caisse Caisse usd chem-chem', 18, '2022-09-13 15:09:05'),
(159, 46, 'Une caisse', 47, 'Suppression', 'suppression de la caisse caisse euro cdj', 3, '2022-09-13 15:09:05'),
(160, 41, 'Une caisse', 34, 'mise à jour', 'mise à jour de la caisse Caisse HZ Euro', 10, '2022-09-13 15:09:05'),
(161, 30, 'Une caisse', 32, 'mise à jour', 'mise à jour de la caisse  CAISSE USD IMARA', 11, '2022-09-13 15:09:05'),
(162, 40, 'Une caisse', 48, 'mise à jour', 'mise à jour de la caisse CAISSE MOKAMBO 2022-2023', 15, '2022-09-13 15:09:05'),
(163, 38, 'Une caisse', 53, 'insertion', 'ajout d\'une caisse Caisse USD MDJ', 19, '2022-09-13 15:09:05'),
(164, 46, 'Une caisse', 45, 'Suppression', 'suppression de la caisse CAISSE EURO CDJ', 3, '2022-09-13 15:09:05'),
(165, 30, 'Une caisse', 42, 'mise à jour', 'mise à jour de la caisse CAISSE IMARA EURO ', 11, '2022-09-13 15:09:05'),
(166, 29, 'Une caisse', 13, 'Suppression', 'suppression de la caisse test', 12, '2022-09-13 15:09:06'),
(167, 40, 'Une caisse', 41, 'Suppression', 'suppression de la caisse CAISSE MOKAMBO 2022-2023', 15, '2022-09-13 15:09:06'),
(168, 30, 'Une caisse', 32, 'mise à jour', 'mise à jour de la caisse  CAISSE  IMARA USD', 11, '2022-09-13 15:09:07'),
(169, 40, 'Une caisse', 43, 'mise à jour', 'mise à jour de la caisse CAISSE MOKAMBO 2022-2023', 15, '2022-09-13 15:09:07'),
(170, 43, 'Une caisse', 54, 'insertion', 'ajout d\'une caisse caisse cdf chem-chem', 18, '2022-09-13 15:09:07'),
(171, 39, 'Une caisse', 55, 'insertion', 'ajout d\'une caisse CDF KANSEBULA', 13, '2022-09-13 15:09:07'),
(172, 30, 'Une caisse', 17, 'mise à jour', 'mise à jour de la caisse CAISSE IMARA CDF', 11, '2022-09-13 15:09:07'),
(173, 42, 'Une caisse', 46, 'mise à jour', 'mise à jour de la caisse CDF TABA', 22, '2022-09-13 15:09:08'),
(174, 39, 'Une caisse', 56, 'insertion', 'ajout d\'une caisse CDF KANSEBULA', 13, '2022-09-13 15:09:08'),
(175, 29, 'Une caisse', 27, 'mise à jour', 'mise à jour de la caisse caisse usd jacaranda', 12, '2022-09-13 15:09:09'),
(176, 42, 'Une caisse', 52, 'mise à jour', 'mise à jour de la caisse USD', 22, '2022-09-13 15:09:09'),
(177, 42, 'Une caisse', 46, 'mise à jour', 'mise à jour de la caisse CDF TABA', 22, '2022-09-13 15:09:09'),
(178, 46, 'Une caisse', 19, 'mise à jour', 'mise à jour de la caisse caisse cdf cdj', 3, '2022-09-13 15:09:10'),
(179, 46, 'Une caisse', 19, 'mise à jour', 'mise à jour de la caisse caisse cdf cdj', 3, '2022-09-13 15:09:10'),
(180, 30, 'Une caisse', 17, 'mise à jour', 'mise à jour de la caisse CAISSE IMARA CDF', 11, '2022-09-13 15:09:10'),
(181, 42, 'Une caisse', 22, 'mise à jour', 'mise à jour de la caisse caisse CDF TABA CONGO', 22, '2022-09-13 15:09:10'),
(182, 46, 'Une caisse', 19, 'mise à jour', 'mise à jour de la caisse caisse cdf cdj', 3, '2022-09-13 15:09:10'),
(183, 46, 'Une caisse', 19, 'mise à jour', 'mise à jour de la caisse caisse cdf cdj', 3, '2022-09-13 15:09:10'),
(184, 30, 'Une caisse', 42, 'mise à jour', 'mise à jour de la caisse CAISSE IMARA EURO ', 11, '2022-09-13 15:09:11'),
(185, 46, 'Une caisse', 38, 'mise à jour', 'mise à jour de la caisse Caisse Usd CDJ', 3, '2022-09-13 15:09:11'),
(186, 46, 'Une caisse', 38, 'mise à jour', 'mise à jour de la caisse Caisse Usd CDJ', 3, '2022-09-13 15:09:12'),
(187, 44, 'Une caisse', 57, 'insertion', 'ajout d\'une caisse caisse usd theologicum', 23, '2022-09-13 15:09:13'),
(188, 43, 'Une caisse', 58, 'insertion', 'ajout d\'une caisse Banque usd chem-chem', 18, '2022-09-13 15:09:13'),
(189, 41, 'Une caisse', 59, 'insertion', 'ajout d\'une caisse Home Zanin TMB USD', 10, '2022-09-13 15:09:13'),
(190, 40, 'Une caisse', 60, 'insertion', 'ajout d\'une caisse BANQUE MOKAMBO', 15, '2022-09-13 15:09:13'),
(191, 39, 'Une caisse', 61, 'insertion', 'ajout d\'une caisse USD   COMPTE 57 KANSEBULA', 13, '2022-09-13 15:09:13'),
(192, 47, 'Une caisse', 62, 'insertion', 'ajout d\'une caisse banqueUSDsakania', 20, '2022-09-13 15:09:13'),
(193, 29, 'Une caisse', 63, 'insertion', 'ajout d\'une caisse banque usd jacaranda', 12, '2022-09-13 15:09:13'),
(194, 30, 'Une caisse', 64, 'insertion', 'ajout d\'une caisse BANQUE USD IMARA', 11, '2022-09-13 15:09:14'),
(195, 42, 'Une caisse', 65, 'insertion', 'ajout d\'une caisse N* compte Taba', 22, '2022-09-13 15:09:14'),
(196, 38, 'Une caisse', 66, 'insertion', 'ajout d\'une caisse compte Banque USD MDJ', 19, '2022-09-13 15:09:14'),
(197, 44, 'Une caisse', 35, 'mise à jour', 'mise à jour de la caisse caisse euro theologicum', 23, '2022-09-13 15:09:14'),
(198, 40, 'Une caisse', 67, 'insertion', 'ajout d\'une caisse BANQUE MOKAMBO 2022-2023', 15, '2022-09-13 15:09:14'),
(199, 30, 'Une caisse', 68, 'insertion', 'ajout d\'une caisse BANQUE CDF', 11, '2022-09-13 15:09:15'),
(200, 42, 'Une caisse', 69, 'insertion', 'ajout d\'une caisse N*compte tac', 22, '2022-09-13 15:09:15'),
(201, 40, 'Une caisse', 70, 'insertion', 'ajout d\'une caisse BANQUE MOKAMBO 2022-2023', 15, '2022-09-13 15:09:16'),
(202, 42, 'Une caisse', 71, 'insertion', 'ajout d\'une caisse N*Compte Tab', 22, '2022-09-13 15:09:16'),
(203, 45, 'null', NULL, 'connexion', 'connexion au systeme', 21, '2022-09-13 15:09:16'),
(204, 40, 'Une caisse', 72, 'insertion', 'ajout d\'une caisse BANQUE MOKAMBO 2022-2023', 15, '2022-09-13 15:09:17'),
(205, 45, 'Une caisse', 73, 'insertion', 'ajout d\'une caisse caisse cdf salama', 21, '2022-09-13 15:09:17'),
(206, 45, 'Une caisse', 74, 'insertion', 'ajout d\'une caisse caisse usd salama', 21, '2022-09-13 15:09:18'),
(207, 45, 'Une caisse', 75, 'insertion', 'ajout d\'une caisse caisse euro salama', 21, '2022-09-13 15:09:19'),
(208, 45, 'Une caisse', 76, 'insertion', 'ajout d\'une caisse banque usd salama', 21, '2022-09-13 15:09:19'),
(209, 44, 'Plan Comptable', 9, 'insertion', 'ajout d\'Un Plan Comptable THEOLOGICUM SDB AFC', 23, '2022-09-13 15:09:20'),
(210, 46, 'Une caisse', 77, 'insertion', 'ajout d\'une caisse cdj.3', 3, '2022-09-13 15:09:25'),
(211, 47, 'Plan Comptable', 10, 'insertion', 'ajout d\'Un Plan Comptable sakaniaafc', 20, '2022-09-13 15:09:26'),
(212, 29, 'Plan Comptable', 11, 'insertion', 'ajout d\'Un Plan Comptable JACARANDA', 12, '2022-09-13 15:09:26'),
(213, 43, 'Plan Comptable', 12, 'insertion', 'ajout d\'Un Plan Comptable  chem-chem', 18, '2022-09-13 15:09:26'),
(214, 41, 'Plan Comptable', 13, 'insertion', 'ajout d\'Un Plan Comptable  Sdb zanin', 10, '2022-09-13 15:09:26'),
(215, 40, 'Plan Comptable', 14, 'insertion', 'ajout d\'Un Plan Comptable SDB MOKAMBO', 15, '2022-09-13 15:09:26'),
(216, 42, 'Plan Comptable', 15, 'insertion', 'ajout d\'Un Plan Comptable TABACONGO', 22, '2022-09-13 15:09:26'),
(217, 39, 'Plan Comptable', 16, 'insertion', 'ajout d\'Un Plan Comptable MAISON DE FORMATION KANSEBULA AFC SDB', 13, '2022-09-13 15:09:26'),
(218, 30, 'Plan Comptable', 17, 'insertion', 'ajout d\'Un Plan Comptable SAINT FRANCOIS DE SALES IMARA', 11, '2022-09-13 15:09:26'),
(219, 45, 'Plan Comptable', 18, 'insertion', 'ajout d\'Un Plan Comptable itsalama', 21, '2022-09-13 15:09:27'),
(220, 46, 'Une caisse', 78, 'insertion', 'ajout d\'une caisse CDJ', 3, '2022-09-13 15:09:28'),
(221, 38, 'Plan Comptable', 19, 'insertion', 'ajout d\'Un Plan Comptable MAISON DES JEUNES-RUASHI', 19, '2022-09-13 15:09:28'),
(222, 46, 'Plan Comptable', 20, 'insertion', 'ajout d\'Un Plan Comptable cdj', 3, '2022-09-13 15:09:29'),
(223, 46, 'Plan Comptable', 21, 'insertion', 'ajout d\'Un Plan Comptable CDJ', 3, '2022-09-13 15:09:29'),
(224, 42, 'Plan Comptable', 22, 'insertion', 'ajout d\'Un Plan Comptable TABACONGO', 22, '2022-09-13 15:09:31'),
(225, 45, 'Categorie Plan Comptable', 26, 'insertion', 'ajout d\'Une Categorie Comptable imprimerie', 21, '2022-09-13 15:09:37'),
(226, 29, 'Categorie Plan Comptable', 27, 'insertion', 'ajout d\'Une Categorie Comptable VV', 12, '2022-09-13 15:09:37'),
(227, 41, 'Categorie Plan Comptable', 28, 'insertion', 'ajout d\'Une Categorie Comptable hôtellerie', 10, '2022-09-13 15:09:37'),
(228, 46, 'Categorie Plan Comptable', 29, 'insertion', 'ajout d\'Une Categorie Comptable vente légumes', 3, '2022-09-13 15:09:37'),
(229, 42, 'Categorie Plan Comptable', 30, 'insertion', 'ajout d\'Une Categorie Comptable LOCATION GRANDE SALLE', 22, '2022-09-13 15:09:37'),
(230, 30, 'Categorie Plan Comptable', 31, 'insertion', 'ajout d\'Une Categorie Comptable SALAIRE CONFRERE ECOLE PRIMAIRE', 11, '2022-09-13 15:09:37'),
(231, 46, 'Categorie Plan Comptable', 32, 'insertion', 'ajout d\'Une Categorie Comptable Vente légumes', 3, '2022-09-13 15:09:37'),
(232, 39, 'Categorie Plan Comptable', 33, 'insertion', 'ajout d\'Une Categorie Comptable PENSIONS PROVINCES', 13, '2022-09-13 15:09:37'),
(233, 40, 'Categorie Plan Comptable', 34, 'insertion', 'ajout d\'Une Categorie Comptable Hotellerie', 15, '2022-09-13 15:09:37'),
(234, 40, 'Categorie Plan Comptable', 35, 'insertion', 'ajout d\'Une Categorie Comptable HÔTELLERIE', 15, '2022-09-13 15:09:37'),
(235, 44, 'Categorie Plan Comptable', 36, 'insertion', 'ajout d\'Une Categorie Comptable QUÊTE ET COLLECTES', 23, '2022-09-13 15:09:38'),
(236, 38, 'Categorie Plan Comptable', 37, 'insertion', 'ajout d\'Une Categorie Comptable CFP MDJ-Frais minérvals élèves', 19, '2022-09-13 15:09:38'),
(237, 7, 'Categorie Plan Comptable', 38, 'insertion', 'ajout d\'Une Categorie Comptable Vente EAU', 2, '2022-09-13 15:09:38'),
(238, 7, 'Categorie Plan Comptable', 39, 'insertion', 'ajout d\'Une Categorie Comptable Vente EAU', 2, '2022-09-13 15:09:38'),
(239, 47, 'Categorie Plan Comptable', 40, 'insertion', 'ajout d\'Une Categorie Comptable vente eau', 20, '2022-09-13 15:09:38'),
(240, 42, 'Categorie Plan Comptable', 41, 'insertion', 'ajout d\'Une Categorie Comptable ventre des médicament', 22, '2022-09-13 15:09:39'),
(241, 30, 'Categorie Plan Comptable', 42, 'insertion', 'ajout d\'Une Categorie Comptable Frais d\'appoints ecoles ', 11, '2022-09-13 15:09:39'),
(242, 39, 'Categorie Plan Comptable', 43, 'insertion', 'ajout d\'Une Categorie Comptable ACHAT NOURRITURE', 13, '2022-09-13 15:09:39'),
(243, 44, 'Categorie Plan Comptable', 44, 'insertion', 'ajout d\'Une Categorie Comptable AP FORMATEUR', 23, '2022-09-13 15:09:39'),
(244, 44, 'Categorie Plan Comptable', 45, 'insertion', 'ajout d\'Une Categorie Comptable SUBSIDE TMB', 23, '2022-09-13 15:09:39'),
(245, 45, 'Categorie Plan Comptable', 46, 'insertion', 'ajout d\'Une Categorie Comptable imprimerie', 21, '2022-09-13 15:09:39'),
(246, 41, 'Categorie Plan Comptable', 47, 'insertion', 'ajout d\'Une Categorie Comptable Nourriture', 10, '2022-09-13 15:09:39'),
(247, 30, 'Categorie Plan Comptable', 48, 'insertion', 'ajout d\'Une Categorie Comptable chapelle regina mundi', 11, '2022-09-13 15:09:40'),
(248, 44, 'Categorie Plan Comptable', 49, 'insertion', 'ajout d\'Une Categorie Comptable PATRONAGE- ORATOIRE', 23, '2022-09-13 15:09:40'),
(249, 42, 'Categorie Plan Comptable', 50, 'insertion', 'ajout d\'Une Categorie Comptable AP', 22, '2022-09-13 15:09:40'),
(250, 47, 'Categorie Plan Comptable', 51, 'insertion', 'ajout d\'Une Categorie Comptable paiement l\'ouvrier', 20, '2022-09-13 15:09:40'),
(251, 29, 'Categorie Plan Comptable', 52, 'insertion', 'ajout d\'Une Categorie Comptable Achat foin', 12, '2022-09-13 15:09:40'),
(252, 46, 'Categorie Plan Comptable', 53, 'insertion', 'ajout d\'Une Categorie Comptable Achat engrais', 3, '2022-09-13 15:09:40'),
(253, 46, 'Categorie Plan Comptable', 54, 'insertion', 'ajout d\'Une Categorie Comptable achat engrais', 3, '2022-09-13 15:09:40'),
(254, 44, 'Categorie Plan Comptable', 55, 'insertion', 'ajout d\'Une Categorie Comptable NOURRITURE', 23, '2022-09-13 15:09:40'),
(255, 30, 'Categorie Plan Comptable', 56, 'insertion', 'ajout d\'Une Categorie Comptable nourritures et boissons ', 11, '2022-09-13 15:09:40'),
(256, 40, 'Categorie Plan Comptable', 57, 'insertion', 'ajout d\'Une Categorie Comptable RÉPARATION VOITURE ', 15, '2022-09-13 15:09:41'),
(257, 42, 'Categorie Plan Comptable', 58, 'insertion', 'ajout d\'Une Categorie Comptable achat carburant véhicule', 22, '2022-09-13 15:09:41'),
(258, 38, 'Categorie Plan Comptable', 59, 'insertion', 'ajout d\'Une Categorie Comptable CFP DEPENSES -MDJ ', 19, '2022-09-13 15:09:41'),
(259, 40, 'Categorie Plan Comptable', 60, 'insertion', 'ajout d\'Une Categorie Comptable réparation voiture', 15, '2022-09-13 15:09:41'),
(260, 45, 'Categorie Plan Comptable', 61, 'insertion', 'ajout d\'Une Categorie Comptable mec auto', 21, '2022-09-13 15:09:41'),
(261, 7, 'Categorie Plan Comptable', 62, 'insertion', 'ajout d\'Une Categorie Comptable Achat bouchons', 2, '2022-09-13 15:09:41'),
(262, 30, 'Categorie Plan Comptable', 31, 'mise à jour', 'mise à jourde de la Categorie Plan Comptable SALAIRE CONFRERE ', 11, '2022-09-13 15:09:41'),
(263, 43, 'Categorie Plan Comptable', 63, 'insertion', 'ajout d\'Une Categorie Comptable Agriculture', 18, '2022-09-13 15:09:44'),
(264, 44, 'Categorie Plan Comptable', 45, 'mise à jour', 'mise à jourde de la Categorie Plan Comptable SUBSIDE TMB', 23, '2022-09-13 15:09:49'),
(265, 29, 'Sous Categorie Comptable', 96, 'insertion', 'ajout d\'Une Sous Categorie Comptable voeux', 12, '2022-09-13 15:09:58'),
(266, 41, 'Sous Categorie Comptable', 97, 'insertion', 'ajout d\'Une Sous Categorie Comptable Logement foyer romana', 10, '2022-09-13 15:09:58'),
(267, 30, 'Sous Categorie Comptable', 98, 'insertion', 'ajout d\'Une Sous Categorie Comptable SALAIRE CONFRERE ECOLE PRIMAIRE', 11, '2022-09-13 15:09:58'),
(268, 45, 'Sous Categorie Comptable', 99, 'insertion', 'ajout d\'Une Sous Categorie Comptable T-shirt', 21, '2022-09-13 15:09:58'),
(269, 46, 'Sous Categorie Comptable', 100, 'insertion', 'ajout d\'Une Sous Categorie Comptable Carottes', 3, '2022-09-13 15:09:58'),
(270, 44, 'Sous Categorie Comptable', 101, 'insertion', 'ajout d\'Une Sous Categorie Comptable Quête', 23, '2022-09-13 15:09:58'),
(271, 47, 'Sous Categorie Comptable', 102, 'insertion', 'ajout d\'Une Sous Categorie Comptable vente bidon', 20, '2022-09-13 15:09:58'),
(272, 40, 'Sous Categorie Comptable', 103, 'insertion', 'ajout d\'Une Sous Categorie Comptable CHAMBRES A LOUER', 15, '2022-09-13 15:09:58'),
(273, 40, 'Sous Categorie Comptable', 104, 'insertion', 'ajout d\'Une Sous Categorie Comptable Chambres à louer', 15, '2022-09-13 15:09:58'),
(274, 43, 'Sous Categorie Comptable', 105, 'insertion', 'ajout d\'Une Sous Categorie Comptable amarantes', 18, '2022-09-13 15:09:59'),
(275, 45, 'Sous Categorie Comptable', 106, 'insertion', 'ajout d\'Une Sous Categorie Comptable Livre', 21, '2022-09-13 15:09:59'),
(276, 29, 'Sous Categorie Comptable', 107, 'insertion', 'ajout d\'Une Sous Categorie Comptable toreaux', 12, '2022-09-13 15:09:59'),
(277, 46, 'Sous Categorie Comptable', 108, 'insertion', 'ajout d\'Une Sous Categorie Comptable carotte', 3, '2022-09-13 15:09:59'),
(278, 41, 'Sous Categorie Comptable', 109, 'insertion', 'ajout d\'Une Sous Categorie Comptable Logement home zanin', 10, '2022-09-13 15:09:59'),
(279, 30, 'Sous Categorie Comptable', 110, 'insertion', 'ajout d\'Une Sous Categorie Comptable QUETE ZEEK END', 11, '2022-09-13 15:09:59'),
(280, 44, 'Sous Categorie Comptable', 111, 'insertion', 'ajout d\'Une Sous Categorie Comptable Honoraires enseignants ', 23, '2022-09-13 15:09:59'),
(281, 38, 'Sous Categorie Comptable', 112, 'insertion', 'ajout d\'Une Sous Categorie Comptable Les des examens par elève', 19, '2022-09-13 15:09:59'),
(282, 46, 'Sous Categorie Comptable', 113, 'insertion', 'ajout d\'Une Sous Categorie Comptable Salades', 3, '2022-09-13 16:09:00'),
(283, 44, 'Sous Categorie Comptable', 114, 'insertion', 'ajout d\'Une Sous Categorie Comptable Nourriture ', 23, '2022-09-13 16:09:00'),
(284, 39, 'Sous Categorie Comptable', 115, 'insertion', 'ajout d\'Une Sous Categorie Comptable PENSION PROVINCE', 13, '2022-09-13 16:09:00'),
(285, 29, 'Sous Categorie Comptable', 116, 'insertion', 'ajout d\'Une Sous Categorie Comptable foin gras', 12, '2022-09-13 16:09:00'),
(286, 42, 'Sous Categorie Comptable', 117, 'insertion', 'ajout d\'Une Sous Categorie Comptable VENTE APIRINE', 22, '2022-09-13 16:09:00'),
(287, 45, 'Sous Categorie Comptable', 118, 'insertion', 'ajout d\'Une Sous Categorie Comptable Encre', 21, '2022-09-13 16:09:00'),
(288, 30, 'Sous Categorie Comptable', 119, 'insertion', 'ajout d\'Une Sous Categorie Comptable achat farine', 11, '2022-09-13 16:09:00'),
(289, 41, 'Sous Categorie Comptable', 120, 'insertion', 'ajout d\'Une Sous Categorie Comptable Achat légumes', 10, '2022-09-13 16:09:00'),
(290, 46, 'Sous Categorie Comptable', 121, 'insertion', 'ajout d\'Une Sous Categorie Comptable salade', 3, '2022-09-13 16:09:00'),
(291, 43, 'Categorie Plan Comptable', 64, 'insertion', 'ajout d\'Une Categorie Comptable Acueil', 18, '2022-09-13 16:09:00'),
(292, 44, 'Sous Categorie Comptable', 122, 'insertion', 'ajout d\'Une Sous Categorie Comptable Patro', 23, '2022-09-13 16:09:00'),
(293, 40, 'Sous Categorie Comptable', 123, 'insertion', 'ajout d\'Une Sous Categorie Comptable Petites récettes', 15, '2022-09-13 16:09:01'),
(294, 29, 'Sous Categorie Comptable', 124, 'insertion', 'ajout d\'Une Sous Categorie Comptable foin fin', 12, '2022-09-13 16:09:01'),
(295, 45, 'Sous Categorie Comptable', 125, 'insertion', 'ajout d\'Une Sous Categorie Comptable Tamboure', 21, '2022-09-13 16:09:01'),
(296, 30, 'Sous Categorie Comptable', 126, 'insertion', 'ajout d\'Une Sous Categorie Comptable TERRAIN', 11, '2022-09-13 16:09:01'),
(297, 47, 'Sous Categorie Comptable', 127, 'insertion', 'ajout d\'Une Sous Categorie Comptable achat bidon', 20, '2022-09-13 16:09:01'),
(298, 40, 'Sous Categorie Comptable', 128, 'insertion', 'ajout d\'Une Sous Categorie Comptable Petites recettes', 15, '2022-09-13 16:09:01'),
(299, 38, 'Sous Categorie Comptable', 129, 'insertion', 'ajout d\'Une Sous Categorie Comptable Frais de fonctionnent', 19, '2022-09-13 16:09:01'),
(300, 42, 'Sous Categorie Comptable', 130, 'insertion', 'ajout d\'Une Sous Categorie Comptable CONTRIBUTION CARBURANT ', 22, '2022-09-13 16:09:01'),
(301, 41, 'Sous Categorie Comptable', 131, 'insertion', 'ajout d\'Une Sous Categorie Comptable Achat cuisse', 10, '2022-09-13 16:09:01'),
(302, 40, 'Sous Categorie Comptable', 132, 'insertion', 'ajout d\'Une Sous Categorie Comptable Grandes dépenses', 15, '2022-09-13 16:09:02'),
(303, 39, 'Sous Categorie Comptable', 133, 'insertion', 'ajout d\'Une Sous Categorie Comptable VENTE JARDIN', 13, '2022-09-13 16:09:02'),
(304, 38, 'Sous Categorie Comptable', 134, 'insertion', 'ajout d\'Une Sous Categorie Comptable frais connexes', 19, '2022-09-13 16:09:02'),
(305, 46, 'Sous Categorie Comptable', 135, 'insertion', 'ajout d\'Une Sous Categorie Comptable engrais', 3, '2022-09-13 16:09:02'),
(306, 46, 'Sous Categorie Comptable', 136, 'insertion', 'ajout d\'Une Sous Categorie Comptable Achat Tntrans', 3, '2022-09-13 16:09:02'),
(307, 43, 'Sous Categorie Comptable', 137, 'insertion', 'ajout d\'Une Sous Categorie Comptable Acueil', 18, '2022-09-13 16:09:03'),
(308, 40, 'Sous Categorie Comptable', 138, 'insertion', 'ajout d\'Une Sous Categorie Comptable Grandes dépenses', 15, '2022-09-13 16:09:03'),
(309, 39, 'Sous Categorie Comptable', 139, 'insertion', 'ajout d\'Une Sous Categorie Comptable ACHAT CARBURANT', 13, '2022-09-13 16:09:03'),
(310, 7, 'Sous Categorie Comptable', 140, 'insertion', 'ajout d\'Une Sous Categorie Comptable Achat bouchon', 2, '2022-09-13 16:09:03'),
(311, 45, 'Categorie Plan Comptable', 46, 'mise à jour', 'mise à jourde de la Categorie Plan Comptable imprimerie vente', 21, '2022-09-13 16:09:03'),
(312, 42, 'Sous Categorie Comptable', 141, 'insertion', 'ajout d\'Une Sous Categorie Comptable  achat Carburant Suzuki', 22, '2022-09-13 16:09:03'),
(313, 46, 'Sous Categorie Comptable', 142, 'insertion', 'ajout d\'Une Sous Categorie Comptable Mais', 3, '2022-09-13 16:09:04'),
(314, 46, 'Sous Categorie Comptable', 143, 'insertion', 'ajout d\'Une Sous Categorie Comptable mais', 3, '2022-09-13 16:09:04'),
(315, 39, 'Sous Categorie Comptable', 144, 'insertion', 'ajout d\'Une Sous Categorie Comptable Achat cahiers', 13, '2022-09-13 16:09:04'),
(316, 40, 'Sous Categorie Comptable', 145, 'insertion', 'ajout d\'Une Sous Categorie Comptable Petites dépenses', 15, '2022-09-13 16:09:05'),
(317, 40, 'Sous Categorie Comptable', 146, 'insertion', 'ajout d\'Une Sous Categorie Comptable Petites dépenses', 15, '2022-09-13 16:09:05'),
(318, 45, 'Categorie Plan Comptable', 46, 'mise à jour', 'mise à jourde de la Categorie Plan Comptable imprimerie depense', 21, '2022-09-13 16:09:05'),
(319, 39, 'Sous Categorie Comptable', 144, 'mise à jour', 'mise à jourde de la Sous Categorie Comptable Achat cahiers', 13, '2022-09-13 16:09:07'),
(320, 43, 'Sous Categorie Comptable', 147, 'insertion', 'ajout d\'Une Sous Categorie Comptable Agriculture', 18, '2022-09-13 16:09:07'),
(321, 39, 'Sous Categorie Comptable', 144, 'mise à jour', 'mise à jourde de la Sous Categorie Comptable Achat cahiers', 13, '2022-09-13 16:09:09'),
(322, 39, 'Sous Categorie Comptable', 144, 'mise à jour', 'mise à jourde de la Sous Categorie Comptable Achat cahiers', 13, '2022-09-13 16:09:09'),
(323, 39, 'Sous Categorie Comptable', 144, 'mise à jour', 'mise à jourde de la Sous Categorie Comptable Achat cahiers', 13, '2022-09-13 16:09:09'),
(324, 39, 'Sous Categorie Comptable', 144, 'mise à jour', 'mise à jourde de la Sous Categorie Comptable Achat cahiers', 13, '2022-09-13 16:09:09'),
(325, 39, 'Sous Categorie Comptable', 144, 'mise à jour', 'mise à jourde de la Sous Categorie Comptable Achat cahiers', 13, '2022-09-13 16:09:09'),
(326, 1, 'null', NULL, 'connexion', 'connexion au systeme', 0, '2022-09-13 16:09:18'),
(327, 1, 'Utilisateur', 21, 'mise à jour', 'suppression de l\'utilisateur Didier Umbi', 0, '2022-09-13 17:09:27'),
(328, 1, 'Utilisateur', 20, 'mise à jour', 'suppression de l\'utilisateur Pioro Gavioli', 0, '2022-09-13 17:09:28'),
(329, 1, 'Utilisateur', 32, 'mise à jour', 'suppression de l\'utilisateur Willy Bukasa', 0, '2022-09-13 17:09:29'),
(330, 1, 'Utilisateur', 28, 'mise à jour', 'suppression de l\'utilisateur Gauthier Tshibangu', 0, '2022-09-13 17:09:29'),
(331, 1, 'Utilisateur', 18, 'mise à jour', 'suppression de l\'utilisateur François Tshinemu', 0, '2022-09-13 17:09:29'),
(332, 1, 'Utilisateur', 23, 'mise à jour', 'suppression de l\'utilisateur Paul Kyanino', 0, '2022-09-13 17:09:30'),
(333, 1, 'Utilisateur', 19, 'mise à jour', 'suppression de l\'utilisateur Trudon Tshibangu', 0, '2022-09-13 17:09:30'),
(334, 1, 'Utilisateur', 31, 'mise à jour', 'suppression de l\'utilisateur David Mubenga', 0, '2022-09-13 17:09:31'),
(335, 1, 'Utilisateur', 26, 'mise à jour', 'suppression de l\'utilisateur Pascal Nyanda', 0, '2022-09-13 17:09:31'),
(336, 1, 'Utilisateur', 22, 'mise à jour', 'suppression de l\'utilisateur Marcel Kafishi', 0, '2022-09-13 17:09:32'),
(337, 1, 'Utilisateur', 37, 'mise à jour', 'suppression de l\'utilisateur De Greef Manu ', 0, '2022-09-13 17:09:32'),
(338, 1, 'Entreprise Salesienne', 2, 'mise à jour', 'mise à jourde l\'entreprise salesienne Maison Provincial', 0, '2022-09-13 17:09:37'),
(339, 1, 'Entreprise Salesienne', 5, 'mise à jour', 'mise à jourde l\'entreprise salesienne Maison Provincial', 0, '2022-09-13 17:09:37'),
(340, 29, 'null', NULL, 'connexion', 'connexion au systeme', 12, '2022-09-14 09:09:04'),
(341, 44, 'null', NULL, 'connexion', 'connexion au systeme', 23, '2022-09-14 09:09:06'),
(342, 45, 'null', NULL, 'connexion', 'connexion au systeme', 21, '2022-09-14 09:09:14'),
(343, 45, 'null', NULL, 'connexion', 'connexion au systeme', 21, '2022-09-14 09:09:15'),
(344, 44, 'null', NULL, 'connexion', 'connexion au systeme', 23, '2022-09-14 09:09:15'),
(345, 46, 'null', NULL, 'connexion', 'connexion au systeme', 3, '2022-09-14 09:09:16'),
(346, 1, 'null', NULL, 'connexion', 'connexion au systeme', 0, '2022-09-14 09:09:20'),
(347, 45, 'null', NULL, 'connexion', 'connexion au systeme', 21, '2022-09-14 09:09:24'),
(348, 42, 'null', NULL, 'connexion', 'connexion au systeme', 22, '2022-09-14 09:09:24'),
(349, 45, 'null', NULL, 'connexion', 'connexion au systeme', 21, '2022-09-14 09:09:24'),
(350, 40, 'null', NULL, 'connexion', 'connexion au systeme', 15, '2022-09-14 09:09:24'),
(351, 46, 'null', NULL, 'connexion', 'connexion au systeme', 3, '2022-09-14 09:09:25'),
(352, 39, 'null', NULL, 'connexion', 'connexion au systeme', 13, '2022-09-14 09:09:25'),
(353, 40, 'null', NULL, 'connexion', 'connexion au systeme', 15, '2022-09-14 09:09:25'),
(354, 40, 'null', NULL, 'connexion', 'connexion au systeme', 15, '2022-09-14 09:09:25'),
(355, 41, 'null', NULL, 'connexion', 'connexion au systeme', 10, '2022-09-14 09:09:25'),
(356, 30, 'null', NULL, 'connexion', 'connexion au systeme', 11, '2022-09-14 09:09:30'),
(357, 30, 'Une caisse', 42, 'mise à jour', 'mise à jour de la caisse CAISSE IMARA EURO ', 11, '2022-09-14 09:09:33'),
(358, 30, 'Une caisse', 32, 'mise à jour', 'mise à jour de la caisse  CAISSE  IMARA USD', 11, '2022-09-14 09:09:33'),
(359, 30, 'Une caisse', 17, 'mise à jour', 'mise à jour de la caisse CAISSE IMARA CDF', 11, '2022-09-14 09:09:34'),
(360, 30, 'null', NULL, 'connexion', 'connexion au systeme', 11, '2022-09-14 09:09:34'),
(361, 47, 'null', NULL, 'connexion', 'connexion au systeme', 20, '2022-09-14 09:09:34'),
(362, 43, 'null', NULL, 'connexion', 'connexion au systeme', 18, '2022-09-14 09:09:36'),
(363, 38, 'null', NULL, 'connexion', 'connexion au systeme', 19, '2022-09-14 09:09:38'),
(364, 29, 'Une caisse', 44, 'mise à jour', 'mise à jour de la caisse caisse eur jacaranda', 12, '2022-09-14 09:09:39'),
(365, 43, 'null', NULL, 'connexion', 'connexion au systeme', 18, '2022-09-14 09:09:40'),
(366, 29, 'Une caisse', 27, 'mise à jour', 'mise à jour de la caisse caisse usd jacaranda', 12, '2022-09-14 09:09:40'),
(367, 45, 'Une caisse', 75, 'mise à jour', 'mise à jour de la caisse caisse euro salama', 21, '2022-09-14 09:09:40'),
(368, 45, 'Une caisse', 74, 'mise à jour', 'mise à jour de la caisse caisse usd salama', 21, '2022-09-14 09:09:40'),
(369, 45, 'Une caisse', 73, 'mise à jour', 'mise à jour de la caisse caisse cdf salama', 21, '2022-09-14 09:09:41'),
(370, 42, 'Une caisse', 52, 'mise à jour', 'mise à jour de la caisse USD', 22, '2022-09-14 09:09:41'),
(371, 44, 'Une caisse', 35, 'mise à jour', 'mise à jour de la caisse caisse euro theologicum', 23, '2022-09-14 09:09:41'),
(372, 44, 'Une caisse', 33, 'mise à jour', 'mise à jour de la caisse caisse usd theologicum', 23, '2022-09-14 09:09:41'),
(373, 44, 'Une caisse', 18, 'mise à jour', 'mise à jour de la caisse caisse cdf theologicum', 23, '2022-09-14 09:09:42'),
(374, 7, 'null', NULL, 'connexion', 'connexion au systeme', 2, '2022-09-14 09:09:42'),
(375, 38, 'null', NULL, 'connexion', 'connexion au systeme', 19, '2022-09-14 09:09:43'),
(376, 30, 'null', NULL, 'connexion', 'connexion au systeme', 11, '2022-09-14 09:09:44'),
(377, 39, 'Une caisse', 61, 'mise à jour', 'mise à jour de la caisse USD   COMPTE 57 KANSEBULA', 13, '2022-09-14 09:09:46'),
(378, 38, 'null', NULL, 'connexion', 'connexion au systeme', 19, '2022-09-14 09:09:47'),
(379, 39, 'Sous Categorie Comptable Affectée ', 16, 'insertion', 'ajout d\'Une Sous Categorie Comptable Affectée ID : 16', 13, '2022-09-14 09:09:49'),
(380, 43, 'Sous Categorie Comptable Affectée ', 17, 'insertion', 'ajout d\'Une Sous Categorie Comptable Affectée ID : 17', 18, '2022-09-14 09:09:49'),
(381, 39, 'Sous Categorie Comptable Affectée', 16, 'mise à jour', 'mise à jourde de la Sous Categorie Comptable Affectée ID : 16', 13, '2022-09-14 09:09:49'),
(382, 47, 'Sous Categorie Comptable Affectée ', 18, 'insertion', 'ajout d\'Une Sous Categorie Comptable Affectée ID : 18', 20, '2022-09-14 09:09:50'),
(383, 39, 'Sous Categorie Comptable Affectée', 16, 'mise à jour', 'mise à jourde de la Sous Categorie Comptable Affectée ID : 16', 13, '2022-09-14 09:09:50'),
(384, 43, 'Sous Categorie Comptable Affectée', 17, 'mise à jour', 'mise à jourde de la Sous Categorie Comptable Affectée ID : 17', 18, '2022-09-14 09:09:50'),
(385, 39, 'Sous Categorie Comptable Affectée', 16, 'mise à jour', 'mise à jourde de la Sous Categorie Comptable Affectée ID : 16', 13, '2022-09-14 09:09:51'),
(386, 42, 'Sous Categorie Comptable Affectée ', 19, 'insertion', 'ajout d\'Une Sous Categorie Comptable Affectée ID : 19', 22, '2022-09-14 09:09:52'),
(387, 39, 'Sous Categorie Comptable Affectée', 16, 'mise à jour', 'mise à jourde de la Sous Categorie Comptable Affectée ID : 16', 13, '2022-09-14 09:09:58'),
(388, 43, 'Sous Categorie Comptable', 17, 'Suppression', 'suppression de la Sous Categorie Comptable Affectée ID : 17', 18, '2022-09-14 09:09:58'),
(389, 39, 'Sous Categorie Comptable', 16, 'Suppression', 'suppression de la Sous Categorie Comptable Affectée ID : 16', 13, '2022-09-14 09:09:59'),
(390, 30, 'null', NULL, 'connexion', 'connexion au systeme', 11, '2022-09-14 09:09:59'),
(391, 39, 'Sous Categorie Comptable Affectée ', 20, 'insertion', 'ajout d\'Une Sous Categorie Comptable Affectée ID : 20', 13, '2022-09-14 10:09:00'),
(392, 30, 'Sous Categorie Comptable Affectée ', 21, 'insertion', 'ajout d\'Une Sous Categorie Comptable Affectée ID : 21', 11, '2022-09-14 10:09:02'),
(393, 29, 'Sous Categorie Comptable Affectée ', 22, 'insertion', 'ajout d\'Une Sous Categorie Comptable Affectée ID : 22', 12, '2022-09-14 10:09:08'),
(394, 44, 'Sous Categorie Comptable Affectée ', 23, 'insertion', 'ajout d\'Une Sous Categorie Comptable Affectée ID : 23', 23, '2022-09-14 10:09:08'),
(395, 38, 'Sous Categorie Comptable Affectée ', 24, 'insertion', 'ajout d\'Une Sous Categorie Comptable Affectée ID : 24', 19, '2022-09-14 10:09:08'),
(396, 30, 'Sous Categorie Comptable Affectée ', 25, 'insertion', 'ajout d\'Une Sous Categorie Comptable Affectée ID : 25', 11, '2022-09-14 10:09:08'),
(397, 39, 'Sous Categorie Comptable Affectée ', 26, 'insertion', 'ajout d\'Une Sous Categorie Comptable Affectée ID : 26', 13, '2022-09-14 10:09:08'),
(398, 40, 'Sous Categorie Comptable Affectée ', 27, 'insertion', 'ajout d\'Une Sous Categorie Comptable Affectée ID : 27', 15, '2022-09-14 10:09:08'),
(399, 41, 'Sous Categorie Comptable Affectée ', 28, 'insertion', 'ajout d\'Une Sous Categorie Comptable Affectée ID : 28', 10, '2022-09-14 10:09:08'),
(400, 40, 'Sous Categorie Comptable Affectée ', 29, 'insertion', 'ajout d\'Une Sous Categorie Comptable Affectée ID : 29', 15, '2022-09-14 10:09:08'),
(401, 46, 'Sous Categorie Comptable Affectée ', 30, 'insertion', 'ajout d\'Une Sous Categorie Comptable Affectée ID : 30', 3, '2022-09-14 10:09:08'),
(402, 47, 'Sous Categorie Comptable Affectée ', 31, 'insertion', 'ajout d\'Une Sous Categorie Comptable Affectée ID : 31', 20, '2022-09-14 10:09:08'),
(403, 45, 'Sous Categorie Comptable Affectée ', 32, 'insertion', 'ajout d\'Une Sous Categorie Comptable Affectée ID : 32', 21, '2022-09-14 10:09:08'),
(404, 46, 'Sous Categorie Comptable Affectée ', 33, 'insertion', 'ajout d\'Une Sous Categorie Comptable Affectée ID : 33', 3, '2022-09-14 10:09:08'),
(405, 43, 'Sous Categorie Comptable Affectée ', 34, 'insertion', 'ajout d\'Une Sous Categorie Comptable Affectée ID : 34', 18, '2022-09-14 10:09:08'),
(406, 42, 'Sous Categorie Comptable Affectée ', 35, 'insertion', 'ajout d\'Une Sous Categorie Comptable Affectée ID : 35', 22, '2022-09-14 10:09:08'),
(407, 30, 'Sous Categorie Comptable', 21, 'Suppression', 'suppression de la Sous Categorie Comptable Affectée ID : 21', 11, '2022-09-14 10:09:09'),
(408, 30, 'Sous Categorie Comptable Affectée ', 36, 'insertion', 'ajout d\'Une Sous Categorie Comptable Affectée ID : 36', 11, '2022-09-14 10:09:09'),
(409, 43, 'Sous Categorie Comptable', 34, 'Suppression', 'suppression de la Sous Categorie Comptable Affectée ID : 34', 18, '2022-09-14 10:09:10'),
(410, 44, 'Sous Categorie Comptable', 23, 'Suppression', 'suppression de la Sous Categorie Comptable Affectée ID : 23', 23, '2022-09-14 10:09:10'),
(411, 29, 'Sous Categorie Comptable', 22, 'Suppression', 'suppression de la Sous Categorie Comptable Affectée ID : 22', 12, '2022-09-14 10:09:10'),
(412, 41, 'Sous Categorie Comptable', 28, 'Suppression', 'suppression de la Sous Categorie Comptable Affectée ID : 28', 10, '2022-09-14 10:09:10'),
(413, 30, 'Sous Categorie Comptable', 25, 'Suppression', 'suppression de la Sous Categorie Comptable Affectée ID : 25', 11, '2022-09-14 10:09:10'),
(414, 38, 'Sous Categorie Comptable', 24, 'Suppression', 'suppression de la Sous Categorie Comptable Affectée ID : 24', 19, '2022-09-14 10:09:10'),
(415, 45, 'Sous Categorie Comptable', 32, 'Suppression', 'suppression de la Sous Categorie Comptable Affectée ID : 32', 21, '2022-09-14 10:09:10'),
(416, 46, 'Sous Categorie Comptable', 33, 'Suppression', 'suppression de la Sous Categorie Comptable Affectée ID : 33', 3, '2022-09-14 10:09:10'),
(417, 30, 'Sous Categorie Comptable', 36, 'Suppression', 'suppression de la Sous Categorie Comptable Affectée ID : 36', 11, '2022-09-14 10:09:10'),
(418, 46, 'Sous Categorie Comptable', 33, 'Suppression', 'suppression de la Sous Categorie Comptable Affectée ID : 33', 3, '2022-09-14 10:09:10'),
(419, 46, 'Sous Categorie Comptable', 30, 'Suppression', 'suppression de la Sous Categorie Comptable Affectée ID : 30', 3, '2022-09-14 10:09:10'),
(420, 39, 'Sous Categorie Comptable', 26, 'Suppression', 'suppression de la Sous Categorie Comptable Affectée ID : 26', 13, '2022-09-14 10:09:10'),
(421, 42, 'Sous Categorie Comptable', 35, 'Suppression', 'suppression de la Sous Categorie Comptable Affectée ID : 35', 22, '2022-09-14 10:09:10'),
(422, 46, 'Sous Categorie Comptable', 30, 'Suppression', 'suppression de la Sous Categorie Comptable Affectée ID : 30', 3, '2022-09-14 10:09:10'),
(423, 40, 'Sous Categorie Comptable', 29, 'Suppression', 'suppression de la Sous Categorie Comptable Affectée ID : 29', 15, '2022-09-14 10:09:10'),
(424, 39, 'Sous Categorie Comptable', 20, 'Suppression', 'suppression de la Sous Categorie Comptable Affectée ID : 20', 13, '2022-09-14 10:09:10'),
(425, 40, 'Sous Categorie Comptable', 29, 'Suppression', 'suppression de la Sous Categorie Comptable Affectée ID : 29', 15, '2022-09-14 10:09:10');
INSERT INTO `action_utilisateur` (`id_action_utilisateur`, `id_utilisateur`, `nom_table`, `id_champ`, `action`, `text_descriptif`, `id_foreign_entreprise_salesienne_action_utilisateur`, `date_heure`) VALUES
(426, 44, 'Sous Categorie Comptable Affectée ', 37, 'insertion', 'ajout d\'Une Sous Categorie Comptable Affectée ID : 37', 23, '2022-09-14 10:09:10'),
(427, 40, 'Sous Categorie Comptable', 27, 'Suppression', 'suppression de la Sous Categorie Comptable Affectée ID : 27', 15, '2022-09-14 10:09:10'),
(428, 38, 'Sous Categorie Comptable Affectée ', 38, 'insertion', 'ajout d\'Une Sous Categorie Comptable Affectée ID : 38', 19, '2022-09-14 10:09:10'),
(429, 29, 'Sous Categorie Comptable Affectée ', 39, 'insertion', 'ajout d\'Une Sous Categorie Comptable Affectée ID : 39', 12, '2022-09-14 10:09:10'),
(430, 45, 'Sous Categorie Comptable Affectée ', 40, 'insertion', 'ajout d\'Une Sous Categorie Comptable Affectée ID : 40', 21, '2022-09-14 10:09:10'),
(431, 42, 'Sous Categorie Comptable Affectée', 19, 'mise à jour', 'mise à jourde de la Sous Categorie Comptable Affectée ID : 19', 22, '2022-09-14 10:09:10'),
(432, 45, 'Sous Categorie Comptable Affectée', 40, 'mise à jour', 'mise à jourde de la Sous Categorie Comptable Affectée ID : 40', 21, '2022-09-14 10:09:10'),
(433, 39, 'Sous Categorie Comptable Affectée ', 41, 'insertion', 'ajout d\'Une Sous Categorie Comptable Affectée ID : 41', 13, '2022-09-14 10:09:11'),
(434, 41, 'Sous Categorie Comptable Affectée ', 42, 'insertion', 'ajout d\'Une Sous Categorie Comptable Affectée ID : 42', 10, '2022-09-14 10:09:11'),
(435, 43, 'Sous Categorie Comptable Affectée ', 43, 'insertion', 'ajout d\'Une Sous Categorie Comptable Affectée ID : 43', 18, '2022-09-14 10:09:11'),
(436, 30, 'Sous Categorie Comptable Affectée ', 44, 'insertion', 'ajout d\'Une Sous Categorie Comptable Affectée ID : 44', 11, '2022-09-14 10:09:11'),
(437, 47, 'Sous Categorie Comptable', 31, 'Suppression', 'suppression de la Sous Categorie Comptable Affectée ID : 31', 20, '2022-09-14 10:09:11'),
(438, 40, 'Sous Categorie Comptable Affectée ', 45, 'insertion', 'ajout d\'Une Sous Categorie Comptable Affectée ID : 45', 15, '2022-09-14 10:09:11'),
(439, 30, 'Sous Categorie Comptable Affectée', 44, 'mise à jour', 'mise à jourde de la Sous Categorie Comptable Affectée ID : 44', 11, '2022-09-14 10:09:11'),
(440, 46, 'Sous Categorie Comptable Affectée ', 46, 'insertion', 'ajout d\'Une Sous Categorie Comptable Affectée ID : 46', 3, '2022-09-14 10:09:11'),
(441, 29, 'Sous Categorie Comptable Affectée', 39, 'mise à jour', 'mise à jourde de la Sous Categorie Comptable Affectée ID : 39', 12, '2022-09-14 10:09:11'),
(442, 39, 'Sous Categorie Comptable Affectée', 41, 'mise à jour', 'mise à jourde de la Sous Categorie Comptable Affectée ID : 41', 13, '2022-09-14 10:09:11'),
(443, 38, 'Sous Categorie Comptable Affectée', 38, 'mise à jour', 'mise à jourde de la Sous Categorie Comptable Affectée ID : 38', 19, '2022-09-14 10:09:11'),
(444, 47, 'Sous Categorie Comptable Affectée', 18, 'mise à jour', 'mise à jourde de la Sous Categorie Comptable Affectée ID : 18', 20, '2022-09-14 10:09:11'),
(445, 40, 'Sous Categorie Comptable', 29, 'Suppression', 'suppression de la Sous Categorie Comptable Affectée ID : 29', 15, '2022-09-14 10:09:11'),
(446, 40, 'Sous Categorie Comptable', 27, 'Suppression', 'suppression de la Sous Categorie Comptable Affectée ID : 27', 15, '2022-09-14 10:09:11'),
(447, 45, 'Sous Categorie Comptable Affectée', 40, 'mise à jour', 'mise à jourde de la Sous Categorie Comptable Affectée ID : 40', 21, '2022-09-14 10:09:11'),
(448, 41, 'Sous Categorie Comptable Affectée', 42, 'mise à jour', 'mise à jourde de la Sous Categorie Comptable Affectée ID : 42', 10, '2022-09-14 10:09:11'),
(449, 30, 'Sous Categorie Comptable', 44, 'Suppression', 'suppression de la Sous Categorie Comptable Affectée ID : 44', 11, '2022-09-14 10:09:11'),
(450, 46, 'Sous Categorie Comptable Affectée', 46, 'mise à jour', 'mise à jourde de la Sous Categorie Comptable Affectée ID : 46', 3, '2022-09-14 10:09:11'),
(451, 30, 'Sous Categorie Comptable Affectée ', 47, 'insertion', 'ajout d\'Une Sous Categorie Comptable Affectée ID : 47', 11, '2022-09-14 10:09:11'),
(452, 29, 'Sous Categorie Comptable', 39, 'Suppression', 'suppression de la Sous Categorie Comptable Affectée ID : 39', 12, '2022-09-14 10:09:12'),
(453, 30, 'Sous Categorie Comptable Affectée', 47, 'mise à jour', 'mise à jourde de la Sous Categorie Comptable Affectée ID : 47', 11, '2022-09-14 10:09:12'),
(454, 45, 'Sous Categorie Comptable', 40, 'Suppression', 'suppression de la Sous Categorie Comptable Affectée ID : 40', 21, '2022-09-14 10:09:13'),
(455, 30, 'Sous Categorie Comptable Affectée', 47, 'mise à jour', 'mise à jourde de la Sous Categorie Comptable Affectée ID : 47', 11, '2022-09-14 10:09:13'),
(456, 45, 'Sous Categorie Comptable Affectée ', 48, 'insertion', 'ajout d\'Une Sous Categorie Comptable Affectée ID : 48', 21, '2022-09-14 10:09:13'),
(457, 40, 'Sous Categorie Comptable', 29, 'Suppression', 'suppression de la Sous Categorie Comptable Affectée ID : 29', 15, '2022-09-14 10:09:13'),
(458, 29, 'Sous Categorie Comptable Affectée ', 49, 'insertion', 'ajout d\'Une Sous Categorie Comptable Affectée ID : 49', 12, '2022-09-14 10:09:14'),
(459, 29, 'Sous Categorie Comptable', 49, 'Suppression', 'suppression de la Sous Categorie Comptable Affectée ID : 49', 12, '2022-09-14 10:09:14'),
(460, 29, 'Sous Categorie Comptable Affectée ', 50, 'insertion', 'ajout d\'Une Sous Categorie Comptable Affectée ID : 50', 12, '2022-09-14 10:09:14'),
(461, 41, 'Sous Categorie Comptable', 42, 'Suppression', 'suppression de la Sous Categorie Comptable Affectée ID : 42', 10, '2022-09-14 10:09:14'),
(462, 41, 'Sous Categorie Comptable Affectée ', 51, 'insertion', 'ajout d\'Une Sous Categorie Comptable Affectée ID : 51', 10, '2022-09-14 10:09:14'),
(463, 41, 'Sous Categorie Comptable Affectée', 51, 'mise à jour', 'mise à jourde de la Sous Categorie Comptable Affectée ID : 51', 10, '2022-09-14 10:09:14'),
(464, 40, 'Sous Categorie Comptable', 29, 'Suppression', 'suppression de la Sous Categorie Comptable Affectée ID : 29', 15, '2022-09-14 10:09:15'),
(465, 40, 'Sous Categorie Comptable', 45, 'Suppression', 'suppression de la Sous Categorie Comptable Affectée ID : 45', 15, '2022-09-14 10:09:15'),
(466, 40, 'Sous Categorie Comptable Affectée ', 52, 'insertion', 'ajout d\'Une Sous Categorie Comptable Affectée ID : 52', 15, '2022-09-14 10:09:15'),
(467, 30, 'Sous Categorie Comptable Affectée', 47, 'mise à jour', 'mise à jourde de la Sous Categorie Comptable Affectée ID : 47', 11, '2022-09-14 10:09:16'),
(468, 45, 'Sous Categorie Comptable Affectée', 48, 'mise à jour', 'mise à jourde de la Sous Categorie Comptable Affectée ID : 48', 21, '2022-09-14 10:09:22'),
(469, 47, 'Sous Categorie Comptable Affectée', 18, 'mise à jour', 'mise à jourde de la Sous Categorie Comptable Affectée ID : 18', 20, '2022-09-14 10:09:24'),
(470, 30, 'Sous Categorie Comptable Affectée ', 53, 'insertion', 'ajout d\'Une Sous Categorie Comptable Affectée ID : 53', 11, '2022-09-14 10:09:25'),
(471, 41, 'Sous Categorie Comptable Affectée ', 54, 'insertion', 'ajout d\'Une Sous Categorie Comptable Affectée ID : 54', 10, '2022-09-14 10:09:25'),
(472, 30, 'Sous Categorie Comptable', 53, 'Suppression', 'suppression de la Sous Categorie Comptable Affectée ID : 53', 11, '2022-09-14 10:09:25'),
(473, 41, 'Sous Categorie Comptable Affectée', 51, 'mise à jour', 'mise à jourde de la Sous Categorie Comptable Affectée ID : 51', 10, '2022-09-14 10:09:25'),
(474, 40, 'Sous Categorie Comptable Affectée', 52, 'mise à jour', 'mise à jourde de la Sous Categorie Comptable Affectée ID : 52', 15, '2022-09-14 10:09:30'),
(475, 44, 'Categorie Plan Comptable', 44, 'mise à jour', 'mise à jourde de la Categorie Plan Comptable AP FORMATEUR', 23, '2022-09-14 10:09:36'),
(476, 44, 'null', NULL, 'connexion', 'connexion au systeme', 23, '2022-09-14 10:09:39'),
(477, 43, 'null', NULL, 'connexion', 'connexion au systeme', 18, '2022-09-14 10:09:41'),
(478, 29, 'Budget Entreprise Salesienne', 1, 'insertion', 'ajout d\'Une Entrée du Budget ID : 1', 12, '2022-09-14 10:09:56'),
(479, 44, 'Budget Entreprise Salesienne', 2, 'insertion', 'ajout d\'Une Entrée du Budget ID : 2', 23, '2022-09-14 10:09:56'),
(480, 46, 'Budget Entreprise Salesienne', 3, 'insertion', 'ajout d\'Une Entrée du Budget ID : 3', 3, '2022-09-14 10:09:56'),
(481, 45, 'Budget Entreprise Salesienne', 4, 'insertion', 'ajout d\'Une Entrée du Budget ID : 4', 21, '2022-09-14 10:09:56'),
(482, 43, 'Budget Entreprise Salesienne', 5, 'insertion', 'ajout d\'Une Entrée du Budget ID : 5', 18, '2022-09-14 10:09:56'),
(483, 42, 'Budget Entreprise Salesienne', 6, 'insertion', 'ajout d\'Une Entrée du Budget ID : 6', 22, '2022-09-14 10:09:56'),
(484, 30, 'Budget Entreprise Salesienne', 8, 'insertion', 'ajout d\'Une Entrée du Budget ID : 8', 11, '2022-09-14 10:09:56'),
(485, 30, 'Budget Entreprise Salesienne', 7, 'insertion', 'ajout d\'Une Entrée du Budget ID : 7', 11, '2022-09-14 10:09:56'),
(486, 45, 'Budget Entreprise Salesienne', 9, 'insertion', 'ajout d\'Une Entrée du Budget ID : 9', 21, '2022-09-14 10:09:56'),
(487, 41, 'Budget Entreprise Salesienne', 10, 'insertion', 'ajout d\'Une Entrée du Budget ID : 10', 10, '2022-09-14 10:09:56'),
(488, 39, 'Budget Entreprise Salesienne', 11, 'insertion', 'ajout d\'Une Entrée du Budget ID : 11', 13, '2022-09-14 10:09:56'),
(489, 46, 'Budget Entreprise Salesienne', 12, 'insertion', 'ajout d\'Une Entrée du Budget ID : 12', 3, '2022-09-14 10:09:57'),
(490, 38, 'Budget Entreprise Salesienne', 13, 'insertion', 'ajout d\'Une Entrée du Budget ID : 13', 19, '2022-09-14 10:09:57'),
(491, 47, 'Budget Entreprise Salesienne', 14, 'insertion', 'ajout d\'Une Entrée du Budget ID : 14', 20, '2022-09-14 10:09:58'),
(492, 29, 'Type unité two ', 11, 'insertion', 'ajout d\'Un Type de vente ', 12, '2022-09-14 11:09:13'),
(493, 29, 'Type unité one ', 8, 'insertion', 'ajout d\'Un Type d\\\'unité mesure Personnes', 12, '2022-09-14 11:09:14'),
(494, 40, 'Budget Entreprise Salesienne', 15, 'insertion', 'ajout d\'Une Entrée du Budget ID : 15', 15, '2022-09-14 11:09:18'),
(495, 40, 'Budget Entreprise Salesienne', 16, 'insertion', 'ajout d\'Une Entrée du Budget ID : 16', 15, '2022-09-14 11:09:21'),
(496, 44, 'null', NULL, 'connexion', 'connexion au systeme', 23, '2022-09-14 11:09:23'),
(497, 40, 'Budget Entreprise Salesienne', 17, 'insertion', 'ajout d\'Une Entrée du Budget ID : 17', 15, '2022-09-14 11:09:24'),
(498, 44, 'Budget Entreprise Salesienne', 18, 'insertion', 'ajout d\'Une Entrée du Budget ID : 18', 23, '2022-09-14 11:09:25'),
(499, 44, 'Budget Entreprise Salesienne', 18, 'mise à jour', 'mise à jourde d\'une entrée du Budget ID : 18', 23, '2022-09-14 11:09:26'),
(500, 30, 'Budget Entreprise Salesienne', 8, 'mise à jour', 'mise à jourde d\'une entrée du Budget ID : 8', 11, '2022-09-14 11:09:31'),
(501, 44, 'Budget Entreprise Salesienne', 19, 'insertion', 'ajout d\'Une Entrée du Budget ID : 19', 23, '2022-09-14 11:09:31'),
(502, 29, 'Budget Entreprise Salesienne', 1, 'Suppression', 'suppression d\'une entrée du Budget ID : 1', 12, '2022-09-14 11:09:31'),
(503, 43, 'Budget Entreprise Salesienne', 5, 'Suppression', 'suppression d\'une entrée du Budget ID : 5', 18, '2022-09-14 11:09:32'),
(504, 30, 'Budget Entreprise Salesienne', 8, 'Suppression', 'suppression d\'une entrée du Budget ID : 8', 11, '2022-09-14 11:09:32'),
(505, 30, 'Budget Entreprise Salesienne', 7, 'Suppression', 'suppression d\'une entrée du Budget ID : 7', 11, '2022-09-14 11:09:32'),
(506, 30, 'Budget Entreprise Salesienne', 8, 'Suppression', 'suppression d\'une entrée du Budget ID : 8', 11, '2022-09-14 11:09:32'),
(507, 46, 'Budget Entreprise Salesienne', 12, 'Suppression', 'suppression d\'une entrée du Budget ID : 12', 3, '2022-09-14 11:09:32'),
(508, 45, 'Budget Entreprise Salesienne', 9, 'Suppression', 'suppression d\'une entrée du Budget ID : 9', 21, '2022-09-14 11:09:32'),
(509, 30, 'Budget Entreprise Salesienne', 7, 'Suppression', 'suppression d\'une entrée du Budget ID : 7', 11, '2022-09-14 11:09:32'),
(510, 38, 'Budget Entreprise Salesienne', 13, 'Suppression', 'suppression d\'une entrée du Budget ID : 13', 19, '2022-09-14 11:09:32'),
(511, 45, 'Budget Entreprise Salesienne', 4, 'Suppression', 'suppression d\'une entrée du Budget ID : 4', 21, '2022-09-14 11:09:32'),
(512, 46, 'Budget Entreprise Salesienne', 3, 'Suppression', 'suppression d\'une entrée du Budget ID : 3', 3, '2022-09-14 11:09:32'),
(513, 44, 'Budget Entreprise Salesienne', 20, 'insertion', 'ajout d\'Une Entrée du Budget ID : 20', 23, '2022-09-14 11:09:33'),
(514, 45, 'Budget Entreprise Salesienne', 21, 'insertion', 'ajout d\'Une Entrée du Budget ID : 21', 21, '2022-09-14 11:09:40'),
(515, 41, 'Budget Entreprise Salesienne', 22, 'insertion', 'ajout d\'Une Entrée du Budget ID : 22', 10, '2022-09-14 11:09:40'),
(516, 42, 'Budget Entreprise Salesienne', 23, 'insertion', 'ajout d\'Une Entrée du Budget ID : 23', 22, '2022-09-14 11:09:40'),
(517, 29, 'Budget Entreprise Salesienne', 24, 'insertion', 'ajout d\'Une Entrée du Budget ID : 24', 12, '2022-09-14 11:09:40'),
(518, 43, 'Budget Entreprise Salesienne', 25, 'insertion', 'ajout d\'Une Entrée du Budget ID : 25', 18, '2022-09-14 11:09:40'),
(519, 46, 'Budget Entreprise Salesienne', 26, 'insertion', 'ajout d\'Une Entrée du Budget ID : 26', 3, '2022-09-14 11:09:40'),
(520, 40, 'Budget Entreprise Salesienne', 27, 'insertion', 'ajout d\'Une Entrée du Budget ID : 27', 15, '2022-09-14 11:09:40'),
(521, 40, 'Budget Entreprise Salesienne', 28, 'insertion', 'ajout d\'Une Entrée du Budget ID : 28', 15, '2022-09-14 11:09:40'),
(522, 30, 'Budget Entreprise Salesienne', 29, 'insertion', 'ajout d\'Une Entrée du Budget ID : 29', 11, '2022-09-14 11:09:40'),
(523, 46, 'Budget Entreprise Salesienne', 30, 'insertion', 'ajout d\'Une Entrée du Budget ID : 30', 3, '2022-09-14 11:09:40'),
(524, 39, 'Budget Entreprise Salesienne', 31, 'insertion', 'ajout d\'Une Entrée du Budget ID : 31', 13, '2022-09-14 11:09:40'),
(525, 30, 'Budget Entreprise Salesienne', 32, 'insertion', 'ajout d\'Une Entrée du Budget ID : 32', 11, '2022-09-14 11:09:40'),
(526, 47, 'Budget Entreprise Salesienne', 33, 'insertion', 'ajout d\'Une Entrée du Budget ID : 33', 20, '2022-09-14 11:09:40'),
(527, 30, 'Budget Entreprise Salesienne', 34, 'insertion', 'ajout d\'Une Entrée du Budget ID : 34', 11, '2022-09-14 11:09:41'),
(528, 30, 'Budget Entreprise Salesienne', 35, 'insertion', 'ajout d\'Une Entrée du Budget ID : 35', 11, '2022-09-14 11:09:41'),
(529, 41, 'Budget Entreprise Salesienne', 36, 'insertion', 'ajout d\'Une Entrée du Budget ID : 36', 10, '2022-09-14 11:09:41'),
(530, 29, 'Budget Entreprise Salesienne', 37, 'insertion', 'ajout d\'Une Entrée du Budget ID : 37', 12, '2022-09-14 11:09:41'),
(531, 45, 'Budget Entreprise Salesienne', 38, 'insertion', 'ajout d\'Une Entrée du Budget ID : 38', 21, '2022-09-14 11:09:41'),
(532, 46, 'Budget Entreprise Salesienne', 39, 'insertion', 'ajout d\'Une Entrée du Budget ID : 39', 3, '2022-09-14 11:09:41'),
(533, 43, 'Budget Entreprise Salesienne', 40, 'insertion', 'ajout d\'Une Entrée du Budget ID : 40', 18, '2022-09-14 11:09:41'),
(534, 39, 'Budget Entreprise Salesienne', 41, 'insertion', 'ajout d\'Une Entrée du Budget ID : 41', 13, '2022-09-14 11:09:42'),
(535, 46, 'Budget Entreprise Salesienne', 42, 'insertion', 'ajout d\'Une Entrée du Budget ID : 42', 3, '2022-09-14 11:09:42'),
(536, 43, 'Budget Entreprise Salesienne', 40, 'mise à jour', 'mise à jourde d\'une entrée du Budget ID : 40', 18, '2022-09-14 11:09:42'),
(537, 39, 'Budget Entreprise Salesienne', 43, 'insertion', 'ajout d\'Une Entrée du Budget ID : 43', 13, '2022-09-14 11:09:44'),
(538, 40, 'Budget Entreprise Salesienne', 44, 'insertion', 'ajout d\'Une Entrée du Budget ID : 44', 15, '2022-09-14 11:09:46'),
(539, 42, 'Budget Entreprise Salesienne', 45, 'insertion', 'ajout d\'Une Entrée du Budget ID : 45', 22, '2022-09-14 11:09:46'),
(540, 40, 'Budget Entreprise Salesienne', 46, 'insertion', 'ajout d\'Une Entrée du Budget ID : 46', 15, '2022-09-14 11:09:46'),
(541, 30, 'Budget Entreprise Salesienne', 47, 'insertion', 'ajout d\'Une Entrée du Budget ID : 47', 11, '2022-09-14 11:09:46'),
(542, 30, 'Budget Entreprise Salesienne', 48, 'insertion', 'ajout d\'Une Entrée du Budget ID : 48', 11, '2022-09-14 11:09:46'),
(543, 29, 'Budget Entreprise Salesienne', 49, 'insertion', 'ajout d\'Une Entrée du Budget ID : 49', 12, '2022-09-14 11:09:46'),
(544, 45, 'Budget Entreprise Salesienne', 50, 'insertion', 'ajout d\'Une Entrée du Budget ID : 50', 21, '2022-09-14 11:09:46'),
(545, 41, 'Budget Entreprise Salesienne', 51, 'insertion', 'ajout d\'Une Entrée du Budget ID : 51', 10, '2022-09-14 11:09:46'),
(546, 46, 'Budget Entreprise Salesienne', 52, 'insertion', 'ajout d\'Une Entrée du Budget ID : 52', 3, '2022-09-14 11:09:47'),
(547, 46, 'Budget Entreprise Salesienne', 53, 'insertion', 'ajout d\'Une Entrée du Budget ID : 53', 3, '2022-09-14 11:09:47'),
(548, 29, 'Budget Entreprise Salesienne', 54, 'insertion', 'ajout d\'Une Entrée du Budget ID : 54', 12, '2022-09-14 11:09:47'),
(549, 30, 'Budget Entreprise Salesienne', 55, 'insertion', 'ajout d\'Une Entrée du Budget ID : 55', 11, '2022-09-14 11:09:47'),
(550, 30, 'Budget Entreprise Salesienne', 56, 'insertion', 'ajout d\'Une Entrée du Budget ID : 56', 11, '2022-09-14 11:09:47'),
(551, 45, 'Budget Entreprise Salesienne', 57, 'insertion', 'ajout d\'Une Entrée du Budget ID : 57', 21, '2022-09-14 11:09:47'),
(552, 42, 'Budget Entreprise Salesienne', 58, 'insertion', 'ajout d\'Une Entrée du Budget ID : 58', 22, '2022-09-14 11:09:47'),
(553, 41, 'Budget Entreprise Salesienne', 59, 'insertion', 'ajout d\'Une Entrée du Budget ID : 59', 10, '2022-09-14 11:09:47'),
(554, 43, 'Budget Entreprise Salesienne', 60, 'insertion', 'ajout d\'Une Entrée du Budget ID : 60', 18, '2022-09-14 11:09:47'),
(555, 40, 'Budget Entreprise Salesienne', 61, 'insertion', 'ajout d\'Une Entrée du Budget ID : 61', 15, '2022-09-14 11:09:48'),
(556, 46, 'Budget Entreprise Salesienne', 62, 'insertion', 'ajout d\'Une Entrée du Budget ID : 62', 3, '2022-09-14 11:09:48'),
(557, 30, 'Budget Entreprise Salesienne', 63, 'insertion', 'ajout d\'Une Entrée du Budget ID : 63', 11, '2022-09-14 11:09:48'),
(558, 40, 'Budget Entreprise Salesienne', 64, 'insertion', 'ajout d\'Une Entrée du Budget ID : 64', 15, '2022-09-14 11:09:48'),
(559, 46, 'Budget Entreprise Salesienne', 65, 'insertion', 'ajout d\'Une Entrée du Budget ID : 65', 3, '2022-09-14 11:09:48'),
(560, 39, 'Budget Entreprise Salesienne', 66, 'insertion', 'ajout d\'Une Entrée du Budget ID : 66', 13, '2022-09-14 11:09:48'),
(561, 30, 'Budget Entreprise Salesienne', 56, 'mise à jour', 'mise à jourde d\'une entrée du Budget ID : 56', 11, '2022-09-14 11:09:49'),
(562, 40, 'Budget Entreprise Salesienne', 67, 'insertion', 'ajout d\'Une Entrée du Budget ID : 67', 15, '2022-09-14 11:09:49'),
(563, 40, 'Budget Entreprise Salesienne', 68, 'insertion', 'ajout d\'Une Entrée du Budget ID : 68', 15, '2022-09-14 11:09:50'),
(564, 30, 'Budget Entreprise Salesienne', 55, 'Suppression', 'suppression d\'une entrée du Budget ID : 55', 11, '2022-09-14 11:09:50'),
(565, 30, 'Budget Entreprise Salesienne', 47, 'Suppression', 'suppression d\'une entrée du Budget ID : 47', 11, '2022-09-14 11:09:50'),
(566, 30, 'Budget Entreprise Salesienne', 56, 'mise à jour', 'mise à jourde d\'une entrée du Budget ID : 56', 11, '2022-09-14 11:09:50'),
(567, 38, 'Budget Entreprise Salesienne', 69, 'insertion', 'ajout d\'Une Entrée du Budget ID : 69', 19, '2022-09-14 11:09:51'),
(568, 29, 'Budget Entreprise Salesienne', 54, 'mise à jour', 'mise à jourde d\'une entrée du Budget ID : 54', 12, '2022-09-14 11:09:51'),
(569, 30, 'Budget Entreprise Salesienne', 32, 'Suppression', 'suppression d\'une entrée du Budget ID : 32', 11, '2022-09-14 11:09:51'),
(570, 45, 'Budget Entreprise Salesienne', 57, 'mise à jour', 'mise à jourde d\'une entrée du Budget ID : 57', 21, '2022-09-14 11:09:51'),
(571, 30, 'Budget Entreprise Salesienne', 63, 'Suppression', 'suppression d\'une entrée du Budget ID : 63', 11, '2022-09-14 11:09:51'),
(572, 29, 'Budget Entreprise Salesienne', 54, 'mise à jour', 'mise à jourde d\'une entrée du Budget ID : 54', 12, '2022-09-14 11:09:51'),
(573, 43, 'Budget Entreprise Salesienne', 60, 'mise à jour', 'mise à jourde d\'une entrée du Budget ID : 60', 18, '2022-09-14 11:09:51'),
(574, 38, 'Budget Entreprise Salesienne', 70, 'insertion', 'ajout d\'Une Entrée du Budget ID : 70', 19, '2022-09-14 11:09:51'),
(575, 30, 'Budget Entreprise Salesienne', 34, 'Suppression', 'suppression d\'une entrée du Budget ID : 34', 11, '2022-09-14 11:09:52'),
(576, 30, 'Budget Entreprise Salesienne', 29, 'Suppression', 'suppression d\'une entrée du Budget ID : 29', 11, '2022-09-14 11:09:52'),
(577, 30, 'Budget Entreprise Salesienne', 71, 'insertion', 'ajout d\'Une Entrée du Budget ID : 71', 11, '2022-09-14 11:09:57'),
(578, 30, 'Budget Entreprise Salesienne', 72, 'insertion', 'ajout d\'Une Entrée du Budget ID : 72', 11, '2022-09-14 11:09:58'),
(579, 39, 'Type unité one ', 9, 'insertion', 'ajout d\'Un Type d\\\'unité mesure litres', 13, '2022-09-14 12:09:03'),
(580, 39, 'Type unité one ', 10, 'insertion', 'ajout d\'Un Type d\\\'unité mesure kgs', 13, '2022-09-14 12:09:04'),
(581, 39, 'Budget Entreprise Salesienne', 43, 'mise à jour', 'mise à jourde d\'une entrée du Budget ID : 43', 13, '2022-09-14 12:09:06'),
(582, 44, 'Sous Categorie Comptable Affectée', 37, 'mise à jour', 'mise à jourde de la Sous Categorie Comptable Affectée ID : 37', 23, '2022-09-14 12:09:12'),
(583, 39, 'Budget Entreprise Salesienne', 43, 'mise à jour', 'mise à jourde d\'une entrée du Budget ID : 43', 13, '2022-09-14 12:09:17'),
(584, 30, 'Une caisse', 64, 'mise à jour', 'mise à jour de la caisse BANQUE USD IMARA', 11, '2022-09-14 12:09:19'),
(585, 29, 'Une caisse', 27, 'mise à jour', 'mise à jour de la caisse caisse usd jacaranda', 12, '2022-09-14 12:09:19'),
(586, 29, 'Une caisse', 63, 'mise à jour', 'mise à jour de la caisse banque usd jacaranda', 12, '2022-09-14 12:09:20'),
(587, 38, 'Plan Comptable', 23, 'insertion', 'ajout d\'Un Plan Comptable MAISON DES JEUNES-RUASHI', 19, '2022-09-14 12:09:20'),
(588, 29, 'Une caisse', 44, 'mise à jour', 'mise à jour de la caisse caisse eur jacaranda', 12, '2022-09-14 12:09:20'),
(589, 29, 'Une caisse', 16, 'mise à jour', 'mise à jour de la caisse caisse cdf jacaranda', 12, '2022-09-14 12:09:20'),
(590, 45, 'Sous Categorie Comptable Affectée', 48, 'mise à jour', 'mise à jourde de la Sous Categorie Comptable Affectée ID : 48', 21, '2022-09-14 12:09:20'),
(591, 30, 'Une caisse', 32, 'mise à jour', 'mise à jour de la caisse  CAISSE  IMARA USD', 11, '2022-09-14 12:09:21'),
(592, 45, 'Une caisse', 74, 'mise à jour', 'mise à jour de la caisse caisse usd salama', 21, '2022-09-14 12:09:21'),
(593, 39, 'Une caisse', 61, 'mise à jour', 'mise à jour de la caisse USD   COMPTE 57 KANSEBULA', 13, '2022-09-14 12:09:22'),
(594, 41, 'Une caisse', 59, 'mise à jour', 'mise à jour de la caisse Home Zanin TMB USD', 10, '2022-09-14 12:09:23'),
(595, 39, 'Une caisse', 56, 'mise à jour', 'mise à jour de la caisse CDF KANSEBULA', 13, '2022-09-14 12:09:23'),
(596, 40, 'Une caisse', 67, 'mise à jour', 'mise à jour de la caisse BANQUE MOKAMBO 2022-2023', 15, '2022-09-14 12:09:23'),
(597, 39, 'Une caisse', 55, 'mise à jour', 'mise à jour de la caisse CDF KANSEBULA', 13, '2022-09-14 12:09:24'),
(598, 39, 'Une caisse', 55, 'mise à jour', 'mise à jour de la caisse CDF KANSEBULA', 13, '2022-09-14 12:09:24'),
(599, 39, 'Une caisse', 39, 'mise à jour', 'mise à jour de la caisse EURO KANSEBULA', 13, '2022-09-14 12:09:24'),
(600, 40, 'Une caisse', 43, 'mise à jour', 'mise à jour de la caisse CAISSE MOKAMBO 2022-2023', 15, '2022-09-14 12:09:25'),
(601, 41, 'Une caisse', 59, 'mise à jour', 'mise à jour de la caisse Home Zanin TMB USD', 10, '2022-09-14 12:09:25'),
(602, 39, 'Une caisse', 79, 'insertion', 'ajout d\'une caisse USD   COMPTE 57 KANSEBULA', 13, '2022-09-14 12:09:25'),
(603, 40, 'Une caisse', 48, 'mise à jour', 'mise à jour de la caisse CAISSE MOKAMBO 2022-2023', 15, '2022-09-14 12:09:27'),
(604, 41, 'Une caisse', 30, 'mise à jour', 'mise à jour de la caisse Caisse HZ USD', 10, '2022-09-14 12:09:27'),
(605, 44, 'Livre caisse banque', 1, 'insertion', 'ajout d\'une entrée de livre de caisse banque ID = 1', 23, '2022-09-14 12:09:27'),
(606, 41, 'Une caisse', 30, 'mise à jour', 'mise à jour de la caisse Caisse HZ USD', 10, '2022-09-14 12:09:28'),
(607, 39, 'Une caisse', 80, 'insertion', 'ajout d\'une caisse CDF KANSEBULA', 13, '2022-09-14 12:09:28'),
(608, 44, 'Livre caisse banque', 2, 'insertion', 'ajout d\'une entrée de livre de caisse banque ID = 2', 23, '2022-09-14 12:09:29'),
(609, 41, 'Une caisse', 30, 'mise à jour', 'mise à jour de la caisse Caisse HZ USD', 10, '2022-09-14 12:09:30'),
(610, 41, 'Une caisse', 30, 'mise à jour', 'mise à jour de la caisse Caisse HZ USD', 10, '2022-09-14 12:09:30'),
(611, 43, 'Une caisse', 50, 'mise à jour', 'mise à jour de la caisse Caisse usd chem-chem', 18, '2022-09-14 12:09:31'),
(612, 43, 'Une caisse', 50, 'mise à jour', 'mise à jour de la caisse Caisse usd chem-chem', 18, '2022-09-14 12:09:31'),
(613, 39, 'Une caisse', 28, 'mise à jour', 'mise à jour de la caisse USD KANSEBULA', 13, '2022-09-14 12:09:31'),
(614, 39, 'Une caisse', 21, 'mise à jour', 'mise à jour de la caisse CDF KANSEBULA', 13, '2022-09-14 12:09:32'),
(615, 38, 'Une caisse', 66, 'mise à jour', 'mise à jour de la caisse compte Banque USD MDJ', 19, '2022-09-14 12:09:32'),
(616, 44, 'Livre caisse banque', 3, 'insertion', 'ajout d\'une entrée de livre de caisse banque ID = 3', 23, '2022-09-14 12:09:32'),
(617, 38, 'Une caisse', 53, 'mise à jour', 'mise à jour de la caisse Caisse USD MDJ', 19, '2022-09-14 12:09:32'),
(618, 38, 'Une caisse', 51, 'mise à jour', 'mise à jour de la caisse Caisse USD MDJ', 19, '2022-09-14 12:09:32'),
(619, 38, 'Une caisse', 26, 'mise à jour', 'mise à jour de la caisse Caisse CDF Maison des jeunes', 19, '2022-09-14 12:09:33'),
(620, 44, 'Livre caisse banque', 4, 'insertion', 'ajout d\'une entrée de livre de caisse banque ID = 4', 23, '2022-09-14 12:09:33'),
(621, 38, 'Une caisse', 20, 'mise à jour', 'mise à jour de la caisse Caisse CDF Maison des jeunes', 19, '2022-09-14 12:09:34'),
(622, 46, 'Une caisse', 78, 'mise à jour', 'mise à jour de la caisse CDJ', 3, '2022-09-14 12:09:35'),
(623, 46, 'Une caisse', 77, 'mise à jour', 'mise à jour de la caisse cdj.3', 3, '2022-09-14 12:09:35'),
(624, 46, 'Une caisse', 38, 'mise à jour', 'mise à jour de la caisse Caisse Usd CDJ', 3, '2022-09-14 12:09:36'),
(625, 46, 'Une caisse', 37, 'mise à jour', 'mise à jour de la caisse caisse usd cdj', 3, '2022-09-14 12:09:36'),
(626, 39, 'Livre caisse banque', 5, 'insertion', 'ajout d\'une entrée de livre de caisse banque ID = 5', 13, '2022-09-14 12:09:36'),
(627, 46, 'Une caisse', 23, 'mise à jour', 'mise à jour de la caisse Caisse CDF CDJ', 3, '2022-09-14 12:09:36'),
(628, 46, 'Une caisse', 19, 'mise à jour', 'mise à jour de la caisse caisse cdf cdj', 3, '2022-09-14 12:09:37'),
(629, 38, 'Livre caisse banque', 6, 'insertion', 'ajout d\'une entrée de livre de caisse banque ID = 6', 19, '2022-09-14 12:09:38'),
(630, 39, 'Livre caisse banque', 7, 'insertion', 'ajout d\'une entrée de livre de caisse banque ID = 7', 13, '2022-09-14 12:09:42'),
(631, 29, 'Livre caisse banque', 8, 'insertion', 'ajout d\'une entrée de livre de caisse banque ID = 8', 12, '2022-09-14 12:09:42'),
(632, 41, 'Livre caisse banque', 9, 'insertion', 'ajout d\'une entrée de livre de caisse banque ID = 9', 10, '2022-09-14 12:09:42'),
(633, 30, 'Livre caisse banque', 10, 'insertion', 'ajout d\'une entrée de livre de caisse banque ID = 10', 11, '2022-09-14 12:09:42'),
(634, 45, 'Livre caisse banque', 11, 'insertion', 'ajout d\'une entrée de livre de caisse banque ID = 11', 21, '2022-09-14 12:09:43'),
(635, 39, 'Livre caisse banque', 12, 'insertion', 'ajout d\'une entrée de livre de caisse banque ID = 12', 13, '2022-09-14 12:09:44'),
(636, 38, 'Livre caisse banque', 13, 'insertion', 'ajout d\'une entrée de livre de caisse banque ID = 13', 19, '2022-09-14 12:09:45'),
(637, 30, 'Une caisse', 32, 'mise à jour', 'mise à jour de la caisse  CAISSE  IMARA USD', 11, '2022-09-14 12:09:45'),
(638, 40, 'Livre caisse banque', 14, 'insertion', 'ajout d\'une entrée de livre de caisse banque ID = 14', 15, '2022-09-14 12:09:46'),
(639, 46, 'Livre caisse banque', 15, 'insertion', 'ajout d\'une entrée de livre de caisse banque ID = 15', 3, '2022-09-14 12:09:46'),
(640, 43, 'Livre caisse banque', 16, 'insertion', 'ajout d\'une entrée de livre de caisse banque ID = 16', 18, '2022-09-14 12:09:46'),
(641, 42, 'Une caisse', 46, 'mise à jour', 'mise à jour de la caisse CDF TABA', 22, '2022-09-14 12:09:46'),
(642, 42, 'Une caisse', 52, 'mise à jour', 'mise à jour de la caisse USD', 22, '2022-09-14 12:09:46'),
(643, 40, 'Livre caisse banque', 17, 'insertion', 'ajout d\'une entrée de livre de caisse banque ID = 17', 15, '2022-09-14 12:09:47'),
(644, 42, 'Livre caisse banque', 18, 'insertion', 'ajout d\'une entrée de livre de caisse banque ID = 18', 22, '2022-09-14 12:09:48'),
(645, 38, 'Livre caisse banque', 19, 'insertion', 'ajout d\'une entrée de livre de caisse banque ID = 19', 19, '2022-09-14 12:09:49'),
(646, 45, 'null', NULL, 'connexion', 'connexion au systeme', 21, '2022-09-14 14:09:05'),
(647, 29, 'Livre caisse banque', 20, 'insertion', 'ajout d\'une entrée de livre de caisse banque ID = 20', 12, '2022-09-14 14:09:09'),
(648, 30, 'Livre caisse banque', 21, 'insertion', 'ajout d\'une entrée de livre de caisse banque ID = 21', 11, '2022-09-14 14:09:09'),
(649, 43, 'Livre caisse banque', 22, 'insertion', 'ajout d\'une entrée de livre de caisse banque ID = 22', 18, '2022-09-14 14:09:09'),
(650, 46, 'Livre caisse banque', 23, 'insertion', 'ajout d\'une entrée de livre de caisse banque ID = 23', 3, '2022-09-14 14:09:10'),
(651, 45, 'null', NULL, 'connexion', 'connexion au systeme', 21, '2022-09-14 14:09:10'),
(652, 38, 'Livre caisse banque', 24, 'insertion', 'ajout d\'une entrée de livre de caisse banque ID = 24', 19, '2022-09-14 14:09:10'),
(653, 41, 'Livre caisse banque', 25, 'insertion', 'ajout d\'une entrée de livre de caisse banque ID = 25', 10, '2022-09-14 14:09:10'),
(654, 45, 'Livre caisse banque', 26, 'insertion', 'ajout d\'une entrée de livre de caisse banque ID = 26', 21, '2022-09-14 14:09:10'),
(655, 40, 'Livre caisse banque', 27, 'insertion', 'ajout d\'une entrée de livre de caisse banque ID = 27', 15, '2022-09-14 14:09:11'),
(656, 40, 'Livre caisse banque', 28, 'insertion', 'ajout d\'une entrée de livre de caisse banque ID = 28', 15, '2022-09-14 14:09:11'),
(657, 40, 'Livre caisse banque', 29, 'insertion', 'ajout d\'une entrée de livre de caisse banque ID = 29', 15, '2022-09-14 14:09:11'),
(658, 30, 'Livre caisse banque', 30, 'insertion', 'ajout d\'une entrée de livre de caisse banque ID = 30', 11, '2022-09-14 14:09:12'),
(659, 46, 'null', NULL, 'connexion', 'connexion au systeme', 3, '2022-09-14 14:09:12'),
(660, 45, 'Livre caisse banque', 31, 'insertion', 'ajout d\'une entrée de livre de caisse banque ID = 31', 21, '2022-09-14 14:09:12'),
(661, 29, 'Livre caisse banque', 32, 'insertion', 'ajout d\'une entrée de livre de caisse banque ID = 32', 12, '2022-09-14 14:09:12'),
(662, 46, 'Livre caisse banque', 33, 'insertion', 'ajout d\'une entrée de livre de caisse banque ID = 33', 3, '2022-09-14 14:09:12'),
(663, 41, 'Livre caisse banque', 34, 'insertion', 'ajout d\'une entrée de livre de caisse banque ID = 34', 10, '2022-09-14 14:09:12'),
(664, 40, 'Livre caisse banque', 35, 'insertion', 'ajout d\'une entrée de livre de caisse banque ID = 35', 15, '2022-09-14 14:09:13'),
(665, 40, 'Livre caisse banque', 36, 'insertion', 'ajout d\'une entrée de livre de caisse banque ID = 36', 15, '2022-09-14 14:09:13'),
(666, 30, 'Livre caisse banque', 37, 'insertion', 'ajout d\'une entrée de livre de caisse banque ID = 37', 11, '2022-09-14 14:09:13'),
(667, 45, 'Livre caisse banque', 38, 'insertion', 'ajout d\'une entrée de livre de caisse banque ID = 38', 21, '2022-09-14 14:09:14'),
(668, 29, 'Livre caisse banque', 39, 'insertion', 'ajout d\'une entrée de livre de caisse banque ID = 39', 12, '2022-09-14 14:09:14'),
(669, 46, 'Livre caisse banque', 40, 'insertion', 'ajout d\'une entrée de livre de caisse banque ID = 40', 3, '2022-09-14 14:09:14'),
(670, 41, 'Livre caisse banque', 41, 'insertion', 'ajout d\'une entrée de livre de caisse banque ID = 41', 10, '2022-09-14 14:09:14'),
(671, 38, 'Livre caisse banque', 42, 'insertion', 'ajout d\'une entrée de livre de caisse banque ID = 42', 19, '2022-09-14 14:09:14'),
(672, 39, 'Livre caisse banque', 43, 'insertion', 'ajout d\'une entrée de livre de caisse banque ID = 43', 13, '2022-09-14 14:09:15'),
(673, 43, 'Livre caisse banque', 44, 'insertion', 'ajout d\'une entrée de livre de caisse banque ID = 44', 18, '2022-09-14 14:09:16'),
(674, 30, 'Livre caisse banque', 21, 'Suppression', 'suppression de l\'entrée de livre de caisse banque  ID = 21', 11, '2022-09-14 14:09:18'),
(675, 40, 'Livre caisse banque', 45, 'insertion', 'ajout d\'une entrée de livre de caisse banque ID = 45', 15, '2022-09-14 14:09:18'),
(676, 39, 'Livre caisse banque', 46, 'insertion', 'ajout d\'une entrée de livre de caisse banque ID = 46', 13, '2022-09-14 14:09:19'),
(677, 40, 'Livre caisse banque', 47, 'insertion', 'ajout d\'une entrée de livre de caisse banque ID = 47', 15, '2022-09-14 14:09:19'),
(678, 30, 'Livre caisse banque', 48, 'insertion', 'ajout d\'une entrée de livre de caisse banque ID = 48', 11, '2022-09-14 14:09:19'),
(679, 42, 'null', NULL, 'connexion', 'connexion au systeme', 22, '2022-09-14 14:09:20'),
(680, 40, 'Livre caisse banque', 49, 'insertion', 'ajout d\'une entrée de livre de caisse banque ID = 49', 15, '2022-09-14 14:09:20'),
(681, 40, 'Livre caisse banque', 50, 'insertion', 'ajout d\'une entrée de livre de caisse banque ID = 50', 15, '2022-09-14 14:09:21'),
(682, 39, 'Livre caisse banque', 51, 'insertion', 'ajout d\'une entrée de livre de caisse banque ID = 51', 13, '2022-09-14 14:09:21'),
(683, 42, 'Livre caisse banque', 52, 'insertion', 'ajout d\'une entrée de livre de caisse banque ID = 52', 22, '2022-09-14 14:09:23'),
(684, 42, 'Livre caisse banque', 53, 'insertion', 'ajout d\'une entrée de livre de caisse banque ID = 53', 22, '2022-09-14 14:09:24'),
(685, 44, 'null', NULL, 'connexion', 'connexion au systeme', 23, '2022-09-14 14:09:26'),
(686, 44, 'Une caisse', 57, 'mise à jour', 'mise à jour de la caisse caisse usd theologicum', 23, '2022-09-14 14:09:27'),
(687, 30, 'Une caisse', 81, 'insertion', 'ajout d\'une caisse BANQUE EURO IMARA', 11, '2022-09-14 14:09:28'),
(688, 30, 'Une caisse', 17, 'mise à jour', 'mise à jour de la caisse CAISSE IMARA CDF', 11, '2022-09-14 14:09:29'),
(689, 45, 'Une caisse', 73, 'mise à jour', 'mise à jour de la caisse caisse cdf salama', 21, '2022-09-14 14:09:29'),
(690, 30, 'Livre caisse banque', 54, 'insertion', 'ajout d\'une entrée de livre de caisse banque ID = 54', 11, '2022-09-14 14:09:31'),
(691, 39, 'Livre caisse banque', 55, 'insertion', 'ajout d\'une entrée de livre de caisse banque ID = 55', 13, '2022-09-14 14:09:32'),
(692, 41, 'Une caisse', 34, 'mise à jour', 'mise à jour de la caisse Caisse HZ Euro', 10, '2022-09-14 14:09:32'),
(693, 42, 'Une caisse', 22, 'mise à jour', 'mise à jour de la caisse caisse CDF TABA CONGO', 22, '2022-09-14 14:09:32'),
(694, 41, 'Une caisse', 34, 'mise à jour', 'mise à jour de la caisse Caisse HZ Euro', 10, '2022-09-14 14:09:32'),
(695, 41, 'Une caisse', 15, 'mise à jour', 'mise à jour de la caisse Caisse HZ CDF', 10, '2022-09-14 14:09:32'),
(696, 45, 'Livre caisse banque', 56, 'insertion', 'ajout d\'une entrée de livre de caisse banque ID = 56', 21, '2022-09-14 14:09:32'),
(697, 47, 'Une caisse', 82, 'insertion', 'ajout d\'une caisse caisseCDFSakania', 20, '2022-09-14 14:09:32'),
(698, 30, 'Livre caisse banque', 57, 'insertion', 'ajout d\'une entrée de livre de caisse banque ID = 57', 11, '2022-09-14 14:09:33'),
(699, 40, 'Une caisse', 29, 'mise à jour', 'mise à jour de la caisse CAISSE MOKAMBO 2022-2023', 15, '2022-09-14 14:09:33'),
(700, 46, 'Livre caisse banque', 58, 'insertion', 'ajout d\'une entrée de livre de caisse banque ID = 58', 3, '2022-09-14 14:09:33'),
(701, 44, 'Livre caisse banque', 59, 'insertion', 'ajout d\'une entrée de livre de caisse banque ID = 59', 23, '2022-09-14 14:09:33'),
(702, 29, 'Livre caisse banque', 60, 'insertion', 'ajout d\'une entrée de livre de caisse banque ID = 60', 12, '2022-09-14 14:09:33'),
(703, 43, 'Une caisse', 58, 'mise à jour', 'mise à jour de la caisse Banque usd chem-chem', 18, '2022-09-14 14:09:33'),
(704, 39, 'Livre caisse banque', 61, 'insertion', 'ajout d\'une entrée de livre de caisse banque ID = 61', 13, '2022-09-14 14:09:33'),
(705, 41, 'Livre caisse banque', 63, 'insertion', 'ajout d\'une entrée de livre de caisse banque ID = 63', 10, '2022-09-14 14:09:34'),
(706, 42, 'Livre caisse banque', 62, 'insertion', 'ajout d\'une entrée de livre de caisse banque ID = 62', 22, '2022-09-14 14:09:34'),
(707, 40, 'Une caisse', 25, 'mise à jour', 'mise à jour de la caisse CAISSE MOKAMBO 2022-2023', 15, '2022-09-14 14:09:34'),
(708, 39, 'Livre caisse banque', 64, 'insertion', 'ajout d\'une entrée de livre de caisse banque ID = 64', 13, '2022-09-14 14:09:35'),
(709, 43, 'Une caisse', 50, 'mise à jour', 'mise à jour de la caisse Caisse usd chem-chem', 18, '2022-09-14 14:09:35'),
(710, 40, 'Livre caisse banque', 65, 'insertion', 'ajout d\'une entrée de livre de caisse banque ID = 65', 15, '2022-09-14 14:09:36'),
(711, 40, 'Livre caisse banque', 66, 'insertion', 'ajout d\'une entrée de livre de caisse banque ID = 66', 15, '2022-09-14 14:09:37'),
(712, 43, 'Livre caisse banque', 67, 'insertion', 'ajout d\'une entrée de livre de caisse banque ID = 67', 18, '2022-09-14 14:09:38'),
(713, 30, 'null', NULL, 'connexion', 'connexion au systeme', 11, '2022-09-14 14:09:40'),
(714, 41, 'null', NULL, 'connexion', 'connexion au systeme', 10, '2022-09-14 14:09:44'),
(715, 30, 'null', NULL, 'connexion', 'connexion au systeme', 11, '2022-09-14 14:09:45'),
(716, 42, 'null', NULL, 'connexion', 'connexion au systeme', 22, '2022-09-14 15:09:02'),
(717, 1, 'null', NULL, 'connexion', 'connexion au systeme', 0, '2022-09-14 15:09:08'),
(718, 29, 'role ', 18, 'insertion', 'ajout d\'un Role  econome jacaranda', 12, '2022-09-14 15:09:14'),
(719, 43, 'role ', 19, 'insertion', 'ajout d\'un Role  Econome chem-chem', 18, '2022-09-14 15:09:15'),
(720, 45, 'role ', 20, 'insertion', 'ajout d\'un Role  Econome salama', 21, '2022-09-14 15:09:15'),
(721, 30, 'role ', 21, 'insertion', 'ajout d\'un Role  ECONOMME IMARA', 11, '2022-09-14 15:09:15'),
(722, 30, 'role ', 22, 'insertion', 'ajout d\'un Role  ouvrier', 11, '2022-09-14 15:09:15'),
(723, 30, 'role ', 23, 'insertion', 'ajout d\'un Role  ouvrier', 11, '2022-09-14 15:09:15'),
(724, 30, 'role ', 24, 'insertion', 'ajout d\'un Role  ouvrier', 11, '2022-09-14 15:09:15'),
(725, 29, 'role_permission', NULL, 'Insertion ou mise à jour', 'Mise à jour des permissions du rôle Caissier', 12, '2022-09-14 15:16:10'),
(726, 29, 'role_permission', NULL, 'Insertion ou mise à jour', 'Mise à jour des permissions du rôle Caissier', 12, '2022-09-14 15:16:29'),
(727, 30, 'role_permission', NULL, 'Insertion ou mise à jour', 'Mise à jour des permissions du rôle ouvrier', 11, '2022-09-14 15:16:52'),
(728, 29, 'null', NULL, 'déconnexion', 'déconnexion du systeme', 12, '2022-09-14 15:09:19'),
(729, 29, 'null', NULL, 'connexion', 'connexion au systeme', 12, '2022-09-14 15:09:20'),
(730, 1, 'null', NULL, 'connexion', 'connexion au systeme', 0, '2022-10-14 12:10:01'),
(731, 1, 'null', NULL, 'connexion', 'connexion au systeme', 0, '2022-10-14 14:10:34'),
(732, 1, 'null', NULL, 'connexion', 'connexion au systeme', 0, '2022-10-14 17:10:03'),
(733, 1, 'null', NULL, 'connexion', 'connexion au systeme', 0, '2022-10-15 11:10:34'),
(734, 1, 'null', NULL, 'connexion', 'connexion au systeme', 0, '2022-10-16 13:10:21'),
(735, 1, 'null', NULL, 'connexion', 'connexion au systeme', 0, '2022-10-17 09:10:41'),
(736, 1, 'null', NULL, 'connexion', 'connexion au systeme', 0, '2022-10-18 11:10:02'),
(737, 6, 'null', NULL, 'connexion', 'connexion au systeme', 2, '2022-10-18 11:10:13'),
(738, 6, 'role_permission', NULL, 'Insertion ou mise à jour', 'Mise à jour des permissions du rôle Admin Comptable', 2, '2022-10-18 12:52:17'),
(739, 1, 'Utilisateur', 30, 'mise à jour', 'mise à jour de l\'utilisateur Admin', 0, '2022-10-18 14:10:42'),
(740, 6, 'null', NULL, 'déconnexion', 'déconnexion du systeme', 2, '2022-10-18 14:10:46'),
(741, 30, 'null', NULL, 'connexion', 'connexion au systeme', 11, '2022-10-18 14:10:46'),
(742, 30, 'Categorie Plan Comptable', 56, 'Suppression', 'suppression de la Categorie Plan Comptable nourritures et boissons ', 11, '2022-10-18 14:10:46'),
(743, 30, 'Categorie Plan Comptable', 48, 'Suppression', 'suppression de la Categorie Plan Comptable chapelle regina mundi', 11, '2022-10-18 14:10:46'),
(744, 30, 'Categorie Plan Comptable', 42, 'Suppression', 'suppression de la Categorie Plan Comptable Frais d\'appoints ecoles ', 11, '2022-10-18 14:10:46'),
(745, 30, 'Categorie Plan Comptable', 31, 'Suppression', 'suppression de la Categorie Plan Comptable SALAIRE CONFRERE ', 11, '2022-10-18 14:10:46'),
(746, 30, 'Sous Categorie Comptable', 126, 'Suppression', 'suppression de la Sous Categorie Comptable TERRAIN', 11, '2022-10-18 14:10:47'),
(747, 30, 'Sous Categorie Comptable', 119, 'Suppression', 'suppression de la Sous Categorie Comptable achat farine', 11, '2022-10-18 14:10:47'),
(748, 30, 'Sous Categorie Comptable', 110, 'Suppression', 'suppression de la Sous Categorie Comptable QUETE ZEEK END', 11, '2022-10-18 14:10:47'),
(749, 30, 'Sous Categorie Comptable', 98, 'Suppression', 'suppression de la Sous Categorie Comptable SALAIRE CONFRERE ECOLE PRIMAIRE', 11, '2022-10-18 14:10:47'),
(750, 30, 'Sous Categorie Comptable', 47, 'Suppression', 'suppression de la Sous Categorie Comptable Affectée ID : 47', 11, '2022-10-18 14:10:47'),
(751, 30, 'Une caisse', 1, 'insertion', 'ajout d\'une caisse Caisse USD imara', 11, '2022-10-18 14:10:50'),
(752, 30, 'Une caisse', 2, 'insertion', 'ajout d\'une caisse Banque USD imara', 11, '2022-10-18 14:10:50'),
(753, 30, 'Categorie Plan Comptable', 65, 'insertion', 'ajout d\'Une Categorie Comptable Actifs immobilisés', 11, '2022-10-18 14:10:56'),
(754, 30, 'Categorie Plan Comptable', 66, 'insertion', 'ajout d\'Une Categorie Comptable Actifs circulants', 11, '2022-10-18 14:10:57'),
(755, 30, 'Categorie Plan Comptable', 67, 'insertion', 'ajout d\'Une Categorie Comptable Trésorerie actif', 11, '2022-10-18 14:10:58'),
(756, 30, 'Categorie Plan Comptable', 68, 'insertion', 'ajout d\'Une Categorie Comptable Ressources propres', 11, '2022-10-18 14:10:59'),
(757, 30, 'Categorie Plan Comptable', 69, 'insertion', 'ajout d\'Une Categorie Comptable passifs circulants', 11, '2022-10-18 14:10:59'),
(758, 30, 'Categorie Plan Comptable', 70, 'insertion', 'ajout d\'Une Categorie Comptable Trésorerie passif', 11, '2022-10-18 14:10:59'),
(759, 30, 'Sous Categorie Comptable', 148, 'insertion', 'ajout d\'Une Sous Categorie Comptable Logiciel', 11, '2022-10-18 15:10:01'),
(760, 30, 'Sous Categorie Comptable', 149, 'insertion', 'ajout d\'Une Sous Categorie Comptable Terrains', 11, '2022-10-18 15:10:02'),
(761, 30, 'Sous Categorie Comptable', 150, 'insertion', 'ajout d\'Une Sous Categorie Comptable Batiments', 11, '2022-10-18 15:10:02'),
(762, 30, 'Sous Categorie Comptable', 151, 'insertion', 'ajout d\'Une Sous Categorie Comptable Materielles industrielles', 11, '2022-10-18 15:10:03'),
(763, 30, 'Sous Categorie Comptable', 152, 'insertion', 'ajout d\'Une Sous Categorie Comptable Materielles et immobilliers de bureau', 11, '2022-10-18 15:10:03'),
(764, 30, 'Sous Categorie Comptable', 153, 'insertion', 'ajout d\'Une Sous Categorie Comptable Materielles de transports', 11, '2022-10-18 15:10:04'),
(765, 30, 'Sous Categorie Comptable', 154, 'insertion', 'ajout d\'Une Sous Categorie Comptable Marchandises', 11, '2022-10-18 15:10:04'),
(766, 30, 'Sous Categorie Comptable', 155, 'insertion', 'ajout d\'Une Sous Categorie Comptable Matières consommables', 11, '2022-10-18 15:10:05'),
(767, 30, 'Sous Categorie Comptable', 156, 'insertion', 'ajout d\'Une Sous Categorie Comptable Clients', 11, '2022-10-18 15:10:05'),
(768, 30, 'Sous Categorie Comptable', 157, 'insertion', 'ajout d\'Une Sous Categorie Comptable Banque', 11, '2022-10-18 15:10:06'),
(769, 30, 'Sous Categorie Comptable', 158, 'insertion', 'ajout d\'Une Sous Categorie Comptable Caisses', 11, '2022-10-18 15:10:06'),
(770, 30, 'Sous Categorie Comptable', 159, 'insertion', 'ajout d\'Une Sous Categorie Comptable Capitales  socials', 11, '2022-10-18 15:10:08'),
(771, 30, 'Sous Categorie Comptable', 160, 'insertion', 'ajout d\'Une Sous Categorie Comptable Résèrves', 11, '2022-10-18 15:10:08'),
(772, 30, 'Sous Categorie Comptable', 161, 'insertion', 'ajout d\'Une Sous Categorie Comptable Reports à nouveau', 11, '2022-10-18 15:10:09'),
(773, 30, 'Sous Categorie Comptable', 162, 'insertion', 'ajout d\'Une Sous Categorie Comptable Résultats Nets', 11, '2022-10-18 15:10:09'),
(774, 30, 'Sous Categorie Comptable', 163, 'insertion', 'ajout d\'Une Sous Categorie Comptable Subventions d\'investissements', 11, '2022-10-18 15:10:10'),
(775, 30, 'Sous Categorie Comptable', 164, 'insertion', 'ajout d\'Une Sous Categorie Comptable Fournisseurs', 11, '2022-10-18 15:10:11'),
(776, 30, 'Sous Categorie Comptable', 165, 'insertion', 'ajout d\'Une Sous Categorie Comptable Etats', 11, '2022-10-18 15:10:11'),
(777, 30, 'Sous Categorie Comptable', 166, 'insertion', 'ajout d\'Une Sous Categorie Comptable Personnelles', 11, '2022-10-18 15:10:11'),
(778, 30, 'Sous Categorie Comptable', 167, 'insertion', 'ajout d\'Une Sous Categorie Comptable Organismes sociaux', 11, '2022-10-18 15:10:12'),
(779, 30, 'Sous Categorie Comptable', 148, 'mise à jour', 'mise à jourde de la Sous Categorie Comptable Logiciel', 11, '2022-10-18 15:10:13'),
(780, 30, 'Sous Categorie Comptable Affectée ', 55, 'insertion', 'ajout d\'Une Sous Categorie Comptable Affectée ID : 55', 11, '2022-10-18 15:10:13'),
(781, 30, 'Une caisse', 1, 'mise à jour', 'mise à jour de la caisse Caisse USD imara', 11, '2022-10-18 15:10:20'),
(782, 1, 'null', NULL, 'déconnexion', 'déconnexion du systeme', 0, '2022-10-18 15:10:24'),
(783, 30, 'null', NULL, 'connexion', 'connexion au systeme', 11, '2022-10-18 15:10:25'),
(784, 30, 'Livre caisse banque', 1, 'insertion', 'ajout d\'une entrée de livre de caisse banque ID = 1', 11, '2022-10-18 15:10:29'),
(785, 30, 'Livre caisse banque', 2, 'insertion', 'ajout d\'une entrée de livre de caisse banque ID = 2', 11, '2022-10-18 15:10:31'),
(786, 30, 'Livre caisse banque', 3, 'insertion', 'ajout d\'une entrée de livre de caisse banque ID = 3', 11, '2022-10-18 15:10:36'),
(787, 30, 'Livre caisse banque', 4, 'insertion', 'ajout d\'une entrée de livre de caisse banque ID = 4', 11, '2022-10-18 15:10:38'),
(788, 30, 'Livre caisse banque', 5, 'insertion', 'ajout d\'une entrée de livre de caisse banque ID = 5', 11, '2022-10-18 15:10:43'),
(789, 30, 'Livre caisse banque', 6, 'insertion', 'ajout d\'une entrée de livre de caisse banque ID = 6', 11, '2022-10-18 15:10:44'),
(790, 30, 'Livre caisse banque', 7, 'insertion', 'ajout d\'une entrée de livre de caisse banque ID = 7', 11, '2022-10-18 15:10:46'),
(791, 1, 'null', NULL, 'connexion', 'connexion au systeme', 0, '2022-10-20 11:10:54'),
(792, 1, 'null', NULL, 'déconnexion', 'déconnexion du systeme', 0, '2022-10-20 11:10:55'),
(793, 30, 'null', NULL, 'connexion', 'connexion au systeme', 11, '2022-10-20 11:10:55'),
(794, 30, 'Livre caisse banque', 7, 'Suppression', 'suppression de l\'entrée de livre de caisse banque  ID = 7', 11, '2022-10-20 12:10:02'),
(795, 30, 'Livre caisse banque', 8, 'insertion', 'ajout d\'une entrée de livre de caisse banque ID = 8', 11, '2022-10-20 12:10:04'),
(796, 30, 'Livre caisse banque', 9, 'insertion', 'ajout d\'une entrée de livre de caisse banque ID = 9', 11, '2022-10-20 12:10:08'),
(797, 30, 'Livre caisse banque', 10, 'insertion', 'ajout d\'une entrée de livre de caisse banque ID = 10', 11, '2022-10-20 12:10:08'),
(798, 30, 'Livre caisse banque', 11, 'insertion', 'ajout d\'une entrée de livre de caisse banque ID = 11', 11, '2022-10-20 12:10:10'),
(799, 30, 'Livre caisse banque', 12, 'insertion', 'ajout d\'une entrée de livre de caisse banque ID = 12', 11, '2022-10-20 12:10:10'),
(800, 30, 'Livre caisse banque', 13, 'insertion', 'ajout d\'une entrée de livre de caisse banque ID = 13', 11, '2022-10-20 12:10:11'),
(801, 30, 'Livre caisse banque', 14, 'insertion', 'ajout d\'une entrée de livre de caisse banque ID = 14', 11, '2022-10-20 12:10:12'),
(802, 30, 'Livre caisse banque', 15, 'insertion', 'ajout d\'une entrée de livre de caisse banque ID = 15', 11, '2022-10-20 12:10:13'),
(803, 30, 'Livre caisse banque', 16, 'insertion', 'ajout d\'une entrée de livre de caisse banque ID = 16', 11, '2022-10-20 12:10:16'),
(804, 30, 'Livre caisse banque', 17, 'insertion', 'ajout d\'une entrée de livre de caisse banque ID = 17', 11, '2022-10-20 12:10:16'),
(805, 30, 'Livre caisse banque', 18, 'insertion', 'ajout d\'une entrée de livre de caisse banque ID = 18', 11, '2022-10-20 12:10:17'),
(806, 30, 'Livre caisse banque', 19, 'insertion', 'ajout d\'une entrée de livre de caisse banque ID = 19', 11, '2022-10-20 12:10:19'),
(807, 30, 'Livre caisse banque', 20, 'insertion', 'ajout d\'une entrée de livre de caisse banque ID = 20', 11, '2022-10-20 12:10:20'),
(808, 30, 'Livre caisse banque', 21, 'insertion', 'ajout d\'une entrée de livre de caisse banque ID = 21', 11, '2022-10-20 12:10:21'),
(809, 30, 'Livre caisse banque', 22, 'insertion', 'ajout d\'une entrée de livre de caisse banque ID = 22', 11, '2022-10-20 12:10:21'),
(810, 30, 'Livre caisse banque', 23, 'insertion', 'ajout d\'une entrée de livre de caisse banque ID = 23', 11, '2022-10-20 12:10:22'),
(811, 30, 'Livre caisse banque', 24, 'insertion', 'ajout d\'une entrée de livre de caisse banque ID = 24', 11, '2022-10-20 12:10:22'),
(812, 30, 'Livre caisse banque', 25, 'insertion', 'ajout d\'une entrée de livre de caisse banque ID = 25', 11, '2022-10-20 12:10:23'),
(813, 30, 'Livre caisse banque', 18, 'Suppression', 'suppression de l\'entrée de livre de caisse banque  ID = 18', 11, '2022-10-20 12:10:26'),
(814, 30, 'Livre caisse banque', 26, 'insertion', 'ajout d\'une entrée de livre de caisse banque ID = 26', 11, '2022-10-20 12:10:28'),
(815, 30, 'Livre caisse banque', 27, 'insertion', 'ajout d\'une entrée de livre de caisse banque ID = 27', 11, '2022-10-20 13:10:47');
INSERT INTO `action_utilisateur` (`id_action_utilisateur`, `id_utilisateur`, `nom_table`, `id_champ`, `action`, `text_descriptif`, `id_foreign_entreprise_salesienne_action_utilisateur`, `date_heure`) VALUES
(816, 30, 'Categorie Plan Comptable', 71, 'insertion', 'ajout d\'Une Categorie Comptable Activités Clés', 11, '2022-10-20 15:10:17'),
(817, 30, 'Categorie Plan Comptable', 72, 'insertion', 'ajout d\'Une Categorie Comptable RECETTE', 11, '2022-10-20 15:10:18'),
(818, 30, 'Sous Categorie Comptable', 168, 'insertion', 'ajout d\'Une Sous Categorie Comptable Achat des marchandises', 11, '2022-10-20 15:10:19'),
(819, 30, 'Sous Categorie Comptable', 169, 'insertion', 'ajout d\'Une Sous Categorie Comptable Achat de matieres premieres et fournitures liees', 11, '2022-10-20 15:10:20'),
(820, 30, 'Sous Categorie Comptable', 170, 'insertion', 'ajout d\'Une Sous Categorie Comptable Autres Achats', 11, '2022-10-20 15:10:20'),
(821, 30, 'Sous Categorie Comptable', 171, 'insertion', 'ajout d\'Une Sous Categorie Comptable Transport', 11, '2022-10-20 15:10:21'),
(822, 30, 'Sous Categorie Comptable', 172, 'insertion', 'ajout d\'Une Sous Categorie Comptable Services Exterieures A', 11, '2022-10-20 15:10:22'),
(823, 30, 'Sous Categorie Comptable', 173, 'insertion', 'ajout d\'Une Sous Categorie Comptable Impot et taxe', 11, '2022-10-20 15:10:22'),
(824, 30, 'Sous Categorie Comptable', 174, 'insertion', 'ajout d\'Une Sous Categorie Comptable Autres charges', 11, '2022-10-20 15:10:23'),
(825, 30, 'Sous Categorie Comptable', 175, 'insertion', 'ajout d\'Une Sous Categorie Comptable Chare Personnel', 11, '2022-10-20 15:10:23'),
(826, 30, 'Sous Categorie Comptable', 176, 'insertion', 'ajout d\'Une Sous Categorie Comptable Dotation aux amortissements, provisions et depreciation', 11, '2022-10-20 15:10:24'),
(827, 30, 'Sous Categorie Comptable', 177, 'insertion', 'ajout d\'Une Sous Categorie Comptable Autres charge HAO', 11, '2022-10-20 15:10:25'),
(828, 30, 'Sous Categorie Comptable', 178, 'insertion', 'ajout d\'Une Sous Categorie Comptable Impot sur le resultat ', 11, '2022-10-20 15:10:25'),
(829, 30, 'Sous Categorie Comptable', 179, 'insertion', 'ajout d\'Une Sous Categorie Comptable Vente des marchandises', 11, '2022-10-20 15:10:26'),
(830, 30, 'Sous Categorie Comptable', 180, 'insertion', 'ajout d\'Une Sous Categorie Comptable variation de stock', 11, '2022-10-20 15:10:27'),
(831, 30, 'Sous Categorie Comptable', 181, 'insertion', 'ajout d\'Une Sous Categorie Comptable Travaux et services vendus', 11, '2022-10-20 15:10:27'),
(832, 30, 'Sous Categorie Comptable Affectée', 55, 'mise à jour', 'mise à jourde de la Sous Categorie Comptable Affectée ID : 55', 11, '2022-10-20 15:10:33'),
(833, 30, 'Livre caisse banque', 28, 'insertion', 'ajout d\'une entrée de livre de caisse banque ID = 28', 11, '2022-10-20 15:10:34'),
(834, 30, 'Livre caisse banque', 29, 'insertion', 'ajout d\'une entrée de livre de caisse banque ID = 29', 11, '2022-10-20 15:10:35'),
(835, 30, 'Livre caisse banque', 30, 'insertion', 'ajout d\'une entrée de livre de caisse banque ID = 30', 11, '2022-10-20 15:10:36'),
(836, 30, 'Livre caisse banque', 31, 'insertion', 'ajout d\'une entrée de livre de caisse banque ID = 31', 11, '2022-10-20 15:10:37'),
(837, 30, 'Livre caisse banque', 32, 'insertion', 'ajout d\'une entrée de livre de caisse banque ID = 32', 11, '2022-10-20 15:10:38'),
(838, 30, 'Livre caisse banque', 33, 'insertion', 'ajout d\'une entrée de livre de caisse banque ID = 33', 11, '2022-10-20 15:10:38'),
(839, 30, 'Livre caisse banque', 34, 'insertion', 'ajout d\'une entrée de livre de caisse banque ID = 34', 11, '2022-10-20 15:10:39'),
(840, 30, 'Livre caisse banque', 35, 'insertion', 'ajout d\'une entrée de livre de caisse banque ID = 35', 11, '2022-10-20 15:10:40'),
(841, 30, 'Livre caisse banque', 36, 'insertion', 'ajout d\'une entrée de livre de caisse banque ID = 36', 11, '2022-10-20 15:10:40'),
(842, 30, 'Livre caisse banque', 37, 'insertion', 'ajout d\'une entrée de livre de caisse banque ID = 37', 11, '2022-10-20 15:10:41'),
(843, 30, 'Livre caisse banque', 38, 'insertion', 'ajout d\'une entrée de livre de caisse banque ID = 38', 11, '2022-10-20 15:10:41'),
(844, 30, 'Livre caisse banque', 39, 'insertion', 'ajout d\'une entrée de livre de caisse banque ID = 39', 11, '2022-10-20 15:10:42'),
(845, 30, 'Sous Categorie Comptable', 178, 'mise à jour', 'mise à jourde de la Sous Categorie Comptable Impot sur le resultat ', 11, '2022-10-20 15:10:44'),
(846, 30, 'Sous Categorie Comptable', 177, 'mise à jour', 'mise à jourde de la Sous Categorie Comptable Autres charge HAO', 11, '2022-10-20 15:10:44'),
(847, 30, 'Sous Categorie Comptable Affectée', 55, 'mise à jour', 'mise à jourde de la Sous Categorie Comptable Affectée ID : 55', 11, '2022-10-20 15:10:45'),
(848, 30, 'Livre caisse banque', 40, 'insertion', 'ajout d\'une entrée de livre de caisse banque ID = 40', 11, '2022-10-20 15:10:46'),
(849, 30, 'Livre caisse banque', 41, 'insertion', 'ajout d\'une entrée de livre de caisse banque ID = 41', 11, '2022-10-20 15:10:47'),
(850, 30, 'Livre caisse banque', 42, 'insertion', 'ajout d\'une entrée de livre de caisse banque ID = 42', 11, '2022-10-20 15:10:49'),
(851, 30, 'null', NULL, 'déconnexion', 'déconnexion du systeme', 11, '2022-10-20 16:10:08'),
(852, 1, 'null', NULL, 'connexion', 'connexion au systeme', 0, '2022-10-20 16:10:08'),
(853, 1, 'null', NULL, 'connexion', 'connexion au systeme', 0, '2022-10-21 08:10:51'),
(854, 1, 'null', NULL, 'déconnexion', 'déconnexion du systeme', 0, '2022-10-21 08:10:54'),
(855, 1, 'null', NULL, 'connexion', 'connexion au systeme', 0, '2022-10-21 08:10:59'),
(856, 1, 'null', NULL, 'déconnexion', 'déconnexion du systeme', 0, '2022-10-21 09:10:00'),
(857, 45, 'null', NULL, 'connexion', 'connexion au systeme', 21, '2022-10-21 09:10:01'),
(858, 45, 'null', NULL, 'déconnexion', 'déconnexion du systeme', 21, '2022-10-21 09:10:26'),
(859, 1, 'null', NULL, 'connexion', 'connexion au systeme', 0, '2022-10-21 09:10:27'),
(860, 1, 'null', NULL, 'déconnexion', 'déconnexion du systeme', 0, '2022-10-21 09:10:29'),
(861, 30, 'null', NULL, 'connexion', 'connexion au systeme', 11, '2022-10-21 09:10:29'),
(862, 45, 'null', NULL, 'connexion', 'connexion au systeme', 21, '2022-10-21 11:10:00'),
(863, 45, 'Sous Categorie Comptable', 48, 'Suppression', 'suppression de la Sous Categorie Comptable Affectée ID : 48', 21, '2022-10-21 11:10:01'),
(864, 45, 'Sous Categorie Comptable Affectée ', 56, 'insertion', 'ajout d\'Une Sous Categorie Comptable Affectée ID : 56', 21, '2022-10-21 11:10:06'),
(865, 1, 'null', NULL, 'connexion', 'connexion au systeme', 0, '2022-10-21 11:10:20'),
(866, 45, 'Une caisse', 3, 'insertion', 'ajout d\'une caisse Caisse-Salama USD', 21, '2022-10-21 11:10:55'),
(867, 45, 'Une caisse', 4, 'insertion', 'ajout d\'une caisse Banque-Salama USD', 21, '2022-10-21 11:10:58'),
(868, 45, 'Livre caisse banque', 43, 'insertion', 'ajout d\'une entrée de livre de caisse banque ID = 43', 21, '2022-10-21 12:10:04'),
(869, 45, 'Livre caisse banque', 44, 'insertion', 'ajout d\'une entrée de livre de caisse banque ID = 44', 21, '2022-10-21 12:10:05'),
(870, 45, 'Livre caisse banque', 45, 'insertion', 'ajout d\'une entrée de livre de caisse banque ID = 45', 21, '2022-10-21 12:10:07'),
(871, 45, 'Livre caisse banque', 46, 'insertion', 'ajout d\'une entrée de livre de caisse banque ID = 46', 21, '2022-10-21 12:10:09'),
(872, 45, 'Livre caisse banque', 47, 'insertion', 'ajout d\'une entrée de livre de caisse banque ID = 47', 21, '2022-10-21 12:10:10'),
(873, 45, 'Livre caisse banque', 48, 'insertion', 'ajout d\'une entrée de livre de caisse banque ID = 48', 21, '2022-10-21 12:10:12'),
(874, 45, 'Livre caisse banque', 49, 'insertion', 'ajout d\'une entrée de livre de caisse banque ID = 49', 21, '2022-10-21 12:10:13'),
(875, 45, 'Livre caisse banque', 50, 'insertion', 'ajout d\'une entrée de livre de caisse banque ID = 50', 21, '2022-10-21 12:10:14'),
(876, 45, 'Livre caisse banque', 51, 'insertion', 'ajout d\'une entrée de livre de caisse banque ID = 51', 21, '2022-10-21 12:10:15'),
(877, 45, 'Livre caisse banque', 52, 'insertion', 'ajout d\'une entrée de livre de caisse banque ID = 52', 21, '2022-10-21 12:10:17'),
(878, 45, 'Livre caisse banque', 53, 'insertion', 'ajout d\'une entrée de livre de caisse banque ID = 53', 21, '2022-10-21 12:10:18'),
(879, 45, 'Livre caisse banque', 54, 'insertion', 'ajout d\'une entrée de livre de caisse banque ID = 54', 21, '2022-10-21 12:10:19'),
(880, 45, 'Livre caisse banque', 55, 'insertion', 'ajout d\'une entrée de livre de caisse banque ID = 55', 21, '2022-10-21 12:10:20'),
(881, 45, 'Livre caisse banque', 56, 'insertion', 'ajout d\'une entrée de livre de caisse banque ID = 56', 21, '2022-10-21 12:10:22'),
(882, 45, 'Livre caisse banque', 57, 'insertion', 'ajout d\'une entrée de livre de caisse banque ID = 57', 21, '2022-10-21 12:10:23'),
(883, 45, 'Livre caisse banque', 58, 'insertion', 'ajout d\'une entrée de livre de caisse banque ID = 58', 21, '2022-10-21 12:10:24'),
(884, 45, 'null', NULL, 'connexion', 'connexion au systeme', 21, '2022-10-21 12:10:28'),
(885, 45, 'Livre caisse banque', 58, 'Suppression', 'suppression de l\'entrée de livre de caisse banque  ID = 58', 21, '2022-10-21 12:10:28'),
(886, 45, 'Livre caisse banque', 59, 'insertion', 'ajout d\'une entrée de livre de caisse banque ID = 59', 21, '2022-10-21 12:10:30'),
(887, 1, 'Entreprise Salesienne', 32, 'insertion', 'ajout de l\'entreprise salesienne Situation de la province', 0, '2022-10-21 12:10:31'),
(888, 45, 'Livre caisse banque', 60, 'insertion', 'ajout d\'une entrée de livre de caisse banque ID = 60', 21, '2022-10-21 12:10:31'),
(889, 45, 'Livre caisse banque', 61, 'insertion', 'ajout d\'une entrée de livre de caisse banque ID = 61', 21, '2022-10-21 12:10:33'),
(890, 45, 'Livre caisse banque', 62, 'insertion', 'ajout d\'une entrée de livre de caisse banque ID = 62', 21, '2022-10-21 12:10:33'),
(891, 45, 'Livre caisse banque', 63, 'insertion', 'ajout d\'une entrée de livre de caisse banque ID = 63', 21, '2022-10-21 12:10:35'),
(892, 45, 'Livre caisse banque', 64, 'insertion', 'ajout d\'une entrée de livre de caisse banque ID = 64', 21, '2022-10-21 12:10:35'),
(893, 45, 'Livre caisse banque', 65, 'insertion', 'ajout d\'une entrée de livre de caisse banque ID = 65', 21, '2022-10-21 12:10:36'),
(894, 45, 'Livre caisse banque', 66, 'insertion', 'ajout d\'une entrée de livre de caisse banque ID = 66', 21, '2022-10-21 12:10:37'),
(895, 45, 'Livre caisse banque', 67, 'insertion', 'ajout d\'une entrée de livre de caisse banque ID = 67', 21, '2022-10-21 12:10:39'),
(896, 45, 'Livre caisse banque', 68, 'insertion', 'ajout d\'une entrée de livre de caisse banque ID = 68', 21, '2022-10-21 12:10:40'),
(897, 45, 'Livre caisse banque', 69, 'insertion', 'ajout d\'une entrée de livre de caisse banque ID = 69', 21, '2022-10-21 14:10:16'),
(898, 45, 'Livre caisse banque', 70, 'insertion', 'ajout d\'une entrée de livre de caisse banque ID = 70', 21, '2022-10-21 14:10:17'),
(899, 45, 'Livre caisse banque', 71, 'insertion', 'ajout d\'une entrée de livre de caisse banque ID = 71', 21, '2022-10-21 14:10:18'),
(900, 45, 'Livre caisse banque', 72, 'insertion', 'ajout d\'une entrée de livre de caisse banque ID = 72', 21, '2022-10-21 14:10:19'),
(901, 45, 'Livre caisse banque', 73, 'insertion', 'ajout d\'une entrée de livre de caisse banque ID = 73', 21, '2022-10-21 14:10:21'),
(902, 45, 'Livre caisse banque', 74, 'insertion', 'ajout d\'une entrée de livre de caisse banque ID = 74', 21, '2022-10-21 14:10:22'),
(903, 45, 'Livre caisse banque', 75, 'insertion', 'ajout d\'une entrée de livre de caisse banque ID = 75', 21, '2022-10-21 14:10:23'),
(904, 45, 'Livre caisse banque', 76, 'insertion', 'ajout d\'une entrée de livre de caisse banque ID = 76', 21, '2022-10-21 14:10:25'),
(905, 45, 'Livre caisse banque', 77, 'insertion', 'ajout d\'une entrée de livre de caisse banque ID = 77', 21, '2022-10-21 14:10:27'),
(906, 45, 'Livre caisse banque', 78, 'insertion', 'ajout d\'une entrée de livre de caisse banque ID = 78', 21, '2022-10-21 14:10:27'),
(907, 45, 'Livre caisse banque', 79, 'insertion', 'ajout d\'une entrée de livre de caisse banque ID = 79', 21, '2022-10-21 14:10:29'),
(908, 45, 'Livre caisse banque', 80, 'insertion', 'ajout d\'une entrée de livre de caisse banque ID = 80', 21, '2022-10-21 14:10:30'),
(909, 45, 'Livre caisse banque', 81, 'insertion', 'ajout d\'une entrée de livre de caisse banque ID = 81', 21, '2022-10-21 14:10:32'),
(910, 45, 'Livre caisse banque', 82, 'insertion', 'ajout d\'une entrée de livre de caisse banque ID = 82', 21, '2022-10-21 14:10:33'),
(911, 45, 'Livre caisse banque', 83, 'insertion', 'ajout d\'une entrée de livre de caisse banque ID = 83', 21, '2022-10-21 14:10:36'),
(912, 1, 'null', NULL, 'déconnexion', 'déconnexion du systeme', 0, '2022-10-21 14:10:41'),
(913, 45, 'null', NULL, 'connexion', 'connexion au systeme', 21, '2022-10-21 14:10:42'),
(914, 45, 'Livre caisse banque', 84, 'insertion', 'ajout d\'une entrée de livre de caisse banque ID = 84', 21, '2022-10-21 14:10:50'),
(915, 30, 'null', NULL, 'connexion', 'connexion au systeme', 11, '2022-10-21 14:10:53'),
(916, 30, 'Sous Categorie Comptable', 175, 'mise à jour', 'mise à jourde de la Sous Categorie Comptable Charge Personnel', 11, '2022-10-21 14:10:54'),
(917, 30, 'Sous Categorie Comptable', 166, 'mise à jour', 'mise à jourde de la Sous Categorie Comptable Personnel', 11, '2022-10-21 14:10:55'),
(918, 30, 'Sous Categorie Comptable', 175, 'mise à jour', 'mise à jourde de la Sous Categorie Comptable Charges Personnelles', 11, '2022-10-21 14:10:55'),
(919, 30, 'Sous Categorie Comptable', 166, 'mise à jour', 'mise à jourde de la Sous Categorie Comptable Personnelle', 11, '2022-10-21 14:10:55'),
(920, 45, 'null', NULL, 'déconnexion', 'déconnexion du systeme', 21, '2022-10-21 15:10:49'),
(921, 1, 'null', NULL, 'connexion', 'connexion au systeme', 0, '2022-10-21 15:10:49'),
(922, 1, 'null', NULL, 'connexion', 'connexion au systeme', 0, '2022-10-24 09:10:08'),
(923, 45, 'null', NULL, 'connexion', 'connexion au systeme', 21, '2022-10-24 09:10:15'),
(924, 1, 'null', NULL, 'connexion', 'connexion au systeme', 0, '2022-10-24 11:10:47'),
(925, 1, 'null', NULL, 'déconnexion', 'déconnexion du systeme', 0, '2022-10-24 11:10:49'),
(926, 45, 'null', NULL, 'connexion', 'connexion au systeme', 21, '2022-10-24 11:10:49'),
(927, 30, 'null', NULL, 'connexion', 'connexion au systeme', 11, '2022-10-24 14:10:37'),
(928, 30, 'Livre caisse banque', 85, 'insertion', 'ajout d\'une entrée de livre de caisse banque ID = 85', 11, '2022-10-24 15:10:16'),
(929, 30, 'Livre caisse banque', 86, 'insertion', 'ajout d\'une entrée de livre de caisse banque ID = 86', 11, '2022-10-24 15:10:35'),
(930, 1, 'null', NULL, 'connexion', 'connexion au systeme', 0, '2022-10-24 16:10:06'),
(931, 1, 'null', NULL, 'connexion', 'connexion au systeme', 0, '2022-10-25 09:10:44'),
(932, 1, 'null', NULL, 'connexion', 'connexion au systeme', 0, '2022-10-25 11:10:15'),
(933, 1, 'null', NULL, 'connexion', 'connexion au systeme', 0, '2022-10-25 16:10:06'),
(934, 1, 'null', NULL, 'connexion', 'connexion au systeme', 0, '2022-10-25 18:10:49'),
(935, 1, 'null', NULL, 'connexion', 'connexion au systeme', 0, '2022-10-26 08:10:38'),
(936, 1, 'null', NULL, 'connexion', 'connexion au systeme', 0, '2022-10-26 09:10:35'),
(937, 1, 'null', NULL, 'connexion', 'connexion au systeme', 0, '2022-10-27 08:10:57'),
(938, 1, 'null', NULL, 'connexion', 'connexion au systeme', 0, '2022-10-27 09:10:48'),
(939, 1, 'null', NULL, 'connexion', 'connexion au systeme', 0, '2022-10-27 14:10:09'),
(940, 30, 'null', NULL, 'connexion', 'connexion au systeme', 11, '2022-10-28 08:10:27');

-- --------------------------------------------------------

--
-- Table structure for table `budget_entreprise_salesienne`
--

CREATE TABLE `budget_entreprise_salesienne` (
  `id_budget_entreprise_salesienne` int(11) NOT NULL,
  `id_foreign_sous_categorie_affectee_budget` int(11) DEFAULT NULL,
  `unite_1` int(11) DEFAULT NULL,
  `id_foreign_type_unite_1` int(11) DEFAULT NULL,
  `unite_2` int(11) DEFAULT NULL,
  `id_foreign_type_unite_2` int(11) DEFAULT NULL,
  `recette_cout_unitaire` decimal(11,2) DEFAULT NULL,
  `recette_cout_total` decimal(11,2) DEFAULT NULL,
  `annee_exercice` year(4) NOT NULL,
  `id_foreign_budget_entreprise_salesienne` int(11) DEFAULT NULL
) ENGINE=InnoDB DEFAULT CHARSET=utf8mb4;

-- --------------------------------------------------------

--
-- Table structure for table `caisse`
--

CREATE TABLE `caisse` (
  `id_caisse` int(11) NOT NULL,
  `nom_caisse` varchar(100) NOT NULL,
  `montant_caisse` decimal(11,2) DEFAULT NULL,
  `id_devise` int(11) DEFAULT NULL,
  `id_foreign_entreprise_salesienne` int(11) DEFAULT NULL,
  `id_foreign_type_caisse` int(11) DEFAULT NULL,
  `numero_caisse` varchar(100) NOT NULL,
  `is_caisse_active` int(11) DEFAULT NULL,
  `date_enregistrement_caisse_salesienne` date NOT NULL
) ENGINE=InnoDB DEFAULT CHARSET=utf8mb4;

--
-- Dumping data for table `caisse`
--

INSERT INTO `caisse` (`id_caisse`, `nom_caisse`, `montant_caisse`, `id_devise`, `id_foreign_entreprise_salesienne`, `id_foreign_type_caisse`, `numero_caisse`, `is_caisse_active`, `date_enregistrement_caisse_salesienne`) VALUES
(1, 'Caisse USD imara', '181.69', 2, 11, 1, 'CAISSE-USD-IMARA-1', 1, '2022-10-18'),
(2, 'Banque USD imara', '306.00', 2, 11, 2, 'BANQUE-IMARA-1', 1, '2022-10-18'),
(3, 'Caisse-Salama USD', '195.00', 2, 21, 1, '002', 1, '2022-10-21'),
(4, 'Banque-Salama USD', '336.00', 2, 21, 2, '002', 1, '2022-10-21');

-- --------------------------------------------------------

--
-- Table structure for table `categorie_accounting`
--

CREATE TABLE `categorie_accounting` (
  `id_categorie_accounting` int(11) NOT NULL,
  `designation` varchar(200) NOT NULL,
  `id_foreign_type_categorie_accounting` int(11) DEFAULT NULL
) ENGINE=InnoDB DEFAULT CHARSET=utf8mb4;

--
-- Dumping data for table `categorie_accounting`
--

INSERT INTO `categorie_accounting` (`id_categorie_accounting`, `designation`, `id_foreign_type_categorie_accounting`) VALUES
(1, 'Eaux & Electricites', 2),
(2, 'Carburant', 2),
(3, 'Entretient Equipement', 2),
(4, 'Paiement Client', 1),
(5, 'Paiement Dette', 1);

-- --------------------------------------------------------

--
-- Table structure for table `categorie_plan_comptable`
--

CREATE TABLE `categorie_plan_comptable` (
  `id_categorie_plan_comptable` int(11) NOT NULL,
  `designation_categorie_plan_comptable` varchar(100) NOT NULL,
  `description` text NOT NULL,
  `id_foreign_entreprise_salesienne_categorie_plan_comptable` int(11) NOT NULL,
  `id_foreign_type_categorie_plan_comptable` int(11) DEFAULT NULL
) ENGINE=InnoDB DEFAULT CHARSET=utf8mb4;

--
-- Dumping data for table `categorie_plan_comptable`
--

INSERT INTO `categorie_plan_comptable` (`id_categorie_plan_comptable`, `designation_categorie_plan_comptable`, `description`, `id_foreign_entreprise_salesienne_categorie_plan_comptable`, `id_foreign_type_categorie_plan_comptable`) VALUES
(1, 'Recettes des institutions', '<p>\n	&nbsp;Apports Exterieurs <span style=\"white-space: pre;\"> </span></p>\n<p>\n	Autofinancement <span style=\"white-space: pre;\"> </span></p>\n<p>\n	Produits Financiers</p>\n', 2, 1),
(2, 'RECETTE', '', 2, 1),
(3, 'Meubles, Equipement & Mobilier (2100-2800)', '', 2, 2),
(4, 'Activités Clés (6000-6468)', '', 2, 2),
(5, 'Transport (6140-6183)', 'Il enregistre toutes les dépenses liées aux transport administratifs pour la mise en œuvre des activités de SDB. Ces transport ne peut avoir une activité spécifique plutôt les courses administratifs et de gestion', 2, 2),
(6, 'Voyage (6181)', 'il enregistre tous les frais de voyage dont l\'objet est purement d\'administration et fonctionnement de l\'organisation. Pas de voyage specifique à une activité ou un atélier.', 2, 2),
(7, 'Coûts Bureau (6047-6242)', 'Ce compte enregistre les opération de tout le cout lié au fonctionnement du bureau (Carburant véhicule & groupe, entretien etc…)', 2, 2),
(8, 'Communication (6281-6283)', 'Il enregistre les dépenses de communication (Internet, telephone, phaxe, etc) ces dépenses ne concerne que le besoin pour le fonctionnement du bureau administratif', 2, 2),
(9, 'Suivi & Evaluation (6330)', 'Enregistre toutes les dépenses engagées pour le Suivi et Evaluation', 2, 2),
(10, 'Impôts et taxes (6410-6468)', 'Enregistre toutes les taxes et impot dû et versée à l\'etat', 2, 2),
(11, 'Autres (6581-6582)', 'Autres charges ', 2, 2),
(12, 'Personnel (6611-6690)', 'Enregistre toutes les dépenses de personnel (salaire, impot sur salaire, Cnss, Inpp, Onem, etc)', 2, 2),
(13, 'Frais Bancaire (6310)', 'Enregistre toutes les charges bancaires et de frais de transfert de fonds.', 2, 2),
(14, 'Transfers Entre Les Livres De Caisse Et Banque (5211-5852)', 'Compte de transition pour des transfert inter compte banque et caisse vise versa', 2, 2),
(15, 'Floats payé/remboursé (4211-4287)', 'Enregistre les opération d\'avance au staff (avance de mission, avance d\'achat locale, etc)', 2, 2),
(16, 'Actifs circulants', '', 2, 2),
(17, 'les comptes réalisables', '', 2, 2),
(18, 'les disponibles', '', 2, 2),
(19, 'Capitaux propres (1000 - 1599)', '', 2, 2),
(20, 'Capitaux permanent (1600 - 1999)', '', 2, 2),
(21, 'Passifs Circulants (4000 -4999)', '', 2, 2),
(22, 'RECETTE (7000-7700)', '', 1, 1),
(23, 'Meubles, Equipement & Mobilier (2100-2800)', '', 1, 2),
(26, 'imprimerie', '\r\n	impression sur differents supports\r\n', 21, 1),
(27, 'VV', '\r\n	Cat&eacute;gorie qui enregistre la vente des vaches\r\n', 12, 1),
(28, 'hôtellerie', '\r\n	Argent pension des &eacute;dudiants\r\n', 10, 1),
(29, 'vente légumes', '\r\n	l&eacute;gumes jardin 1 et 2\r\n', 3, 1),
(30, 'LOCATION GRANDE SALLE', '\r\n	La location de la grande salle polyvalente\r\n', 22, 1),
(32, 'Vente légumes', '\r\n	L&eacute;gumes jardin 1 et 2\r\n', 3, 1),
(33, 'PENSIONS PROVINCES', '\r\n	Contribution des diff&eacute;rentes provinces (AFC et ACC)\r\n', 13, 1),
(34, 'Hotellerie', '\r\n	loyer des chambres &agrave; des tierces personnes\r\n', 15, 1),
(35, 'HÔTELLERIE', '\n	LOYER DES CHAMBRES A DE TIERSES PERSONNES\n', 15, 1),
(36, 'QUÊTE ET COLLECTES', '\r\n	Les collectes de la chapelle\r\n', 23, 1),
(37, 'CFP MDJ-Frais minérvals élèves', '\r\n	Contributions des &eacute;l&egrave;ves qui sont reguliers au courant de l&#39;ann&eacute;e 2022-2023\r\n', 19, 1),
(38, 'Vente EAU', '\n	Aqua don bosco\n', 2, 1),
(39, 'Vente EAU', '\n	Aqua don bosco\n', 2, 1),
(40, 'vente eau', '\r\n	distribution &agrave; la population\r\n', 20, 1),
(41, 'ventre des médicament', '\r\n	ventre des m&eacute;dicament de la pharmacie\r\n', 22, 1),
(43, 'ACHAT NOURRITURE', '\r\n	ACHAT NOURRITURE POUR LA COMMUNAUTE\r\n', 13, 2),
(44, 'AP FORMATEUR', '', 23, 1),
(45, 'SUBSIDE TMB', '\r\n	Contribution des &eacute;tudiants par province\r\n', 23, 1),
(46, 'imprimerie depense', '\r\n	achat papiers\r\n', 21, 2),
(47, 'Nourriture', '\r\n	Alimentation des conf&egrave;res et jeunes\r\n', 10, 2),
(49, 'PATRONAGE- ORATOIRE', '', 23, 2),
(50, 'AP', '\r\n	ARGENT de pauche pour les confreres\r\n', 22, 2),
(51, 'paiement l\'ouvrier', '\r\n	salaire mensuel\r\n', 20, 2),
(52, 'Achat foin', '\r\n	Categorie qui enregistre les achats des foins pour les vaches\r\n', 12, 2),
(53, 'Achat engrais', '\r\n	engrais pour jardin 1 et 2\r\n', 3, 2),
(54, 'achat engrais', '\r\n	engrais pour jardin 1 et 2\r\n', 3, 2),
(55, 'NOURRITURE', '\r\n	Achats ville et Kasumbalesa+boisson\r\n', 23, 2),
(57, 'RÉPARATION VOITURE ', '\n	Natre voiture a connu un accident en date du 29/07/2022\n', 15, 2),
(58, 'achat carburant véhicule', '\r\n	le carburant des voitures\r\n', 22, 2),
(59, 'CFP DEPENSES -MDJ ', '\r\n	Toutes les depenses li&eacute;es au fonctionnement de l&#39;etabilissemnt. CDF\r\n', 19, 2),
(60, 'réparation voiture', '\r\n	La voiture a connu u&nbsp; accident en date du 29 juillet 2022\r\n', 15, 2),
(61, 'mec auto', '\r\n	reparation v&eacute;hicules\r\n', 21, 1),
(62, 'Achat bouchons', '\n	achat bouchons aqua&nbsp;\n', 2, 2),
(63, 'Agriculture', '\r\n	Vente des l&eacute;gumes\r\n', 18, 2),
(64, 'Acueil', '\r\n	acueil des groupes\r\n', 18, 1),
(65, 'Actifs immobilisés', '', 11, 2),
(66, 'Actifs circulants', '', 11, 2),
(67, 'Trésorerie actif', '', 11, 2),
(68, 'Ressources propres', '', 11, 1),
(69, 'passifs circulants', '', 11, 1),
(70, 'Trésorerie passif', '', 11, 1),
(71, 'Activités Clés', '', 11, 2),
(72, 'RECETTE', '', 11, 1);

-- --------------------------------------------------------

--
-- Table structure for table `depense`
--

CREATE TABLE `depense` (
  `id_depense` int(11) NOT NULL,
  `nom_table` varchar(100) NOT NULL,
  `id_entree` int(11) NOT NULL,
  `montant_depense` float NOT NULL,
  `solde_restant` float NOT NULL,
  `designation` text NOT NULL,
  `fichier_joint` varchar(100) NOT NULL,
  `date_enregistrement` date NOT NULL
) ENGINE=InnoDB DEFAULT CHARSET=utf8mb4;

--
-- Dumping data for table `depense`
--

INSERT INTO `depense` (`id_depense`, `nom_table`, `id_entree`, `montant_depense`, `solde_restant`, `designation`, `fichier_joint`, `date_enregistrement`) VALUES
(1, 'vehicule_dedouane', 5, 100, 0, '<p>\n	Achat document desouannement DGDA</p>\n', '04b26-capture-d-ecran-de-2021-02-08-14-45-52.png', '2021-02-08'),
(2, 'vehicule_dedouane', 5, 300, 0, '<p>\n	Achat document DGRAD et assurance&nbsp;</p>\n', '35b70-capture-d-ecran-de-2021-02-08-14-45-52.png', '2021-02-08'),
(3, 'vehicule_dedouane', 4, 300, 0, '<p>\n	Achat documents DGDA</p>\n', '5113e-envirocare.jpg', '2021-02-08'),
(4, 'commande', 6, 500, 0, '<p>\n	frais de commission</p>\n', 'f3409-sales-quotation_1120418_20210209_7032gp-ussd-rdc-nrb.pdf', '2021-02-18'),
(5, 'commande', 6, 1000, 0, '<p>\n	frais de livraison chine - rdc</p>\n', '30fcd-sales-quotation_1120418_20210209_7032gp-ussd-rdc-nrb.pdf', '2021-02-18'),
(6, 'commande', 3, 3000, 0, '<p>\n	commisions</p>\n', 'abbef-sales-quotation_1120418_20210209_7032gp-ussd-rdc-nrb.pdf', '2021-02-18'),
(7, 'commande', 3, 500, 0, '<p>\n	Livraison du produit</p>\n', '3056d-sales-quotation_1120418_20210209_7032gp-ussd-rdc-nrb.pdf', '2021-02-18'),
(8, 'commande', 7, 500, 0, '<p>\n	frais livraison</p>\n', '7abdb-accessoire-mode.jpg', '2021-02-23'),
(9, 'commande', 7, 700, 0, '<p>\n	frais de livraison</p>\n', '9ac33-chapitre-1.-la-rencontre.pdf', '2021-02-24'),
(10, 'commande', 8, 500, 0, '<p>\n	commission</p>\n', '188eb-chapitre-1.-la-rencontre.pdf', '2021-02-24'),
(11, 'commande', 11, 500, 0, '<p>\n	taxe frais livraison</p>\n', 'db57f-cover.pdf', '2021-04-08');

-- --------------------------------------------------------

--
-- Table structure for table `depense_caisse`
--

CREATE TABLE `depense_caisse` (
  `id_depense_caisse` int(11) NOT NULL,
  `montant_depense` int(11) NOT NULL,
  `id_foreign_entree_caisse` int(11) DEFAULT NULL,
  `id_foreign_categorie_accounting` int(11) DEFAULT NULL,
  `description_depense_caisse` text NOT NULL,
  `id_foreign_entreprise_salesienne_depense_caisse` int(11) DEFAULT NULL,
  `file_preuve` varchar(100) NOT NULL,
  `date_enregistrement_depense_caisse` date NOT NULL
) ENGINE=InnoDB DEFAULT CHARSET=utf8mb4;

-- --------------------------------------------------------

--
-- Table structure for table `device_caisse`
--

CREATE TABLE `device_caisse` (
  `id_device_caisse` int(11) NOT NULL,
  `designation` varchar(100) NOT NULL,
  `abreviation` varchar(100) NOT NULL
) ENGINE=InnoDB DEFAULT CHARSET=utf8mb4;

--
-- Dumping data for table `device_caisse`
--

INSERT INTO `device_caisse` (`id_device_caisse`, `designation`, `abreviation`) VALUES
(1, 'Francs Congolais', 'CDF'),
(2, 'Dollars Américains', 'USD'),
(3, 'Euro', 'EUR');

-- --------------------------------------------------------

--
-- Table structure for table `devise`
--

CREATE TABLE `devise` (
  `id_devise` int(11) NOT NULL,
  `designation` varchar(255) DEFAULT NULL,
  `abreviation` varchar(15) DEFAULT NULL,
  `token_devise` varchar(255) DEFAULT NULL,
  `is_deleted` int(11) DEFAULT NULL
) ENGINE=InnoDB DEFAULT CHARSET=utf8;

-- --------------------------------------------------------

--
-- Table structure for table `entree_caisse`
--

CREATE TABLE `entree_caisse` (
  `id_entree_caisse` int(11) NOT NULL,
  `montant_caisse` int(11) NOT NULL,
  `id_foreign_categorie_accounting` int(11) DEFAULT NULL,
  `description_entree_caisse` text NOT NULL,
  `id_foreign_entreprise_salesienne_entree_caisse` int(11) DEFAULT NULL,
  `id_foreign_caisse` int(11) DEFAULT NULL,
  `file_preuve` varchar(100) NOT NULL,
  `date_enregistrement_entree_caisse` date NOT NULL
) ENGINE=InnoDB DEFAULT CHARSET=utf8mb4;

-- --------------------------------------------------------

--
-- Table structure for table `entreprise`
--

CREATE TABLE `entreprise` (
  `id_entreprise` int(11) NOT NULL,
  `nom` varchar(100) NOT NULL,
  `telephone_contact` varchar(100) NOT NULL,
  `email` varchar(100) NOT NULL,
  `logo` varchar(100) NOT NULL,
  `is_systeme` int(11) DEFAULT NULL
) ENGINE=InnoDB DEFAULT CHARSET=utf8mb4;

--
-- Dumping data for table `entreprise`
--

INSERT INTO `entreprise` (`id_entreprise`, `nom`, `telephone_contact`, `email`, `logo`, `is_systeme`) VALUES
(1, 'Tenke fungurume Mining', '0971306978', 'tenke-admin@gmail.com', 'c92ef-tenke-logo.png', 2),
(2, 'Volvo Corp', '0971306970', 'volvo@gmail.com', '90a97-volta_png.png', 2),
(3, 'Voltat Projet', '', '', '', 1),
(4, 'Aem Co.za', '', '', '', 1),
(5, 'AEM S.A.R.L', '', '', '', 1),
(6, 'AMAZON', '', '', '', 1),
(7, 'Gecamine', '+2438100000000', 'gcm@gcm.com', '61681-gcm.jpg', 2),
(8, 'Kamoto copper company S.A', '+2438100000000', 'kcc@kcc.com', '5414f-kamoto.jpg', 2),
(9, 'MMG', '+2438100000000', 'mmg@mmg.com', '55bb6-mmg.jpeg', 2),
(10, 'WEM TRADING LTD', '', '', '', 1),
(11, 'WEM TRADING RDC', '', '', '', 1),
(12, 'Ruashi mining', '+243971403070', 'ruashi@ruashi.com', '0d9f1-logo_lushi_art.png', 2);

-- --------------------------------------------------------

--
-- Table structure for table `entreprise_salesienne`
--

CREATE TABLE `entreprise_salesienne` (
  `id_entreprise_salesienne` int(11) NOT NULL,
  `nom_entreprise_salesienne` varchar(100) NOT NULL,
  `logo_entreprise_salesienne` varchar(100) NOT NULL,
  `id_foreign_type_entreprise_salesienne` int(11) DEFAULT NULL,
  `adresse_entreprise_salesienne` varchar(200) NOT NULL,
  `tel_entreprise_salesienne` varchar(100) NOT NULL,
  `date_enregistrement_entreprise_salesienne` date NOT NULL
) ENGINE=InnoDB DEFAULT CHARSET=utf8mb4;

--
-- Dumping data for table `entreprise_salesienne`
--

INSERT INTO `entreprise_salesienne` (`id_entreprise_salesienne`, `nom_entreprise_salesienne`, `logo_entreprise_salesienne`, `id_foreign_type_entreprise_salesienne`, `adresse_entreprise_salesienne`, `tel_entreprise_salesienne`, `date_enregistrement_entreprise_salesienne`) VALUES
(1, 'Station Don Bosco', '', 2, 'adresse ', '243970000056', '2021-11-01'),
(2, 'Maison Provincial', 'bd8a7-logo_salesien.png', 2, 'adresse ', '243970000050', '2022-09-13'),
(3, 'Cité des jeunes', '29dcf-ecnoma_provincial.png', 2, '04, Av du muse', '243970000012', '2022-03-15'),
(5, 'Maison Provincial', 'bd8a7-logo_salesien.png', 2, 'adresse ', '243970000050', '2022-09-13'),
(7, 'Afia Don Bosco ', '', 1, 'Av. Route de la Kasapa, N° 1  ', '243971', '2022-05-15'),
(8, 'Bakanja-Magone', '', 1, 'Centre Bakanja-Magone,  Av. André Kakwasa, Q. Kampemba, N° 47  Lubumbashi ', '+243 89 25 36 207 ', '2022-05-15'),
(9, 'Cité des Jeunes Lubumbashi', '', 1, 'Cité des Jeunes, Av. des sports  N° 1', '+243 99 84 97 666 ', '2022-05-15'),
(10, 'Home Zanin ', '', 1, 'Home d’étudiants, Route Kasapa    	B.P. 1063   Lubumbashi ', ' +243 85 41 22 221‬ ', '2022-05-15'),
(11, 'Imara', '', 1, 'Collège Imara, Av. Maman Yemo, N° 1575  Q. Makutano, B.P. 296 Lubumbashi ', '+243 852 422 228', '2022-05-15'),
(12, ' Jacaranda ', '', 1, 'Ferme Bakanja-Jacaranda, Route Munama         N° 1381, Commune annexe de Lubumbashi', '+243 99 72 04 750  ', '2022-05-15'),
(13, 'Kansebula', '', 1, 'Institut St Jean Bosco Kansebula, Route Kafubu  B.P. 2467  Lubumbashi   ', '+243 970 790 850', '2022-05-15'),
(14, 'Kipushya', '', 1, 'Mission Catholique Ste Thérèse de Lisieux   B.P. c/o Procure Lubumbashi', '+243 81 73 67 999 ', '2022-05-15'),
(15, 'Mokambo', '', 1, 'Mission Catholique Mokambo P.O. BOX 41.390 Mufulira  (Zambia)', ' +243 99 58 38 807 ', '2022-05-15'),
(16, 'Provincialat ', '', 1, 'Provincialat SDB d’Afrique Centrale   Av. Ruwe  N° 1870  Lubumbashi  (RDC)', '+243 99 01 65 359 ', '2022-05-15'),
(17, 'Kasenga ', '', 1, 'kasenga', '+243 854 449 069 ', '2022-05-15'),
(18, 'Chem chem', '', 1, 'Chem-Chem, Q. Luwowoshi - Commune Ruashi, B.P. 801 Lubumbashi ', '+243 97 72 13 930 ', '2022-05-15'),
(19, 'Maison des Jeunes', '', 1, 'Av. Kundelungu N° 5,  Q. IV  Commune Ruashi, B.P. 801 Lubumbashi ', '+243 973 841 128', '2022-05-15'),
(20, 'Sakania', '', 1, 'Mission Catholique Dominique Savio  	 Av. Lunda Bululu  N° 5  Sakania  P.O. Box 71112  Ndola (Zambia) ', '+243 99 83 85 547 ', '2022-05-15'),
(21, 'Salama', '', 1, 'Av. Femmes congolaises, n°5  B.P.  2846   Lubumbashi ', '+243 99 89 53 667 ', '2022-05-15'),
(22, 'Tabacongo', '', 1, 'Paroisse Bikira Mwenye Huruma +Mama wa  Mapendo  Av. Circulaire, Q. Tabacongo, Lubumbashi  ', '+243 99 22 55 968 ', '2022-05-15'),
(23, 'Theologicum', '', 1, 'Institut de Théologie St François de Sales   Av. Manika N° 1, Q. Gambela   B.P. 882  Lubumbashi', '+243 81 66 94 090  ', '2022-05-15'),
(24, 'Bukavu', '', 1, 'Salésiens de Don Bosco Av. Industrielle N° 16  Kawa – Commune de Kadutu (Bukavu) c/o Archidiocèse de Bukavu-Economat Général B.P. 02 Cyangugu - Rwanda', '+243 99 70 35 650 ', '2022-05-15'),
(25, 'Nyakadaka', '', 1, 'Nyakadaka', '+243 828 808 557', '2022-05-15'),
(26, 'GOMA  ITIG', '', 1, 'ITIG Don Bosco, Av. de l’Aérodrome  B.P. 154 Goma ou  C/O B.P. 12 Gisenyi (Rwanda)   ', '+243 99 53 14 007 ', '2022-05-15'),
(27, 'Prenoviciat-Boscolac', '', 1, 'Quartier Lac vert – Nyabyunyu Buhimba – Goma', '+243 97 07 27 681 ', '2022-05-15'),
(28, 'GOMA-Ngangi', '', 1, 'Centre des Jeunes Don Bosco   Av. Ngangi II, Loc. Karisimbi,  B.P. 154  Goma  ', '+243 99 96 56 189 ', '2022-05-15'),
(29, 'Fermes Shasha ', '', 1, 'Shasha', '+243 97 52 13 908 ', '2022-05-15'),
(30, 'Uvira', '', 1, 'Salésiens de Don Bosco 	 B.P. 1888 Bujumbura (Burundi)', '+243 82 64 69 741 ', '2022-05-15'),
(31, 'Kansebula', '', 2, 'kansebula', '+243971403888', '2022-09-13'),
(32, 'Situation de la province', '83e3b-favicon.png', 1, 'Province', '+2439711111111', '2022-10-21');

-- --------------------------------------------------------

--
-- Table structure for table `etat_civil`
--

CREATE TABLE `etat_civil` (
  `id_etat_civil` int(11) NOT NULL,
  `designation` varchar(255) DEFAULT NULL,
  `token_etat_civil` varchar(255) DEFAULT NULL,
  `is_deleted` int(11) DEFAULT NULL
) ENGINE=InnoDB DEFAULT CHARSET=utf8;

--
-- Dumping data for table `etat_civil`
--

INSERT INTO `etat_civil` (`id_etat_civil`, `designation`, `token_etat_civil`, `is_deleted`) VALUES
(1, 'Célibataire', '745d0140e4541b3c522f766fddd45d9d64dec7ae', 0),
(2, 'Marié(e)', '12e7fae51297c9bc5b3a7b6398df82a8a8d53e05', 0),
(3, 'Divorcé(e)', '3dec3731f37127de94a9f84fd853859123cccf7e', 0),
(4, 'Veuf(ve)', '4060c190e8a4ca4f11cb72f7a2b5ef6b662e7f78', 0);

-- --------------------------------------------------------

--
-- Table structure for table `fonctionnalite`
--

CREATE TABLE `fonctionnalite` (
  `id_fonctionnalite` int(11) NOT NULL,
  `short_code` varchar(50) DEFAULT NULL,
  `designation` varchar(255) DEFAULT NULL,
  `id_group_fonctionnalite` int(11) DEFAULT NULL,
  `is_active` int(11) DEFAULT NULL,
  `system` int(11) DEFAULT NULL,
  `date_heure` datetime DEFAULT current_timestamp()
) ENGINE=InnoDB DEFAULT CHARSET=utf8;

--
-- Dumping data for table `fonctionnalite`
--

INSERT INTO `fonctionnalite` (`id_fonctionnalite`, `short_code`, `designation`, `id_group_fonctionnalite`, `is_active`, `system`, `date_heure`) VALUES
(1, 'compte', 'Gérer les Compte des utilisateurs ', 1, 1, 0, '2020-10-30 16:29:31'),
(2, 'depense_caisse', 'Gérer les dépenses ', 2, 1, 0, '2020-10-30 16:29:31'),
(8, 'role', 'Gérer les Rôles utilisateurs', 3, 1, 0, '2020-10-30 16:29:31'),
(10, 'livre_caisse_banque', 'Gérer les transactions sur les livres de caisse et les livres de banque', 4, 1, 0, '2020-10-30 16:29:31'),
(12, 'caisse', 'Gérer les caisses', 5, 1, 0, '2020-10-30 16:29:31'),
(14, 'entreprise_salesienne', 'Gérer les entreprises salesiennes', 6, 1, 0, '2020-10-30 16:29:31'),
(30, 'role_permission', 'Gérer les permissions sur les rôles', 1, 1, 0, '2021-02-07 22:39:00'),
(31, 'activite_user', 'Voir les Activités des utilisateurs', 1, 1, 0, '2021-02-07 22:45:13'),
(32, 'finance', 'Voir les états financiers', 12, 1, 0, '2021-02-07 22:47:48'),
(101, 'plan_comptable', 'Gérer les plans comptables', 1, 1, 0, '2021-11-10 12:50:42'),
(102, 'categorie_plan_comptable', 'Gérer les categories des plans comptables', 1, 1, 0, '2021-11-10 12:50:42'),
(103, 'sous_categorie_comptable', 'Gérer les sous catégories des plans comptables', 1, 1, 0, '2021-11-10 12:56:31'),
(104, 'budget', 'Gérer les Budgets ', 1, 1, 0, '2021-11-10 12:56:31'),
(105, 'type_unite', 'Gérer les types d\'unités ', 1, 1, 0, '2021-11-10 14:44:01'),
(106, 'balance', 'Voir Et Gérer la balance', NULL, NULL, NULL, '2021-11-24 14:47:33'),
(107, 'compte_resultat', 'Voir et Gérer le compte des résultats', 1, 1, 0, '2021-12-17 11:45:32'),
(108, 'bilan', 'Voir et Gérer le bilan', 1, 1, 0, '2021-12-17 14:05:38');

-- --------------------------------------------------------

--
-- Table structure for table `fournisseur`
--

CREATE TABLE `fournisseur` (
  `id_fournisseur` int(11) NOT NULL,
  `nom` varchar(100) NOT NULL,
  `telephone_contact` varchar(100) NOT NULL,
  `email` varchar(100) NOT NULL,
  `logo` varchar(100) NOT NULL,
  `date_enregistrement` date NOT NULL
) ENGINE=InnoDB DEFAULT CHARSET=utf8mb4;

--
-- Dumping data for table `fournisseur`
--

INSERT INTO `fournisseur` (`id_fournisseur`, `nom`, `telephone_contact`, `email`, `logo`, `date_enregistrement`) VALUES
(1, 'Li Ning', '', '', '2c9c0-li_ing.jpeg', '0000-00-00'),
(2, 'Cheung Kong Holdings', '', '', '44e74-cheung_kong_holdings.svg.png', '0000-00-00'),
(3, 'Hisense', '', '', 'ae9c2-hisence.jpg', '0000-00-00'),
(4, 'wem trading', '+243971603075', 'wem@wem.com', '5333e-about-1.png', '0000-00-00');

-- --------------------------------------------------------

--
-- Table structure for table `group_fonctionnalite`
--

CREATE TABLE `group_fonctionnalite` (
  `id_group_fonctionnalite` int(11) NOT NULL,
  `designation` varchar(255) DEFAULT NULL,
  `token_group_fonctionnalite` varchar(255) DEFAULT NULL
) ENGINE=InnoDB DEFAULT CHARSET=utf8;

--
-- Dumping data for table `group_fonctionnalite`
--

INSERT INTO `group_fonctionnalite` (`id_group_fonctionnalite`, `designation`, `token_group_fonctionnalite`) VALUES
(1, 'Compte', 'wef5r5ereg1r51g5rfe5qaw5f1ergr56fed'),
(2, 'voltat', 'LNDJNWKLf55effe5fe54fe5wfe5fe5fwefwf'),
(3, 'Rôles utilisateurs', 'efe21f2efe5fr2f5rf22rf116w51q156q3'),
(4, 'Aem co.za', '25d5w65ef5qw565ed1w5d6sfe'),
(5, 'Aem sarl', '3e51fs1d65e15fw1ed55w1fe156q1f11eq6dqa'),
(6, 'commande', '5f1e5w1f561qw5161q5wd161wq6q15few'),
(7, 'Entreprises', '565ds1651ws5f1qwdq5d1qd15w1dwq'),
(8, 'Humaines', '5w165d51d5qw11d51qd1wfe5fe5fwf15w'),
(9, 'Dévises', '5zef5e5f65ds1f51f56dsf11f1d565qe5f16efz'),
(10, 'Amazon', '5e4F5f5zf5zef54ferreFef5e1fef55eff'),
(11, 'Marchandises', '51ef5z156f1z51f61dz5a1fza5f1ef1z5d15eda1'),
(12, 'Finances', 'sfkjndnfefrlerf3r8fr68ggtrt5g53trg'),
(13, 'Configuration_bureau', '824789081ff78f4a82c02cdc484db3c4'),
(14, 'WEM TRADING LDT', '824789081ff78f4a82c02cdc484db3c47'),
(15, 'WEM TRADING RDC', '824789081ff78f4a82c02cdc484db3c48'),
(16, 'Quotation', '824789081ff78f4a82c02cdc484db3c487');

-- --------------------------------------------------------

--
-- Table structure for table `is_active`
--

CREATE TABLE `is_active` (
  `id_is_active` int(11) NOT NULL,
  `designation` varchar(100) NOT NULL
) ENGINE=InnoDB DEFAULT CHARSET=utf8mb4;

--
-- Dumping data for table `is_active`
--

INSERT INTO `is_active` (`id_is_active`, `designation`) VALUES
(1, 'ACTIF'),
(2, 'NON ACTIF');

-- --------------------------------------------------------

--
-- Table structure for table `livre_caisse_banque`
--

CREATE TABLE `livre_caisse_banque` (
  `id_livre_caisse_banque` int(11) NOT NULL,
  `id_foreign_categorie_comptable` int(11) DEFAULT NULL,
  `taux` int(11) DEFAULT NULL,
  `montant_livre_caisse_banque` decimal(11,2) DEFAULT NULL,
  `montant_livre_caisse_banque_converti` decimal(11,2) DEFAULT NULL,
  `id_foreign_caisse` int(11) DEFAULT NULL,
  `id_foreign_type_trx` int(11) DEFAULT NULL,
  `description` text NOT NULL,
  `id_foreign_type_compte_livre_caisse` int(11) DEFAULT NULL,
  `file_preuve` varchar(100) NOT NULL,
  `id_foreign_devise` int(11) DEFAULT NULL,
  `solde_restant_caissse` decimal(11,2) DEFAULT NULL,
  `id_foreign_entreprise_salesienne_livre_caisse_banque` int(11) DEFAULT NULL,
  `date_enregistrement_livre_caisse_banque` date DEFAULT NULL
) ENGINE=InnoDB DEFAULT CHARSET=utf8mb4;

--
-- Dumping data for table `livre_caisse_banque`
--

INSERT INTO `livre_caisse_banque` (`id_livre_caisse_banque`, `id_foreign_categorie_comptable`, `taux`, `montant_livre_caisse_banque`, `montant_livre_caisse_banque_converti`, `id_foreign_caisse`, `id_foreign_type_trx`, `description`, `id_foreign_type_compte_livre_caisse`, `file_preuve`, `id_foreign_devise`, `solde_restant_caissse`, `id_foreign_entreprise_salesienne_livre_caisse_banque`, `date_enregistrement_livre_caisse_banque`) VALUES
(1, 148, 1, '1751.38', '1751.38', 1, 2, '\r\n	RAS\r\n', 1, '60bdf-odoo.png', 2, '237568.73', 11, '2021-10-18'),
(2, 149, 1, '29773.39', '29773.39', 1, 2, '\r\n	RAS\r\n', 1, 'd07f7-odoo.png', 2, '207795.34', 11, '2021-10-18'),
(3, 150, 1, '149355.03', '149355.03', 1, 2, '\r\n	RAS\r\n', 1, '0a00e-odoo.png', 2, '58440.31', 11, '2021-10-18'),
(4, 150, 1, '10955.00', '10955.00', 1, 1, '\r\n	RAS\r\n', 1, '27ba6-odoo.png', 2, '69395.31', 11, '2021-10-18'),
(5, 151, 1, '12087.15', '12087.15', 1, 2, '\r\n	RAS\r\n', 1, '84d6e-odoo.png', 2, '57308.16', 11, '2021-10-18'),
(6, 151, 1, '2994.53', '2994.53', 1, 1, '\r\n	RAS\r\n', 1, 'a4fe4-odoo.png', 2, '60302.69', 11, '2021-10-18'),
(8, 152, 1, '9989.00', '9989.00', 1, 2, '\r\n	RAS\r\n', 1, 'ba0d8-odoo.png', 2, '50313.69', 11, '2021-10-18'),
(9, 152, 1, '1564.00', '1564.00', 1, 1, '\r\n	RAS\r\n', 1, 'abc9a-odoo.png', 2, '51877.69', 11, '2021-10-18'),
(10, 153, 1, '30152.00', '30152.00', 1, 2, '\r\n	RAS\r\n', 1, '28c5f-odoo.png', 2, '21725.69', 11, '2021-10-18'),
(11, 153, 1, '7618.00', '7618.00', 1, 1, '\r\n	RAS\r\n', 1, '4351f-odoo.png', 2, '29343.69', 11, '2021-10-18'),
(12, 154, 1, '296.00', '296.00', 1, 2, '\r\n	RAS\r\n', 1, '70e6d-odoo.png', 2, '29047.69', 11, '2021-10-18'),
(13, 155, 1, '271.00', '271.00', 1, 2, '\r\n	RAS\r\n', 1, '679b6-odoo.png', 2, '28776.69', 11, '2021-10-18'),
(14, 156, 1, '28291.00', '28291.00', 1, 2, '\r\n	RAS\r\n', 1, '74f11-odoo.png', 2, '485.69', 11, '2021-10-18'),
(15, 157, 1, '306.00', '306.00', 1, 2, '\r\n	RAS\r\n', 1, '62264-odoo.png', 2, '179.69', 11, '2021-10-18'),
(16, 158, 1, '239322.00', '239322.00', 1, 1, '\r\n	RAS\r\n', 1, 'b66a2-odoo.png', 2, '239501.69', 11, '2021-10-18'),
(17, 159, 1, '43784.00', '43784.00', 1, 2, '\r\n	RAS\r\n', 1, 'c4012-odoo.png', 2, '195717.69', 11, '2021-10-18'),
(19, 161, 1, '59077.00', '59077.00', 1, 2, '\r\n	RAS\r\n', 1, '598e3-odoo.png', 2, '226211.69', 11, '2021-10-18'),
(20, 158, 1, '31824.00', '31824.00', 1, 2, '\r\n	RAS &eacute;criture d&#39;ajustement\r\n', 1, '21c7d-odoo.png', 2, '194387.69', 11, '2021-10-18'),
(21, 163, 1, '2097.00', '2097.00', 1, 2, '\r\n	RAS\r\n', 1, '16be7-odoo.png', 2, '192290.69', 11, '2021-10-18'),
(22, 164, 1, '7435.00', '7435.00', 1, 2, '\r\n	RAS\r\n', 1, 'b829f-odoo.png', 2, '184855.69', 11, '2021-10-18'),
(23, 166, 1, '2070.00', '2070.00', 1, 2, '\r\n	RAS\r\n', 1, 'a6b80-odoo.png', 2, '182785.69', 11, '2021-10-18'),
(24, 167, 1, '446.00', '446.00', 1, 2, '\r\n	RAS\r\n', 1, '7fb40-odoo.png', 2, '182339.69', 11, '2021-10-18'),
(25, 165, 1, '3016.00', '3016.00', 1, 2, '\r\n	RAS\r\n', 1, '29e34-odoo.png', 2, '89752.69', 11, '2021-10-18'),
(26, 160, 1, '89571.00', '89571.00', 1, 2, '\r\n	RAS\r\n', 1, '39af8-odoo.png', 2, '181.69', 11, '2021-10-18'),
(27, 157, 1, '306.00', '306.00', 2, 1, '\r\n	RAS\r\n', 2, 'b99b8-odoo.png', 2, '306.00', 11, '2021-10-18'),
(28, 179, 1, '3503.00', '3503.00', 1, 1, '\r\n	RAS\r\n', 1, '302e1-odoo.png', 2, '3684.69', 11, '2021-10-19'),
(29, 180, 1, '1226.00', '1226.00', 1, 1, '\r\n	RAS\r\n', 1, 'f2b36-odoo.png', 2, '4910.69', 11, '2021-10-19'),
(30, 181, 1, '250965.00', '250965.00', 1, 1, '\r\n	RAS\r\n', 1, '88d2a-odoo.png', 2, '255875.69', 11, '2021-10-19'),
(31, 168, 1, '2627.00', '2627.00', 1, 2, '\r\n	RAS\r\n', 1, 'ac671-odoo.png', 2, '253248.69', 11, '2021-10-20'),
(32, 169, 1, '123121.00', '123121.00', 1, 2, '\r\n	RAS\r\n', 1, '758d9-odoo.png', 2, '130127.69', 11, '2021-10-20'),
(33, 170, 1, '10108.00', '10108.00', 1, 2, '\r\n	RAS\r\n', 1, '1bdbd-odoo.png', 2, '120019.69', 11, '2021-10-20'),
(34, 171, 1, '1005.00', '1005.00', 1, 2, '\r\n	RAS\r\n', 1, 'ac3f6-odoo.png', 2, '119014.69', 11, '2021-10-20'),
(35, 172, 1, '1275.00', '1275.00', 1, 2, '\r\n	RAS\r\n', 1, 'b1f2e-odoo.png', 2, '117739.69', 11, '2021-10-20'),
(36, 173, 1, '122.00', '122.00', 1, 2, '\r\n	RAS\r\n', 1, 'b8b7c-odoo.png', 2, '117617.69', 11, '2021-10-20'),
(37, 174, 1, '881.00', '881.00', 1, 2, '\r\n	RAS\r\n', 1, 'a3247-odoo.png', 2, '116736.69', 11, '2021-10-20'),
(38, 175, 1, '62224.00', '62224.00', 1, 2, '\r\n	RAS\r\n', 1, 'dea09-odoo.png', 2, '54512.69', 11, '2021-10-20'),
(39, 176, 1, '7937.00', '7937.00', 1, 2, '\r\n	RAS\r\n', 1, 'a7c6a-odoo.png', 2, '46575.69', 11, '2021-10-20'),
(40, 177, 1, '930.00', '930.00', 1, 2, '\r\n	RAS\r\n', 1, 'acd5d-odoo.png', 2, '45645.69', 11, '2021-10-20'),
(41, 178, 1, '13639.00', '13639.00', 1, 2, '\r\n	RAS\r\n', 1, '73eec-odoo.png', 2, '32006.69', 11, '2021-10-20'),
(42, 158, 1, '31825.00', '31825.00', 1, 2, '\r\n	RAS\r\n', 1, 'ae3a2-odoo.png', 2, '181.69', 11, '2021-10-20'),
(43, 148, 1, '1919.00', '1919.00', 3, 2, '\r\n	Ras\r\n', 1, 'cacb2-0997019579-pierre-vip.docx', 2, '260327.00', 21, '2021-10-18'),
(44, 149, 1, '32626.00', '32626.00', 3, 2, '\r\n	RAS\r\n', 1, '6768a-0997019579-pierre-vip.docx', 2, '227701.00', 21, '2021-10-18'),
(45, 150, 1, '163663.00', '163663.00', 3, 2, '\r\n	RAS\r\n', 1, '5f401-0997019579-pierre-vip.docx', 2, '64038.00', 21, '2021-10-18'),
(46, 150, 1, '12004.00', '12004.00', 3, 1, '\r\n	RAS\r\n', 1, 'a5e5d-0997019579-pierre-vip.docx', 2, '76042.00', 21, '2021-10-18'),
(47, 151, 1, '13245.00', '13245.00', 3, 2, '\r\n	RAS\r\n', 1, '2abef-0997019579-pierre-vip.docx', 2, '62797.00', 21, '2021-10-18'),
(48, 151, 1, '3281.00', '3281.00', 3, 1, '\r\n	RAS\r\n', 1, '455fc-0997019579-pierre-vip.docx', 2, '66078.00', 21, '2021-10-18'),
(49, 152, 1, '10946.00', '10946.00', 3, 2, '\r\n	RAS\r\n', 1, 'e6c18-0997019579-pierre-vip.docx', 2, '55132.00', 21, '2021-10-18'),
(50, 152, 1, '1714.00', '1714.00', 3, 1, '\r\n	RAS\r\n', 1, '9a30a-0997019579-pierre-vip.docx', 2, '56846.00', 21, '2021-10-18'),
(51, 153, 1, '33040.00', '33040.00', 3, 2, '\r\n	RAS\r\n', 1, 'efd61-0997019579-pierre-vip.docx', 2, '23806.00', 21, '2021-10-18'),
(52, 153, 1, '8348.00', '8348.00', 3, 1, '\r\n	RAS\r\n', 1, '9adf4-0997019579-pierre-vip.docx', 2, '32154.00', 21, '2021-10-18'),
(53, 154, 1, '324.00', '324.00', 3, 2, '\r\n	RAS\r\n', 1, 'b827b-0997019579-pierre-vip.docx', 2, '31830.00', 21, '2021-10-18'),
(54, 155, 1, '297.00', '297.00', 3, 2, '\r\n	RAS\r\n', 1, 'b0974-0997019579-pierre-vip.docx', 2, '31533.00', 21, '2021-10-18'),
(55, 156, 1, '31001.00', '31001.00', 3, 2, '\r\n	RAS\r\n', 1, '8cd46-0997019579-pierre-vip.docx', 2, '532.00', 21, '2021-10-18'),
(56, 157, 1, '336.00', '336.00', 3, 2, '\r\n	RAS\r\n', 1, 'c6057-0997019579-pierre-vip.docx', 2, '196.00', 21, '2021-10-18'),
(57, 157, 1, '336.00', '336.00', 4, 1, '\r\n	RAS\r\n', 2, '388e2-0997019579-pierre-vip.docx', 2, '336.00', 21, '2021-10-18'),
(59, 158, 1, '262248.00', '262248.00', 3, 1, '\r\n	RAS\r\n', 1, '4fb74-0997019579-pierre-vip.docx', 2, '262444.00', 21, '2021-10-18'),
(60, 159, 1, '47979.00', '47979.00', 3, 2, '\r\n	RAS\r\n', 1, '10c87-0997019579-pierre-vip.docx', 2, '214465.00', 21, '2021-10-18'),
(61, 160, 1, '98151.00', '98151.00', 3, 2, '\r\n	RAS\r\n', 1, '475d0-0997019579-pierre-vip.docx', 2, '116314.00', 21, '2021-10-18'),
(62, 161, 1, '64736.00', '64736.00', 3, 2, '\r\n	RAS\r\n', 1, '8698b-0997019579-pierre-vip.docx', 2, '51578.00', 21, '2021-10-18'),
(63, 163, 1, '2298.00', '2298.00', 3, 2, '\r\n	RAS\r\n', 1, '427af-0997019579-pierre-vip.docx', 2, '49280.00', 21, '2021-10-18'),
(64, 164, 1, '8148.00', '8148.00', 3, 2, '\r\n	RAS\r\n', 1, 'd2cfe-0997019579-pierre-vip.docx', 2, '41132.00', 21, '2021-10-18'),
(65, 166, 1, '2268.00', '2268.00', 3, 2, '\r\n	RAS\r\n', 1, '1ca29-0997019579-pierre-vip.docx', 2, '38864.00', 21, '2021-10-18'),
(66, 167, 1, '488.00', '488.00', 3, 2, '\r\n	RAS\r\n', 1, '45516-0997019579-pierre-vip.docx', 2, '38376.00', 21, '2021-10-18'),
(67, 165, 1, '3305.00', '3305.00', 3, 2, '\r\n	RAS\r\n', 1, 'c0f75-0997019579-pierre-vip.docx', 2, '35071.00', 21, '2021-10-18'),
(68, 158, 1, '34873.00', '34873.00', 3, 2, '\r\n	RAS\r\n', 1, 'c9b78-0997019579-pierre-vip.docx', 2, '198.00', 21, '2021-10-18'),
(69, 179, 1, '3838.00', '3838.00', 3, 1, '\r\n	RAS\r\n', 1, 'e277a-0997019579-pierre-vip.docx', 2, '4036.00', 21, '2021-10-18'),
(70, 180, 1, '1343.00', '1343.00', 3, 1, '\r\n	RAS\r\n', 1, '81c5f-0997019579-pierre-vip.docx', 2, '5379.00', 21, '2021-10-18'),
(71, 181, 1, '275006.00', '275006.00', 3, 1, '\r\n	RAS\r\n', 1, 'd66bf-0997019579-pierre-vip.docx', 2, '280385.00', 21, '2021-10-18'),
(72, 168, 1, '2879.00', '2879.00', 3, 2, '\r\n	RAS\r\n', 1, '3d024-0997019579-pierre-vip.docx', 2, '277506.00', 21, '2021-10-18'),
(73, 169, 1, '134915.00', '134915.00', 3, 2, '\r\n	RAS\r\n', 1, '008da-0997019579-pierre-vip.docx', 2, '142591.00', 21, '2021-10-18'),
(74, 170, 1, '11076.00', '11076.00', 3, 2, '\r\n	RAS\r\n', 1, 'b0631-0997019579-pierre-vip.docx', 2, '131515.00', 21, '2021-10-18'),
(75, 171, 1, '1101.00', '1101.00', 3, 2, '\r\n	RAS\r\n', 1, 'e2829-0997019579-pierre-vip.docx', 2, '130414.00', 21, '2021-10-18'),
(76, 172, 1, '1397.00', '1397.00', 3, 2, '\r\n	RAS\r\n', 1, 'c97b3-0997019579-pierre-vip.docx', 2, '129017.00', 21, '2021-10-18'),
(77, 173, 1, '133.00', '133.00', 3, 2, '\r\n	RAS\r\n', 1, '874f5-0997019579-pierre-vip.docx', 2, '128884.00', 21, '2021-10-18'),
(78, 174, 1, '966.00', '966.00', 3, 2, '\r\n	RAS\r\n', 1, '797a0-0997019579-pierre-vip.docx', 2, '127918.00', 21, '2021-10-18'),
(79, 175, 1, '68185.00', '68185.00', 3, 2, '\r\n	RAS\r\n', 1, '3b196-0997019579-pierre-vip.docx', 2, '59733.00', 21, '2021-10-18'),
(80, 176, 1, '8698.00', '8698.00', 3, 2, '\r\n	RAS\r\n', 1, '3ac90-0997019579-pierre-vip.docx', 2, '51035.00', 21, '2021-10-18'),
(81, 177, 1, '1019.00', '1019.00', 3, 2, '\r\n	RAS\r\n', 1, '03f8a-0997019579-pierre-vip.docx', 2, '50016.00', 21, '2021-10-18'),
(82, 178, 1, '14946.00', '14946.00', 3, 2, '\r\n	RAS\r\n', 1, 'bd59e-0997019579-pierre-vip.docx', 2, '35070.00', 21, '2021-10-18'),
(83, 158, 1, '34873.00', '34873.00', 3, 2, '\r\n	RAS\r\n', 1, '13cb0-0997019579-pierre-vip.docx', 2, '197.00', 21, '2021-10-18'),
(84, 158, 1, '2.00', '2.00', 3, 2, '\r\n	RAS\r\n', 1, 'e2997-0997019579-pierre-vip.docx', 2, '195.00', 21, '2021-10-18'),
(85, 157, 1, '1.00', '1.00', 1, 2, '\r\n	RAS\r\n', 1, 'a5278-capture1.jpg', 2, '180.69', 11, '2021-10-18'),
(86, 158, 1, '1.00', '1.00', 2, 2, '\r\n	RAS\r\n', 2, 'df8ad-capture1.jpg', 2, '306.00', 11, '2021-10-18');

-- --------------------------------------------------------

--
-- Table structure for table `pays`
--

CREATE TABLE `pays` (
  `id_pays` int(11) NOT NULL,
  `designation` varchar(255) DEFAULT NULL,
  `token_pays` varchar(255) DEFAULT NULL,
  `is_deleted` int(11) DEFAULT NULL
) ENGINE=InnoDB DEFAULT CHARSET=utf8;

--
-- Dumping data for table `pays`
--

INSERT INTO `pays` (`id_pays`, `designation`, `token_pays`, `is_deleted`) VALUES
(1, 'RDC', '5e0a3cb699cae06e61bdd6d28ecde775c8d0fcd1', 0),
(2, 'Zambie', 'fa65d227d9f014b6e11a6fcf916e5303a6ef712a', 0),
(3, 'Haut-Katanga', '139727373b8646832ad28d61fef67abf5b04c437', 1),
(4, 'Haut-Katanga', '595967b97fb5af40993a6dc97adb4f42e67d4acf', 1),
(245, 'Afghanistan', '26b39e0787260414b6137035774205945cd68cc0', 0),
(246, 'Albanie', '868b520dadccab97a49802a8201129d496e41d50', 0),
(247, 'Antarctique', 'f77312bf98ff3a810e00a0dc9bacf13440b9097f', 0),
(248, 'Algérie', 'ce0225aafa1ec89523ae2029d44631b7237cb1d9', 0),
(249, 'Samoa Américaines', '40cc7eb4683a21c6cb40b036d83887a01900a493', 0),
(250, 'Andorre', 'f9b7f8e37e1201d615afadfbb32c40756b40ca04', 0),
(251, 'Angola', '278bfcfb788e562661aad2b7edc9a5b3281965eb', 0),
(252, 'Antigua-et-Barbuda', '8bbbf673c78e133438604ecb1891d6770b851289', 0),
(253, 'Azerbaïdjan', '0b1236cb74d875fda70cadcb5ce41090232f8b75', 0),
(254, 'Argentine', '2776b98c9d37acccfe53d49971842f2527eb065c', 0),
(255, 'Australie', '98811ee9e7585ef8307ff1736fd2ee46d27b2b3c', 0),
(256, 'Autriche', 'dc215719fd5308cdfa12223e7d097e708883c037', 0),
(257, 'Bahamas', 'e89bc89b7d7200131f40cbce33af3743600e73be', 0),
(258, 'Bahreïn', 'dd51368243130d299e631f13e56ae44593b77874', 0),
(259, 'Bangladesh', 'da89a1e7856975af8e1af7b67e90b1f8847741b4', 0),
(260, 'Arménie', 'd3930d7c9fe215cc05c951ee2622bdb8f0b8dfa7', 0),
(261, 'Barbade', '75e6c8d729a05b1b7b71f08872333a2d17ce0838', 0),
(262, 'Belgique', '6e6ece70322ee5b52790614fde3a56199a9a8423', 0),
(263, 'Bermudes', '614da478f6ff520e4bf0f03b30c331818204b215', 0),
(264, 'Bhoutan', 'e2897e6c2fa845dfdd3523395472a249e0994a8b', 0),
(265, 'Bolivie', '677d412253d9dac924f895eb099c54c226c0c30b', 0),
(266, 'Bosnie-Herzégovine', 'b948236e7277645d3c5c0733c72f0dc83721718d', 0),
(267, 'Botswana', 'b6fcf6271089a98097484ffa894c689698792f75', 0),
(268, 'ïle Bouvet', '29c9992c822213ed0ca5b8ae9817e6b205d3a803', 0),
(269, 'Brésil', '3273898d06083d428831dc985659e4184e120c90', 0),
(270, 'Belize', 'a09a18fe060790a4b4ab3ebde8ee9fbaec8c963c', 0),
(271, 'Territoire Britannique de l\'Océan Indien', '0a4226b38d48d824cddcfd179f55d6cf7834770d', 0),
(272, 'ïles Salomon', '69f9a36c32fc656431cbdcfcd6b1b5a4e3dac4db', 0),
(273, 'ïles Vierges Britanniques', '7a4b48c17d7d3728b2078f3a582e55ef876ec2aa', 0),
(274, 'Brunéi Darussalam', 'abced23f4ff86af6404150d6c635503672d7cfb0', 0),
(275, 'Bulgarie', '68f3dee11a5bd9cbff995c5b05c0b6e9b6cd69c5', 0),
(276, 'Myanmar', '28f38e74a5ca4df1e7244178d33237eec2775336', 0),
(277, 'Burundi', '683ba52a3f97785b6aa63120a441ab256d43e988', 0),
(278, 'Bélarus', '5448d266bc4f63b9fe137abc6efe7988fb362a22', 0),
(279, 'Cambodge', '61889b7762da9637d3f6558eecf0136ff9d29692', 0),
(280, 'Cameroun', '544d9da52bc591ac4470a03f731e66364dcec3cb', 0),
(281, 'Canada', 'c0e75599d446892205b9f90e6c74815d59ff71d4', 0),
(282, 'Cap-vert', '94706bf1b57b13f1aa63b98acbeca76a2a0b408d', 0),
(283, 'ïles Caïmanes', '24035519a2d76223bb80a594602703e5e28430c5', 0),
(284, 'République Centrafricaine', 'd75ce41e97048974fafc0d630235eef14db14354', 0),
(285, 'Sri Lanka', '8b7f6042355c5b8007dbfae63d772ddb17db8506', 0),
(286, 'Tchad', 'd174c90ef6b6171344c72e98eb98ea35a74ebf9f', 0),
(287, 'Chili', '83fd1cfeac74bd04f94db78361c614eca32c444b', 0),
(288, 'Chine', '8967ddd982860c434f2c930a5b25dc1c6ec65031', 0),
(289, 'Taïwan', 'ef8005c4ac164d97780d0492d8fed1e4de4229bb', 0),
(290, 'ïle Christmas', '4cc1bce61c2cf50be6b11d976a235d2643bab3af', 0),
(291, 'ïles Cocos (Keeling)', '8bfe94d9794b07cef670c90c59af1e0e6fd0bf74', 0),
(292, 'Colombie', 'a0fcc824a5a727f60d16517fe7db8f042ed5ce62', 0),
(293, 'Comores', 'e0f789fc7f974c897e450d9698b60f577eca784b', 0),
(294, 'Mayotte', 'c431e58320c304e1d046902b62a525db3d3ee5ee', 0),
(295, 'République du Congo', '906e30e0e5b81bc4e8aabd23a016d87ef4c79784', 0),
(296, 'ïles Cook', '298e76b31ab5080615d0d124b157879e2b817072', 0),
(297, 'Costa Rica', 'b82e6526e59b881de5dae7a7301fd91e523506ff', 0),
(298, 'Croatie', '672b610afba0f9a58597be61d842d96203ee313c', 0),
(299, 'Cuba', '566ce0de5bc36a76fa4c1d6fa27a4277606a3299', 0),
(300, 'Chypre', 'ed7e819d5d0ac73bd303e756b2251ab6380836f0', 0),
(301, 'République Tchèque', '5548b9b31f8875a89e20bf50424a1c170ea1b62d', 0),
(302, 'Bénin', 'f4d9b88880b7484492f76141dda02e30fd51446d', 0),
(303, 'Danemark', 'a2069057d45455bf1112cef7fd18e5fa7a0f4fda', 0),
(304, 'Dominique', 'bd11ff6e79091ce30a64c4ec686299a0f451b60c', 0),
(305, 'République Dominicaine', 'ce0728a4f6c60f2c4eeb112078c1f6d7aef22d68', 0),
(306, 'équateur', '3d2752a780b67860d9abae142d60df55774e4577', 0),
(307, 'El Salvador', '99daacb9f37a755dfb9ecd4e9659995bc4e38440', 0),
(308, 'Guinéeéquatoriale', 'def4dfa2d957a26892410164fcd49d72222f2cd6', 0),
(309, 'éthiopie', '60b4b7004593ec5b9d25471214c242b40ab4b3ca', 0),
(310, 'érythrée', 'a3fbe3796862ef6e607d84f933dd1d5d452b3b7e', 0),
(311, 'Estonie', '44363e3bcacae61077895f08c459af4f820c0aba', 0),
(312, 'ïles Féroé', 'c05284a573a8e95014480166f2f7d687a5322285', 0),
(313, 'ïles (malvinas) Falkland', 'a4956abad1816aa76a61555db623422cfa0ba03c', 0),
(314, 'Géorgie du Sud et les ïles Sandwich du Sud', 'bf26b62e84e15586260cf5b3b4589633bfc9654f', 0),
(315, 'Fidji', 'e36f49d236cd1389707b427d0f7b9039e1ff035b', 0),
(316, 'Finlande', '5379782f416e4dbde36fc0f0ac25d331acc84408', 0),
(317, 'ïles irland', 'bb9391227e41e87067ee5589cf3c8eba31c861f9', 0),
(318, 'France', '38fc8242e1429002be712e2aeb64e9c1f9a0ede9', 0),
(319, 'Guyane Française', '67b041c93b79afd9697d29c5aee54eddf3e210de', 0),
(320, 'Polynésie Française', '88ebd9f971c0ec8f41585442bf0910ea9504fa8f', 0),
(321, 'Terres Australes Françaises', '8e7c6a7732147d5e8d93cbf1d80994498225f878', 0),
(322, 'Djibouti', '04210c6e5dae5de2d31a21502491458f2877bf46', 0),
(323, 'Gabon', 'cd2bc099f16b7a1616ccf28ef787c616a9afe7ee', 0),
(324, 'Géorgie', 'dc7c57812f9d4ced9c0aec0b2131cc8d07b82c29', 0),
(325, 'Gambie', 'b013588a7ff7af4f32744c995b88346c4b1f5847', 0),
(326, 'Territoire Palestinien Occupé', 'f09574411aab99b3b5e033e68e4200748ca3ef4c', 0),
(327, 'Allemagne', '084554adea96b17a144f22ac30ee6cdbc6a0dd19', 0),
(328, 'Ghana', '824dddd5424eece16aebb3511051f6c08c366df5', 0),
(329, 'Gibraltar', 'f80b707aae748083547a95e4ccc09ba5a582ccb0', 0),
(330, 'Kiribati', '33480974b062b0430f31080073f34c4f84119ed6', 0),
(331, 'Grèce', '3a6c35bcdca92b1c5b0153e1794f2207de58e1d3', 0),
(332, 'Groenland', '0e110be11011897dadd977204066eee6861b7243', 0),
(333, 'Grenade', 'afc74bb8b374ecf3f931ff852d77d8b32db36de2', 0),
(334, 'Guadeloupe', 'fb820a9e51eb6b55e0e0f92d77de763b87181075', 0),
(335, 'Guam', 'bcf21d202f6aba65d2a8aefe65cf08a354c4e0ae', 0),
(336, 'Guatemala', '0c4c373d21c74297d09c59aae2403da1c8414d9a', 0),
(337, 'Guinée', 'c3b8fd62f05f6c0380f8b61f1e22d38df4f7c6f1', 0),
(338, 'Guyana', '75679c740191b07ef0d4511b87fa9ed29278b66a', 0),
(339, 'Haïti', 'fc7a754feb342d41d06ea0a86958814acdd28828', 0),
(340, 'ïles Heard et Mcdonald', '63cae9b96b3be75eaeda44c1e5da2f859b4cecae', 0),
(341, 'Saint-Siège (état de la Cité du Vatican)', '54b297b705348da0fc037638df10e7f7a17c7563', 0),
(342, 'Honduras', 'd02c47feec7bdd6057e15e5ee61a412f09612750', 0),
(343, 'Hong-Kong', 'fdbee0cf76e9eb24d28a3eb7e523adae53cd23c1', 0),
(344, 'Hongrie', 'a5f87db46629b2dd2d76effe8cdfd8ce79de7754', 0),
(345, 'Islande', '5e06630aab7050d2ad932e4cdfceeecca9483522', 0),
(346, 'Inde', '7cd29cf31adfb641ba44ac99ab947eff2b7cf9d6', 0),
(347, 'Indonésie', 'e0aa817a7f837a571c2f4cef689bf57838bf41ef', 0),
(348, 'République Islamique d\'Iran', 'f7dd823375f6f87c14ae2786b6ab15bb2f51f165', 0),
(349, 'Iraq', '67000e4edcc33f333a46c454190446e713005afe', 0),
(350, 'Irlande', '03244be705ac8ca792e7c361f6e185c7cf917c01', 0),
(351, 'Israél', '33a8793b87d3f9f29eb4f448790917a69bb1623b', 0),
(352, 'Italie', 'f0f9743ac0fe72af0876e02b1ebf76a217a69898', 0),
(353, 'Cote d\'Ivoire', 'f4baf6067cbac293b32efb56a0082427a08d95b0', 0),
(354, 'Jamaïque', '20182dd35807358d7df77d2bb2ed666a9dd4e24b', 0),
(355, 'Japon', 'a3ad920500f3a79d2a19c9ec8cf7194972c534df', 0),
(356, 'Kazakhstan', 'd0ceabf87857f9c3b54e79b5baacaaf4520c628e', 0),
(357, 'Jordanie', '132ee556b8f93b1beff5bfe642b1511bd1a93624', 0),
(358, 'Kenya', '5e18d8ab6779a8edcdc4eaee098a7866cb17d8a0', 0),
(359, 'République Populaire Démocratique de Corée', '76c931ad29a0af8ac239c0c7faef9a9c2af1e7a7', 0),
(360, 'République de Corée', 'be22081deb9a392021e9e39293e9a2ae86d9742d', 0),
(361, 'Koweït', '280a0cf03a6509bdbecfd4e625a8fc57d9597cb6', 0),
(362, 'Kirghizistan', '4b48c1e2f778f638fdadbde8f0c4aba46281414f', 0),
(363, 'République Démocratique Populaire Lao', 'e124ca79d816a4e7a2dbb399e8888b4f8606ac7a', 0),
(364, 'Liban', 'f1ec7a8fa4dc5cf567347ff498ebe0baea719b7f', 0),
(365, 'Lesotho', 'b1c9e8dcf7ceef42c5994d1830ba14b2d704063c', 0),
(366, 'Lettonie', 'b13cd5a65f2fdc2828b1bc038584565027ff529e', 0),
(367, 'Libéria', '58aa0ae1337c15bcb64de8d5cd29b32a086f04a7', 0),
(368, 'Jamahiriya Arabe Libyenne', '6922ab9573a8f9250ac546dd1c6053c9028add59', 0),
(369, 'Liechtenstein', 'a2665e4f2c8c5c3e2f481df819cfdbc56f2ce3e0', 0),
(370, 'Lituanie', '8d437b3954e9995fea1752d3cebc97761664a6f1', 0),
(371, 'Luxembourg', 'b9d15e26e9e6e82e0b07cdd377d54317cc9480d0', 0),
(372, 'Macao', '6b4e91f736778c6635303d2e72b615eee1395f85', 0),
(373, 'Madagascar', '757987670a67632cf1fd848eea4caec1583ddd88', 0),
(374, 'Malawi', '69c3cb9a72224499e708403b9950e33b3de2b44b', 0),
(375, 'Malaisie', '94e8525118ef1608ab7b2cea9fb7b5fb1c829fae', 0),
(376, 'Maldives', '259772d78da4ad57f9a8dcdb68180fb9739a6793', 0),
(377, 'Mali', '7d5c5a79b40dd11bb53ce17b166953536adc9416', 0),
(378, 'Malte', 'e5fd9076f33bc0f2b4fbe72560e48b8be8b25214', 0),
(379, 'Martinique', '812a33e96c99ce7aefc2ca2a6d5527faf9d17beb', 0),
(380, 'Mauritanie', '2469123419026f22a6dd8223632e8aa6cdbbcd2d', 0),
(381, 'Maurice', '3e6ea273b01344f614c952d3ce7edbb3b6713c98', 0),
(382, 'Mexique', 'b89828644a36ba456cbd17b8be94cc5601cce8bf', 0),
(383, 'Monaco', '5e3625db735a3b1def0bbc62f05494ae695b3be4', 0),
(384, 'Mongolie', '66d4602d98111dd14eed36f3f0c5f28cb6213807', 0),
(385, 'République de Moldova', '9f44bd3486fd9ca93b44cc4599b51cc735fa62bb', 0),
(386, 'Montserrat', '8dc0b95ea145595c0e8ccb8ddfec073bdf75e483', 0),
(387, 'Maroc', 'b8e74f147f6cc8ff36d81d6ac74828afc4be1405', 0),
(388, 'Mozambique', '6f7a16d4593f4a30e4477bfb52b62f842a8a0385', 0),
(389, 'Oman', '2bd5448c7748ee43db2c7ee4918267ee85cfc74f', 0),
(390, 'Namibie', '830dc2890d530dc168041f8c8e2e95424b2c2f26', 0),
(391, 'Nauru', '40ff1a7742b3a4f6d0c795cabb7aeda2dcf92094', 0),
(392, 'Népal', '4b3b1a62f129269f224c5d32dfb4747752f12a2c', 0),
(393, 'Pays-Bas', 'd90501bbb21496c9331c43b8e9cd2338be49c865', 0),
(394, 'Antilles Néerlandaises', 'f3106ffd52e2228ddf34432bdfe38c6ab0b03f97', 0),
(395, 'Aruba', '6cabc038ca7b28a82c824de56dc7a57def909900', 0),
(396, 'Nouvelle-Calédonie', '43b15f1819956f560b7219711029ac6eb05f03ca', 0),
(397, 'Vanuatu', '6f96bd2ecc8129515684d1e7cde3ac2234a9f78b', 0),
(398, 'Nouvelle-Zélande', '6f84937a9f7f21e68ce8a9196340655348a0cac6', 0),
(399, 'Nicaragua', 'c92598fd6b68a4c0cf52f1ef11b86613f98c65f8', 0),
(400, 'Niger', 'a9040e4043a5dd26f10daa38ee7b7befd1eb560e', 0),
(401, 'Nigéria', 'ccb5aa4ed9c03f0a15909b85a3609148403157fd', 0),
(402, 'Niué', '5d38b230c463c986e649a402e1cadc29b476ffc3', 0),
(403, 'ïle Norfolk', '4b63acb331f6c47ce4d0c29743ceedae9273cf78', 0),
(404, 'Norvège', 'c80b262fe1097b4c3b8a12bfb204f7e9ca0e9ffc', 0),
(405, 'ïles Mariannes du Nord', 'c9d75d68464f2cbea1f9252b4cd723b54a079e8e', 0),
(406, 'ïles Mineureséloignées desétats-Unis', 'afbb902ef62495e703776f5ec4e96b1141035e0b', 0),
(407, 'états Fédérés de Micronésie', 'd9e60e2640889cb25eeacd8ba587d0d9e35a4936', 0),
(408, 'ïles Marshall', '1dee40a533f677819f62cf1d22708af098af3ed7', 0),
(409, 'Palaos', '13c87318af7c878fb55213388b6cd3fc0febcf6e', 0),
(410, 'Pakistan', '4ce8e037e844ea81da9a1c02eec9e94aeb3b42e6', 0),
(411, 'Panama', 'c08407da49dea5342ed96da06ef8dd54977d4df1', 0),
(412, 'Papouasie-Nouvelle-Guinée', 'b5089fec1c24fe599dcdca58b694e352267f7fd3', 0),
(413, 'Paraguay', '0608c48f540613efcfe3b8be14caf3a061ad37a3', 0),
(414, 'Pérou', 'b37ee8b70c4362f4c3d4439f701d83ab78d025a3', 0),
(415, 'Philippines', 'f72e544dc794905cb8e45066c2e7dca58eddc10a', 0),
(416, 'Pitcairn', '9c629d5affa959d4fa874fe98720486214fcfd53', 0),
(417, 'Pologne', 'f2d29b2356d24e3d987b11f350ac4047afca631a', 0),
(418, 'Portugal', '9fd9a658cbac533d5fab3938ab53529507716eed', 0),
(419, 'Guinée-Bissau', '141377f60dab0f9817fb8cdaddd2769823497922', 0),
(420, 'Timor-Leste', '988caf6ad7fce2553899fa9805bf11bbd429e3c0', 0),
(421, 'Porto Rico', '864834c17ed1c08dff0fa2149c0a73b122847aea', 0),
(422, 'Qatar', '03efc0346808bfed24036d08ed3837100488ed42', 0),
(423, 'Réunion', '2d8bb125777ac3a400f49942284b8dd61eba680b', 0),
(424, 'Roumanie', '5f83bfc3c8bf32b44ab50a29498bc808d62dde85', 0),
(425, 'Fédération de Russie', 'bc3fa582983d446d19aa84057a3122e08daec0d7', 0),
(426, 'Rwanda', '3d816d90883b9c64f27f43c798ef27123101f8ba', 0),
(427, 'Sainte-Hélène', '475c84168f37f31e495c7917b37bac8468355442', 0),
(428, 'Saint-Kitts-et-Nevis', '25d15a8f8a8315adba9d39cf1df40f106f0da739', 0),
(429, 'Anguilla', '29bfc0eaa6770bdab036dafab4f67115a18e5714', 0),
(430, 'Sainte-Lucie', '6e4b3434fc995953bb0f773403fdabbb0569a0c4', 0),
(431, 'Saint-Pierre-et-Miquelon', '1e90c57552314555b0ce41018c37085f34e438d0', 0),
(432, 'Saint-Vincent-et-les Grenadines', 'a7a6c6d1cfaad93810b6284816853d2e6031b76b', 0),
(433, 'Saint-Marin', '6547471b31b8ccad1b643dc7645eedc934735094', 0),
(434, 'Sao Tomé-et-Principe', '07d6a5b0c32aca091c8ecf31b51f88f21ddf7588', 0),
(435, 'Arabie Saoudite', 'c1cda69c739d67ec9869bbb8de9dc3c6efe45528', 0),
(436, 'Sénégal', 'cfef31514b190221690ba9d5707e4d4ea51767e3', 0),
(437, 'Seychelles', '56ccc40650eb01f7a13884a65476aead9e213891', 0),
(438, 'Sierra Leone', '7f438015a6b4db6353552f0b2c7f363ad1cec810', 0),
(439, 'Singapour', '73d5651cb9a4e56f702eaa1aa8ae033d3ec8eb2c', 0),
(440, 'Slovaquie', '802ae7bb3c3524d32c6d0ba6bb692a98a1ec007e', 0),
(441, 'Viet Nam', '14189f0694228f73f73b4aa537c79683bb3c805a', 0),
(442, 'Slovénie', '03c6a6e542df9ee547bafb65a278c535c2f838b9', 0),
(443, 'Somalie', 'd98bd6e772b536b214403f416259605f02ed9804', 0),
(444, 'Afrique du Sud', '8c41d537455751c508a5f9053ac19c83404cc33e', 0),
(445, 'Zimbabwe', 'd14da228963a2fb322311d7b25afab403da35de0', 0),
(446, 'Espagne', '2ed48bd46cf5442520ba520c964fbdc2708af5db', 0),
(447, 'Sahara Occidental', '30755c8fbc719572b0b5ae5f4bb35bcb6f93ddf5', 0),
(448, 'Soudan', '4d8d0df1affc6a629ae8de09d06131e3b51dd4c9', 0),
(449, 'Suriname', '32a88f03eda4fdf6e13950183e657e14a3b88260', 0),
(450, 'Svalbard etïle Jan Mayen', '415e5793173700c65d9b9103dfafa5aed9da9a52', 0),
(451, 'Swaziland', '3077bb261ad57a75e6548ba4b32dda83c62b36c8', 0),
(452, 'Suède', '496e18d491efbe39cb23c2cefcc86dd27c825e6f', 0),
(453, 'Suisse', 'e08212ecfb8b8a5c9133c31c8cf6ba57a5e574e5', 0),
(454, 'République Arabe Syrienne', '6503c849a83d19f4a53e619a907c5afadaf44014', 0),
(455, 'Tadjikistan', '844416be0ded897c964cb9aadeb98024336c15bf', 0),
(456, 'Thaïlande', '577db811d043fb4c6a429cdbeeb79611c0eb3ce1', 0),
(457, 'Togo', '34b403e50f5501dc2173f96d191724c9cf25b832', 0),
(458, 'Tokelau', '7981dc7796c5118193946cda03c6e15ca772ef70', 0),
(459, 'Tonga', '0fadaeeebcd6eb9896550bafa7f2a1de1daae0a2', 0),
(460, 'Trinité-et-Tobago', 'e0dd5fe6978b1f044413ebcc755ab7d99f1cc9e9', 0),
(461, 'émirats Arabes Unis', '84496f60d38ef7a74b5cafffc2e038866eae9c16', 0),
(462, 'Tunisie', '32e02ee2d6df564bc76d3883377c2e8cf1d5f5f8', 0),
(463, 'Turquie', '273abcf93256c7a1989cf0cd85838be5115194d3', 0),
(464, 'Turkménistan', 'd63543510f8a45e14f23e4093bc84f853490ad06', 0),
(465, 'ïles Turks et Caïques', '9e162bc2f653cde6ee55bae339a78b4477049811', 0),
(466, 'Tuvalu', '0a0a6103993295f1f3c87003bd39cd59b21e36af', 0),
(467, 'Ouganda', 'dbb37f13280f42265509fd3a938821487194a743', 0),
(468, 'Ukraine', '6e085d4d42c2db7f1b878c53eabc9f00a7953ade', 0),
(469, 'L\'ex-République Yougoslave de Macédoine', '9855d5a623b02f9bdf9a80a8fb3bbe48c28de607', 0),
(470, 'égypte', 'a34e1e101c48d114f0786742dbf797c2fb2d593d', 0),
(471, 'Royaume-Uni', 'b43099fa848f6a06214679198e1e77ec8582ef41', 0),
(472, 'ïle de Man', 'c22fc2f8be2ed64cb71cce4b62282e17efa825a7', 0),
(473, 'République-Unie de Tanzanie', 'e9268e1dafdb8d06cb99ee596246a944ba4fc32c', 0),
(474, 'états-Unis', '6349ffcc9ea68d76f3a90e018f28bbfd917d38e4', 0),
(475, 'ïles Vierges des états-Unis ', 'df4d50238f9b65a8a69f707901fade53020b0fa9', 0),
(476, 'Burkina Faso', 'ad9b95064d26ece01177fbb19f99e63a7e01a1d8', 0),
(477, 'Uruguay', '6e58f51c3a17918c60ab3b21cb58bca91cfeaced', 0),
(478, 'Ouzbékistan', '84062095421f39bb5a326887e3ff510f1ae02f88', 0),
(479, 'Venezuela', '6eff5291486ed6965cc145069c182cd12f5eb230', 0),
(480, 'Wallis et Futuna', '2e13c63affeac763a582fba758885cd8eb344397', 0),
(481, 'Samoa', '66765f3c416b47852ba83cd84b2947bc6ee114ef', 0),
(482, 'Yémen', '126b4c9e07f11ac5a3c2fcd6c89427a54495ffa6', 0),
(483, 'Serbie-et-Monténégro', 'a4b1caafde747418c621d5a0c03994b220192b91', 0);

-- --------------------------------------------------------

--
-- Table structure for table `plan_comptable`
--

CREATE TABLE `plan_comptable` (
  `id_plan_comptable` int(11) NOT NULL,
  `id_foreign_entreprise_salesienne_plan_comptable` int(11) DEFAULT NULL,
  `code_du_programme` varchar(100) NOT NULL,
  `id_foreign_caisse` int(11) NOT NULL,
  `is_active` int(11) DEFAULT NULL
) ENGINE=InnoDB DEFAULT CHARSET=utf8mb4;

--
-- Dumping data for table `plan_comptable`
--

INSERT INTO `plan_comptable` (`id_plan_comptable`, `id_foreign_entreprise_salesienne_plan_comptable`, `code_du_programme`, `id_foreign_caisse`, `is_active`) VALUES
(3, 2, 'SDB-AFC', 5, 2),
(7, 1, 'SDB-AFC-BIS', 4, 1),
(9, 23, 'THEOLOGICUM SDB AFC', 57, 1),
(10, 20, 'sakaniaafc', 62, 1),
(11, 12, 'JACARANDA', 63, 1),
(12, 18, ' chem-chem', 58, 1),
(13, 10, ' Sdb zanin', 59, 1),
(14, 15, 'SDB MOKAMBO', 60, 1),
(15, 22, 'TABACONGO', 65, 1),
(16, 13, 'MAISON DE FORMATION KANSEBULA AFC SDB', 61, 1),
(17, 11, 'SAINT FRANCOIS DE SALES IMARA', 68, 1),
(18, 21, 'itsalama', 76, 1),
(19, 19, 'MAISON DES JEUNES-RUASHI', 66, 1),
(20, 3, 'cdj', 77, 1),
(21, 3, 'CDJ', 77, 1),
(22, 22, 'TABACONGO', 71, 1),
(23, 19, 'MAISON DES JEUNES-RUASHI', 66, 1);

-- --------------------------------------------------------

--
-- Table structure for table `role`
--

CREATE TABLE `role` (
  `id_role` int(11) NOT NULL,
  `designation` varchar(255) DEFAULT NULL,
  `system` int(11) DEFAULT NULL,
  `elligible_type_entreprise` int(11) DEFAULT NULL,
  `token_role` varchar(255) DEFAULT NULL,
  `id_foreign_role_entreprise_salesienne` int(11) DEFAULT NULL
) ENGINE=InnoDB DEFAULT CHARSET=utf8;

--
-- Dumping data for table `role`
--

INSERT INTO `role` (`id_role`, `designation`, `system`, `elligible_type_entreprise`, `token_role`, `id_foreign_role_entreprise_salesienne`) VALUES
(1, 'Super admin ', 1, NULL, 'dbfdjfbdjfdjbfjkfbejkfewjkfewfe55245ef', 0),
(12, 'Admin Comptable', NULL, NULL, NULL, 2),
(13, 'Gestionnaire des caisses', NULL, NULL, NULL, 1),
(17, 'Caissier', NULL, NULL, NULL, 2),
(18, 'econome jacaranda', NULL, NULL, NULL, 12),
(19, 'Econome chem-chem', NULL, NULL, NULL, 18),
(20, 'Econome salama', NULL, NULL, NULL, 21),
(21, 'ECONOMME IMARA', NULL, NULL, NULL, 11),
(22, 'ouvrier', NULL, NULL, NULL, 11),
(23, 'ouvrier', NULL, NULL, NULL, 11),
(24, 'ouvrier', NULL, NULL, NULL, 11);

-- --------------------------------------------------------

--
-- Table structure for table `role_permission`
--

CREATE TABLE `role_permission` (
  `id_role_permission` int(11) NOT NULL,
  `id_role` int(11) DEFAULT NULL,
  `id_fonctionnalite` int(11) DEFAULT NULL,
  `peux_voir` int(11) DEFAULT NULL,
  `peux_ajouter` int(11) DEFAULT NULL,
  `peux_editer` int(11) DEFAULT NULL,
  `peux_supprimer` int(11) DEFAULT NULL,
  `date_heure` datetime DEFAULT current_timestamp()
) ENGINE=InnoDB DEFAULT CHARSET=utf8;

--
-- Dumping data for table `role_permission`
--

INSERT INTO `role_permission` (`id_role_permission`, `id_role`, `id_fonctionnalite`, `peux_voir`, `peux_ajouter`, `peux_editer`, `peux_supprimer`, `date_heure`) VALUES
(1, 1, 1, 1, 1, 1, 1, '2022-01-11 16:18:14'),
(2, 1, 2, 1, 1, 1, 1, '2022-01-11 16:18:14'),
(3, 1, 3, 1, 1, 1, 1, '2020-11-27 07:58:11'),
(4, 1, 4, 1, 1, 1, 1, '2020-11-27 07:58:11'),
(5, 1, 5, 1, 1, 1, 1, '2020-11-27 07:58:11'),
(6, 1, 6, 1, 1, 1, 1, '2020-11-27 07:58:11'),
(7, 1, 7, 1, 1, 1, 1, '2020-11-27 07:58:11'),
(8, 1, 8, 1, 1, 1, 1, '2022-01-11 16:18:14'),
(9, 1, 9, 1, 1, 1, 1, '2020-11-27 07:58:11'),
(10, 1, 10, 1, 1, 1, 1, '2022-01-11 16:18:14'),
(11, 1, 11, 1, 1, 1, 1, '2020-11-27 07:58:11'),
(12, 1, 12, 1, 1, 1, 1, '2022-01-11 16:18:14'),
(13, 1, 13, 1, 1, 1, 1, '2020-11-27 07:58:11'),
(14, 1, 14, 1, 1, 1, 1, '2022-01-11 16:18:15'),
(15, 1, 15, 1, 1, 1, 1, '2021-11-11 11:41:27'),
(16, 1, 16, 1, 1, 1, 1, '2021-02-07 21:40:30'),
(17, 1, 17, 1, 1, 1, 1, '2021-02-07 21:40:30'),
(18, 1, 18, 1, 1, 1, 1, '2021-02-07 21:40:30'),
(19, 1, 19, 1, 1, 1, 1, '2021-02-07 21:40:30'),
(20, 1, 20, 1, 1, 1, 1, '2021-02-07 21:40:30'),
(21, 1, 21, 1, 1, 1, 1, '2021-02-07 21:40:30'),
(22, 1, 22, 1, 1, 1, 1, '2021-02-07 21:40:30'),
(23, 1, 23, 1, 1, 1, 1, '2021-04-08 01:40:21'),
(24, 10, 1, 1, 1, 1, 1, '2020-12-11 13:57:57'),
(25, 10, 2, 1, 1, 1, 1, '2020-12-11 13:57:58'),
(26, 10, 3, 1, 1, 1, 1, '2020-12-11 13:57:58'),
(27, 10, 4, 1, 1, 1, 1, '2020-12-11 13:57:58'),
(28, 10, 5, 1, 1, 1, 1, '2020-12-11 13:57:58'),
(29, 10, 6, 1, 1, 1, 1, '2020-12-11 13:57:58'),
(30, 10, 7, 1, 1, 1, 1, '2020-12-11 13:57:58'),
(31, 10, 8, 1, 1, 1, 1, '2020-12-11 13:57:58'),
(32, 10, 9, 1, 1, 1, 1, '2020-12-11 13:57:58'),
(33, 10, 10, 0, 0, 0, 0, '2020-12-11 13:57:58'),
(34, 10, 11, 0, 0, 0, 0, '2020-12-11 13:57:58'),
(35, 10, 12, 1, 1, 1, 1, '2020-12-11 13:57:58'),
(36, 10, 13, 1, 0, 0, 0, '2020-12-11 13:57:58'),
(37, 10, 14, 1, 0, 0, 0, '2020-12-11 13:57:58'),
(38, 10, 15, 1, 0, 0, 0, '2020-12-11 13:57:58'),
(39, 10, 16, 0, 0, 0, 0, '2020-12-11 13:57:58'),
(40, 10, 17, 0, 0, 0, 0, '2020-12-11 13:57:58'),
(41, 10, 18, 0, 0, 0, 0, '2020-12-11 13:57:58'),
(42, 10, 19, 0, 0, 0, 0, '2020-12-11 13:57:58'),
(43, 10, 20, 0, 0, 0, 0, '2020-12-11 13:57:59'),
(44, 10, 21, 0, 0, 0, 0, '2020-12-11 13:57:59'),
(45, 10, 22, 0, 0, 0, 0, '2020-12-11 13:57:59'),
(46, 10, 23, 1, 0, 0, 0, '2020-12-11 13:57:59'),
(47, 1, 24, 1, 1, 1, 1, '2021-02-07 21:40:30'),
(48, 1, 25, 1, 1, 1, 1, '2020-11-27 07:58:12'),
(49, 1, 26, 1, 1, 1, 1, '2020-11-27 07:58:12'),
(50, 5, 1, 0, 0, 0, 0, '2020-12-09 15:59:08'),
(51, 5, 2, 1, 1, 1, 1, '2020-12-09 15:59:08'),
(52, 5, 3, 1, 1, 1, 1, '2020-12-09 15:59:08'),
(53, 5, 4, 0, 0, 0, 0, '2020-12-09 15:59:08'),
(54, 5, 5, 1, 1, 1, 1, '2020-12-09 15:59:08'),
(55, 5, 6, 0, 0, 0, 0, '2020-12-09 15:59:08'),
(56, 5, 7, 0, 0, 0, 0, '2020-12-09 15:59:08'),
(57, 5, 8, 0, 0, 0, 0, '2020-12-09 15:59:08'),
(58, 5, 9, 0, 0, 0, 0, '2020-12-09 15:59:08'),
(59, 5, 10, 0, 0, 0, 0, '2020-12-09 15:59:08'),
(60, 5, 11, 0, 0, 0, 0, '2020-12-09 15:59:08'),
(61, 5, 12, 0, 0, 0, 0, '2020-12-09 15:59:08'),
(62, 5, 13, 0, 0, 0, 0, '2020-12-09 15:59:08'),
(63, 5, 14, 0, 0, 0, 0, '2020-12-09 15:59:08'),
(64, 5, 15, 0, 0, 0, 0, '2020-12-09 15:59:08'),
(65, 5, 16, 0, 0, 0, 0, '2020-12-09 15:59:08'),
(66, 5, 17, 0, 0, 0, 0, '2020-12-09 15:59:08'),
(67, 5, 18, 0, 0, 0, 0, '2020-12-09 15:59:08'),
(68, 5, 19, 0, 0, 0, 0, '2020-12-09 15:59:08'),
(69, 5, 20, 0, 0, 0, 0, '2020-12-09 15:59:08'),
(70, 5, 21, 0, 0, 0, 0, '2020-12-09 15:59:08'),
(71, 5, 22, 0, 0, 0, 0, '2020-12-09 15:59:08'),
(72, 5, 23, 0, 0, 0, 0, '2020-12-09 15:59:08'),
(73, 5, 24, 0, 0, 0, 0, '2020-12-09 15:59:08'),
(74, 5, 25, 0, 0, 0, 0, '2020-12-09 15:59:08'),
(75, 5, 26, 0, 0, 0, 0, '2020-12-09 15:59:08'),
(76, 2, 1, 1, 1, 1, 1, '2020-11-07 11:33:00'),
(77, 2, 2, 1, 1, 1, 1, '2020-11-07 11:33:00'),
(78, 2, 3, 0, 0, 0, 0, '2020-11-07 11:33:00'),
(79, 2, 4, 1, 1, 1, 1, '2020-11-07 11:33:00'),
(80, 2, 5, 1, 1, 1, 1, '2020-11-07 11:33:00'),
(81, 2, 6, 1, 1, 1, 1, '2020-11-07 11:33:00'),
(82, 2, 7, 1, 1, 1, 1, '2020-11-07 11:33:00'),
(83, 2, 8, 0, 0, 0, 0, '2020-11-07 11:33:00'),
(84, 2, 9, 0, 0, 0, 0, '2020-11-07 11:33:00'),
(85, 2, 10, 1, 1, 1, 1, '2020-11-07 11:33:00'),
(86, 2, 11, 0, 0, 0, 0, '2020-11-07 11:33:00'),
(87, 2, 12, 0, 0, 0, 0, '2020-11-07 11:33:00'),
(88, 2, 13, 0, 0, 0, 0, '2020-11-07 11:33:00'),
(89, 2, 14, 0, 0, 0, 0, '2020-11-07 11:33:00'),
(90, 2, 15, 0, 0, 0, 0, '2020-11-07 11:33:00'),
(91, 2, 16, 0, 0, 0, 0, '2020-11-07 11:33:00'),
(92, 2, 17, 0, 0, 0, 0, '2020-11-07 11:33:00'),
(93, 2, 18, 0, 0, 0, 0, '2020-11-07 11:33:00'),
(94, 2, 19, 0, 0, 0, 0, '2020-11-07 11:33:00'),
(95, 2, 20, 0, 0, 0, 0, '2020-11-07 11:33:00'),
(96, 2, 21, 0, 0, 0, 0, '2020-11-07 11:33:00'),
(97, 2, 22, 0, 0, 0, 0, '2020-11-07 11:33:00'),
(98, 2, 23, 0, 0, 0, 0, '2020-11-07 11:33:00'),
(99, 2, 24, 0, 0, 0, 0, '2020-11-07 11:33:00'),
(100, 2, 25, 0, 0, 0, 0, '2020-11-07 11:33:00'),
(101, 2, 26, 0, 0, 0, 0, '2020-11-07 11:33:00'),
(102, 1, 27, 1, 1, 1, 1, '2020-11-27 07:58:12'),
(103, 2, 27, 0, 0, 0, 0, '2020-11-07 11:33:00'),
(104, 1, 28, 1, 1, 1, 1, '2020-11-27 07:58:12'),
(105, 2, 28, 1, 1, 1, 1, '2020-11-07 11:33:00'),
(106, 6, 1, 0, 0, 0, 0, '2020-11-12 10:26:41'),
(107, 6, 2, 1, 1, 1, 1, '2020-11-12 10:26:41'),
(108, 6, 3, 0, 0, 0, 0, '2020-11-12 10:26:41'),
(109, 6, 4, 0, 0, 0, 0, '2020-11-12 10:26:41'),
(110, 6, 5, 1, 1, 1, 1, '2020-11-12 10:26:41'),
(111, 6, 6, 1, 1, 1, 1, '2020-11-12 10:26:41'),
(112, 6, 7, 1, 1, 1, 1, '2020-11-12 10:26:41'),
(113, 6, 8, 0, 0, 0, 0, '2020-11-12 10:26:41'),
(114, 6, 9, 0, 0, 0, 0, '2020-11-12 10:26:41'),
(115, 6, 10, 0, 0, 0, 0, '2020-11-12 10:26:41'),
(116, 6, 11, 0, 0, 0, 0, '2020-11-12 10:26:41'),
(117, 6, 12, 0, 0, 0, 0, '2020-11-12 10:26:41'),
(118, 6, 13, 0, 0, 0, 0, '2020-11-12 10:26:41'),
(119, 6, 14, 0, 0, 0, 0, '2020-11-12 10:26:41'),
(120, 6, 15, 0, 0, 0, 0, '2020-11-12 10:26:41'),
(121, 6, 16, 0, 0, 0, 0, '2020-11-12 10:26:41'),
(122, 6, 17, 0, 0, 0, 0, '2020-11-12 10:26:41'),
(123, 6, 18, 0, 0, 0, 0, '2020-11-12 10:26:41'),
(124, 6, 19, 0, 0, 0, 0, '2020-11-12 10:26:41'),
(125, 6, 20, 0, 0, 0, 0, '2020-11-12 10:26:41'),
(126, 6, 21, 0, 0, 0, 0, '2020-11-12 10:26:41'),
(127, 6, 22, 0, 0, 0, 0, '2020-11-12 10:26:41'),
(128, 6, 23, 0, 0, 0, 0, '2020-11-12 10:26:41'),
(129, 6, 24, 0, 0, 0, 0, '2020-11-12 10:26:41'),
(130, 6, 25, 0, 0, 0, 0, '2020-11-12 10:26:41'),
(131, 6, 26, 0, 0, 0, 0, '2020-11-12 10:26:41'),
(132, 6, 27, 0, 0, 0, 0, '2020-11-12 10:26:41'),
(133, 6, 28, 1, 1, 1, 0, '2020-11-12 10:26:41'),
(134, 1, 29, 1, 1, 1, 1, '2020-11-27 07:58:12'),
(135, 10, 24, 1, 0, 0, 0, '2020-12-11 13:57:59'),
(136, 10, 25, 0, 0, 0, 0, '2020-12-11 13:57:59'),
(137, 10, 26, 0, 0, 0, 0, '2020-12-11 13:57:59'),
(138, 10, 27, 0, 0, 0, 0, '2020-12-11 13:57:59'),
(139, 10, 28, 1, 0, 0, 0, '2020-12-11 13:57:59'),
(140, 10, 29, 0, 0, 0, 0, '2020-12-11 13:57:59'),
(141, 5, 27, 0, 0, 0, 0, '2020-12-09 15:59:08'),
(142, 5, 28, 1, 1, 1, 1, '2020-12-09 15:59:08'),
(143, 5, 29, 0, 0, 0, 0, '2020-12-09 15:59:08'),
(144, 12, 1, 1, 1, 1, 1, '2022-10-18 12:52:15'),
(145, 12, 2, 1, 1, 1, 1, '2022-10-18 12:52:15'),
(146, 12, 8, 1, 1, 1, 1, '2022-10-18 12:52:16'),
(147, 12, 9, 0, 0, 0, 0, '2021-02-07 21:33:51'),
(148, 12, 10, 1, 1, 1, 1, '2022-10-18 12:52:16'),
(149, 12, 12, 1, 1, 1, 1, '2022-10-18 12:52:16'),
(150, 12, 14, 0, 0, 0, 0, '2022-10-18 12:52:16'),
(151, 12, 15, 1, 1, 1, 1, '2021-11-13 14:33:55'),
(152, 12, 16, 0, 0, 0, 0, '2021-02-07 21:33:52'),
(153, 12, 17, 0, 0, 0, 0, '2021-02-07 21:33:52'),
(154, 12, 18, 0, 0, 0, 0, '2021-02-07 21:33:52'),
(155, 12, 19, 0, 0, 0, 0, '2021-02-07 21:33:52'),
(156, 12, 20, 1, 1, 0, 0, '2021-02-07 21:33:52'),
(157, 12, 21, 0, 0, 0, 0, '2021-02-07 21:33:52'),
(158, 12, 22, 0, 0, 0, 0, '2021-02-07 21:33:52'),
(159, 12, 23, 1, 1, 1, 0, '2021-11-04 12:30:54'),
(160, 12, 24, 0, 0, 0, 0, '2021-02-07 21:33:52'),
(161, 1, 30, 1, 1, 1, 1, '2022-01-11 16:18:15'),
(162, 1, 31, 1, 1, 1, 1, '2022-01-11 16:18:15'),
(163, 1, 32, 1, 1, 1, 1, '2022-01-11 16:18:15'),
(164, 12, 30, 1, 1, 1, 1, '2022-10-18 12:52:16'),
(165, 12, 31, 1, 1, 1, 1, '2022-10-18 12:52:16'),
(166, 12, 32, 1, 1, 1, 1, '2022-10-18 12:52:16'),
(167, 1, 33, 1, 1, 1, 1, '2021-04-08 01:40:21'),
(168, 1, 34, 1, 1, 1, 1, '2021-04-08 01:40:21'),
(169, 1, 35, 1, 1, 1, 1, '2021-04-08 01:40:22'),
(170, 1, 36, 1, 1, 1, 1, '2021-04-08 01:40:22'),
(171, 1, 37, 1, 1, 1, 1, '2021-04-08 01:40:22'),
(172, 1, 38, 1, 1, 1, 1, '2021-04-08 01:40:22'),
(173, 1, 39, 1, 1, 1, 1, '2021-04-08 01:40:22'),
(174, 1, 40, 1, 1, 1, 1, '2021-04-08 01:40:22'),
(175, 1, 41, 1, 1, 1, 1, '2021-04-08 01:40:22'),
(176, 1, 42, 1, 1, 1, 1, '2021-04-08 01:40:22'),
(177, 1, 43, 1, 1, 1, 1, '2021-04-08 01:40:22'),
(178, 1, 44, 1, 1, 1, 1, '2021-04-08 01:40:22'),
(179, 1, 45, 1, 1, 1, 1, '2021-04-08 01:40:22'),
(180, 1, 46, 1, 1, 1, 1, '2021-04-08 01:40:22'),
(181, 1, 47, 1, 1, 1, 1, '2021-04-08 01:40:22'),
(182, 1, 48, 1, 1, 1, 1, '2021-04-08 01:40:22'),
(183, 1, 49, 1, 1, 1, 1, '2021-04-08 01:40:22'),
(184, 1, 50, 1, 1, 1, 1, '2021-04-08 01:40:22'),
(185, 1, 51, 1, 1, 1, 1, '2021-04-08 01:40:22'),
(186, 1, 52, 1, 1, 1, 1, '2021-04-07 16:16:39'),
(187, 1, 53, 1, 1, 1, 1, '2021-04-07 16:16:39'),
(188, 1, 57, 1, 1, 1, 1, '2021-04-08 01:40:22'),
(189, 1, 58, 1, 1, 1, 1, '2021-04-08 01:40:22'),
(190, 1, 59, 1, 1, 1, 1, '2021-04-08 01:40:22'),
(191, 1, 60, 1, 1, 1, 1, '2021-04-08 01:40:22'),
(192, 1, 61, 1, 1, 1, 1, '2021-04-08 01:40:22'),
(193, 1, 62, 1, 1, 1, 1, '2021-04-08 01:40:22'),
(194, 1, 63, 1, 1, 1, 1, '2021-04-08 01:40:22'),
(195, 1, 64, 1, 1, 1, 1, '2021-04-08 01:40:22'),
(196, 1, 65, 1, 1, 1, 1, '2021-04-08 01:40:23'),
(197, 1, 66, 1, 1, 1, 1, '2021-04-08 01:40:23'),
(198, 1, 67, 1, 1, 1, 1, '2021-04-08 01:40:23'),
(199, 1, 68, 1, 1, 1, 1, '2021-04-08 01:40:23'),
(200, 1, 69, 1, 1, 1, 1, '2021-04-08 01:40:23'),
(201, 1, 70, 1, 1, 1, 1, '2021-04-08 01:40:23'),
(202, 1, 71, 1, 1, 1, 1, '2021-04-08 01:40:23'),
(203, 1, 72, 1, 1, 1, 1, '2021-04-08 01:40:23'),
(204, 1, 73, 1, 1, 1, 1, '2021-04-08 01:40:23'),
(205, 1, 74, 1, 1, 1, 1, '2021-04-08 01:40:23'),
(206, 1, 75, 1, 1, 1, 1, '2021-04-08 01:40:23'),
(207, 1, 76, 1, 1, 1, 1, '2021-04-08 01:40:23'),
(208, 1, 77, 1, 1, 1, 1, '2021-04-08 01:40:23'),
(209, 1, 78, 1, 1, 1, 1, '2021-04-08 01:40:23'),
(210, 1, 79, 1, 1, 1, 1, '2021-04-08 01:40:23'),
(211, 1, 80, 1, 1, 1, 1, '2021-04-08 01:40:23'),
(212, 1, 81, 1, 1, 1, 1, '2021-04-08 01:40:24'),
(213, 1, 82, 1, 1, 1, 1, '2021-04-08 01:40:24'),
(214, 1, 83, 1, 1, 1, 1, '2021-04-08 01:40:24'),
(215, 1, 84, 1, 1, 1, 1, '2021-04-08 01:40:24'),
(216, 1, 85, 1, 1, 1, 1, '2021-04-08 01:40:24'),
(217, 1, 86, 1, 1, 1, 1, '2021-04-08 01:40:24'),
(218, 1, 87, 1, 1, 1, 1, '2021-04-08 01:40:24'),
(219, 1, 88, 1, 1, 1, 1, '2021-04-08 01:40:24'),
(220, 1, 89, 1, 1, 1, 1, '2021-04-08 01:40:24'),
(221, 1, 90, 1, 1, 1, 1, '2021-04-08 01:40:24'),
(222, 1, 91, 1, 1, 1, 1, '2021-04-08 01:40:24'),
(223, 1, 92, 1, 1, 1, 1, '2021-04-08 01:40:24'),
(224, 1, 93, 1, 1, 1, 1, '2021-04-08 01:40:24'),
(225, 1, 94, 1, 1, 1, 1, '2021-04-08 01:40:24'),
(226, 1, 95, 1, 1, 1, 1, '2021-04-08 01:40:24'),
(227, 1, 96, 1, 1, 1, 1, '2021-04-08 01:40:24'),
(228, 1, 97, 1, 1, 1, 1, '2021-04-08 01:40:24'),
(229, 1, 98, 1, 1, 1, 1, '2021-04-08 01:40:25'),
(230, 1, 99, 1, 1, 1, 1, '2021-04-08 01:40:25'),
(231, 1, 100, 1, 1, 1, 1, '2021-04-08 01:40:25'),
(232, 12, 33, 0, 0, 0, 0, '2021-11-04 12:30:55'),
(233, 12, 34, 0, 0, 0, 0, '2021-11-04 12:30:55'),
(234, 12, 35, 0, 0, 0, 0, '2021-11-04 12:30:55'),
(235, 12, 36, 0, 0, 0, 0, '2021-11-04 12:30:55'),
(236, 12, 37, 0, 0, 0, 0, '2021-11-04 12:30:55'),
(237, 12, 38, 0, 0, 0, 0, '2021-11-04 12:30:55'),
(238, 12, 39, 0, 0, 0, 0, '2021-11-04 12:30:55'),
(239, 12, 40, 0, 0, 0, 0, '2021-11-04 12:30:55'),
(240, 12, 41, 0, 0, 0, 0, '2021-11-04 12:30:55'),
(241, 12, 42, 0, 0, 0, 0, '2021-11-04 12:30:55'),
(242, 12, 43, 0, 0, 0, 0, '2021-11-04 12:30:55'),
(243, 12, 44, 0, 0, 0, 0, '2021-11-04 12:30:55'),
(244, 12, 45, 0, 0, 0, 0, '2021-11-04 12:30:55'),
(245, 12, 46, 0, 0, 0, 0, '2021-11-04 12:30:55'),
(246, 12, 47, 0, 0, 0, 0, '2021-11-04 12:30:55'),
(247, 12, 48, 0, 0, 0, 0, '2021-11-04 12:30:55'),
(248, 12, 49, 0, 0, 0, 0, '2021-11-04 12:30:55'),
(249, 12, 50, 0, 0, 0, 0, '2021-11-04 12:30:55'),
(250, 12, 51, 0, 0, 0, 0, '2021-11-04 12:30:55'),
(251, 12, 57, 0, 0, 0, 0, '2021-11-04 12:30:56'),
(252, 12, 58, 0, 0, 0, 0, '2021-11-04 12:30:56'),
(253, 12, 59, 0, 0, 0, 0, '2021-11-04 12:30:56'),
(254, 12, 60, 0, 0, 0, 0, '2021-11-04 12:30:56'),
(255, 12, 61, 0, 0, 0, 0, '2021-11-04 12:30:56'),
(256, 12, 62, 0, 0, 0, 0, '2021-11-04 12:30:56'),
(257, 12, 63, 0, 0, 0, 0, '2021-11-04 12:30:56'),
(258, 12, 64, 0, 0, 0, 0, '2021-11-04 12:30:56'),
(259, 12, 65, 0, 0, 0, 0, '2021-11-04 12:30:56'),
(260, 12, 66, 0, 0, 0, 0, '2021-11-04 12:30:56'),
(261, 12, 67, 0, 0, 0, 0, '2021-11-04 12:30:56'),
(262, 12, 68, 0, 0, 0, 0, '2021-11-04 12:30:56'),
(263, 12, 69, 0, 0, 0, 0, '2021-11-04 12:30:56'),
(264, 12, 70, 0, 0, 0, 0, '2021-11-04 12:30:56'),
(265, 12, 71, 0, 0, 0, 0, '2021-11-04 12:30:57'),
(266, 12, 72, 0, 0, 0, 0, '2021-11-04 12:30:57'),
(267, 12, 73, 0, 0, 0, 0, '2021-11-04 12:30:57'),
(268, 12, 74, 0, 0, 0, 0, '2021-11-04 12:30:57'),
(269, 12, 75, 0, 0, 0, 0, '2021-11-04 12:30:57'),
(270, 12, 76, 0, 0, 0, 0, '2021-11-04 12:30:57'),
(271, 12, 77, 0, 0, 0, 0, '2021-11-04 12:30:57'),
(272, 12, 78, 0, 0, 0, 0, '2021-11-04 12:30:57'),
(273, 12, 79, 0, 0, 0, 0, '2021-11-04 12:30:57'),
(274, 12, 80, 0, 0, 0, 0, '2021-11-04 12:30:57'),
(275, 12, 81, 0, 0, 0, 0, '2021-11-04 12:30:57'),
(276, 12, 82, 0, 0, 0, 0, '2021-11-04 12:30:57'),
(277, 12, 83, 0, 0, 0, 0, '2021-11-04 12:30:57'),
(278, 12, 84, 0, 0, 0, 0, '2021-11-04 12:30:57'),
(279, 12, 85, 0, 0, 0, 0, '2021-11-04 12:30:57'),
(280, 12, 86, 0, 0, 0, 0, '2021-11-04 12:30:57'),
(281, 12, 87, 0, 0, 0, 0, '2021-11-04 12:30:57'),
(282, 12, 88, 0, 0, 0, 0, '2021-11-04 12:30:57'),
(283, 12, 89, 0, 0, 0, 0, '2021-11-04 12:30:57'),
(284, 12, 90, 0, 0, 0, 0, '2021-11-04 12:30:57'),
(285, 12, 91, 0, 0, 0, 0, '2021-11-04 12:30:57'),
(286, 12, 92, 0, 0, 0, 0, '2021-11-04 12:30:57'),
(287, 12, 93, 0, 0, 0, 0, '2021-11-04 12:30:57'),
(288, 12, 94, 0, 0, 0, 0, '2021-11-04 12:30:58'),
(289, 12, 95, 0, 0, 0, 0, '2021-11-04 12:30:58'),
(290, 12, 96, 0, 0, 0, 0, '2021-11-04 12:30:58'),
(291, 12, 97, 0, 0, 0, 0, '2021-11-04 12:30:58'),
(292, 12, 98, 0, 0, 0, 0, '2021-11-04 12:30:58'),
(293, 12, 99, 0, 0, 0, 0, '2021-11-04 12:30:58'),
(294, 12, 100, 0, 0, 0, 0, '2021-11-04 12:30:58'),
(295, 13, 1, 0, 0, 0, 0, '2021-11-04 12:37:51'),
(296, 13, 2, 1, 1, 1, 1, '2021-11-04 12:37:51'),
(297, 13, 8, 0, 0, 0, 0, '2021-11-04 12:37:51'),
(298, 13, 10, 1, 1, 1, 1, '2021-11-04 12:37:52'),
(299, 13, 12, 1, 1, 1, 1, '2021-11-04 12:37:52'),
(300, 13, 14, 0, 0, 0, 0, '2021-11-04 12:37:52'),
(301, 13, 15, 0, 0, 0, 0, '2021-11-04 12:37:52'),
(302, 13, 30, 0, 0, 0, 0, '2021-11-04 12:37:52'),
(303, 13, 31, 0, 0, 0, 0, '2021-11-04 12:37:52'),
(304, 13, 32, 1, 1, 1, 1, '2021-11-04 12:37:52'),
(305, 12, 101, 1, 1, 1, 1, '2022-10-18 12:52:16'),
(306, 12, 102, 1, 1, 1, 1, '2022-10-18 12:52:16'),
(307, 12, 103, 1, 1, 1, 1, '2022-10-18 12:52:16'),
(308, 12, 104, 1, 1, 1, 1, '2022-10-18 12:52:16'),
(309, 12, 105, 1, 1, 1, 1, '2022-10-18 12:52:16'),
(310, 1, 101, 1, 1, 1, 1, '2022-01-11 16:18:15'),
(311, 1, 102, 1, 1, 1, 1, '2022-01-11 16:18:15'),
(312, 1, 103, 1, 1, 1, 1, '2022-01-11 16:18:15'),
(313, 1, 104, 1, 1, 1, 1, '2022-01-11 16:18:15'),
(314, 1, 105, 1, 1, 1, 1, '2022-01-11 16:18:15'),
(315, 12, 106, 1, 1, 1, 1, '2022-10-18 12:52:16'),
(316, 12, 107, 1, 1, 1, 1, '2022-10-18 12:52:16'),
(317, 12, 108, 1, 1, 1, 1, '2022-10-18 12:52:16'),
(318, 1, 106, 1, 1, 1, 1, '2022-01-11 16:18:15'),
(319, 1, 107, 1, 1, 1, 1, '2022-01-11 16:18:15'),
(320, 1, 108, 1, 1, 1, 1, '2022-01-11 16:18:15'),
(321, 17, 1, 0, 0, 0, 0, '2022-09-14 15:16:28'),
(322, 17, 2, 0, 0, 0, 0, '2022-09-14 15:16:28'),
(323, 17, 8, 0, 0, 0, 0, '2022-09-14 15:16:29'),
(324, 17, 10, 0, 0, 0, 0, '2022-09-14 15:16:29'),
(325, 17, 12, 1, 1, 1, 0, '2022-09-14 15:16:29'),
(326, 17, 14, 0, 0, 0, 0, '2022-09-14 15:16:29'),
(327, 17, 30, 0, 0, 0, 0, '2022-09-14 15:16:29'),
(328, 17, 31, 0, 0, 0, 0, '2022-09-14 15:16:29'),
(329, 17, 32, 0, 0, 0, 0, '2022-09-14 15:16:29'),
(330, 17, 101, 1, 0, 0, 0, '2022-09-14 15:16:29'),
(331, 17, 102, 0, 0, 0, 0, '2022-09-14 15:16:29'),
(332, 17, 103, 0, 0, 0, 0, '2022-09-14 15:16:29'),
(333, 17, 104, 0, 0, 0, 0, '2022-09-14 15:16:29'),
(334, 17, 105, 0, 0, 0, 0, '2022-09-14 15:16:29'),
(335, 17, 106, 0, 0, 0, 0, '2022-09-14 15:16:29'),
(336, 17, 107, 0, 0, 0, 0, '2022-09-14 15:16:29'),
(337, 17, 108, 0, 0, 0, 0, '2022-09-14 15:16:29'),
(338, 24, 1, 0, 0, 0, 0, '2022-09-14 15:16:51'),
(339, 24, 2, 0, 1, 0, 0, '2022-09-14 15:16:51'),
(340, 24, 8, 0, 0, 0, 0, '2022-09-14 15:16:51'),
(341, 24, 10, 1, 0, 1, 0, '2022-09-14 15:16:51'),
(342, 24, 12, 0, 0, 0, 0, '2022-09-14 15:16:51'),
(343, 24, 14, 0, 0, 0, 0, '2022-09-14 15:16:51'),
(344, 24, 30, 0, 0, 0, 0, '2022-09-14 15:16:51'),
(345, 24, 31, 0, 0, 0, 0, '2022-09-14 15:16:51'),
(346, 24, 32, 0, 0, 0, 0, '2022-09-14 15:16:51'),
(347, 24, 101, 0, 0, 0, 0, '2022-09-14 15:16:51'),
(348, 24, 102, 0, 0, 0, 0, '2022-09-14 15:16:51'),
(349, 24, 103, 0, 0, 0, 0, '2022-09-14 15:16:51'),
(350, 24, 104, 0, 0, 0, 0, '2022-09-14 15:16:51'),
(351, 24, 105, 0, 0, 0, 0, '2022-09-14 15:16:51'),
(352, 24, 106, 0, 0, 0, 0, '2022-09-14 15:16:52'),
(353, 24, 107, 0, 0, 0, 0, '2022-09-14 15:16:52'),
(354, 24, 108, 0, 0, 0, 0, '2022-09-14 15:16:52');

-- --------------------------------------------------------

--
-- Table structure for table `sexe`
--

CREATE TABLE `sexe` (
  `id_sexe` int(11) NOT NULL,
  `designation` varchar(255) DEFAULT NULL,
  `token_sexe` varchar(255) DEFAULT NULL,
  `is_deleted` int(11) DEFAULT NULL
) ENGINE=InnoDB DEFAULT CHARSET=utf8;

--
-- Dumping data for table `sexe`
--

INSERT INTO `sexe` (`id_sexe`, `designation`, `token_sexe`, `is_deleted`) VALUES
(1, 'Masculin', '45e7c4294b1c54e3c0bec6ae3ca204410641d2c1', 0),
(2, 'Féminin', 'fbd4486f5b55ecac409c018550d32a6642441060', 0),
(4, 'Autres', '76408334f55f2724e19de1abbb1e5fe1642b98f6', 0);

-- --------------------------------------------------------

--
-- Table structure for table `sous_categorie_comptable`
--

CREATE TABLE `sous_categorie_comptable` (
  `id_sous_categorie_comptable` int(11) NOT NULL,
  `designation_sous_categorie_plan_comptable` varchar(100) NOT NULL,
  `description_sous_categorie_comptable` text NOT NULL,
  `code_comptable` varchar(100) NOT NULL,
  `id_foreign_entreprise_salesienne` int(11) DEFAULT NULL,
  `id_foreign_categorie_plan_comptable` int(11) DEFAULT NULL
) ENGINE=InnoDB DEFAULT CHARSET=utf8mb4;

--
-- Dumping data for table `sous_categorie_comptable`
--

INSERT INTO `sous_categorie_comptable` (`id_sous_categorie_comptable`, `designation_sous_categorie_plan_comptable`, `description_sous_categorie_comptable`, `code_comptable`, `id_foreign_entreprise_salesienne`, `id_foreign_categorie_plan_comptable`) VALUES
(1, 'Services Procure', 'Autofinancement', '7010', 2, 2),
(2, 'Take Away', '<p>\n	Autofinancement</p>\n', '7011', 2, 2),
(3, 'Containers', 'Apports Exterieurs', '7012', 2, 2),
(4, 'Station Don Bosco', 'Autofinancement', '7041', 2, 2),
(5, 'Pension des Confrères', 'Produits d\'Exploitation', '7061', 2, 2),
(6, 'Pension des Confrères Belges', 'Apports Exterieurs', '7062', 2, 2),
(7, 'Centre de Contrôle Technique UFUNDI', 'Apports Exterieurs', '7063', 2, 2),
(8, 'Loyer des Maisons', 'Produits d\'Exploitation', '7070', 2, 2),
(9, 'Salle d\'Expérence', 'Produits d\'Exploitation', '7073', 2, 2),
(10, 'Subvention Etudes (Dons Formations) PISANA', 'Apports Exterieurs', '7182', 2, 2),
(11, 'Dons avec Intention', 'Apports Exterieurs', '7183', 2, 2),
(12, 'Lettres', 'Apports Exterieurs', '7184', 2, 2),
(13, 'Afia Don Bosco', 'Autofinancement', '7185', 2, 2),
(14, 'EcoPo', 'Autofinancement', '7186', 2, 2),
(15, 'ESIS', 'Autofinancement', '7187', 2, 2),
(16, 'Versement des Communautés (Solidarité)', 'Autofinancement', '7188', 2, 2),
(17, 'Dons à Recevoir', 'Apports Exterieurs', '7189', 2, 2),
(18, 'Contribution pour la Pastorale', 'Autofinancement', '7190', 2, 2),
(19, 'Euro Fondation', 'Produits Financiers', '7700', 2, 2),
(20, 'Logiciels', '', '2130', 2, 3),
(21, 'Terrains Agricoles', '', '2211', 2, 3),
(22, 'Terrains à Batir ', '', '2221', 2, 3),
(23, 'Terrains Batis', '', '2230', 2, 3),
(24, 'Autres Terrains', '', '2280', 2, 3),
(25, 'Batiments', '', '2310', 2, 3),
(26, 'Matériel Commercial/Station, Teke Awey, etc', '', '2413', 2, 3),
(27, 'Matériel et Outillage Agricole', '', '2420', 2, 3),
(28, 'Matériel de Bureau/Perforateurs, Agraffeuses, Calculatrice, etc', '', '2441', 2, 3),
(29, 'Matériel Informatique/PC, Imprimentes, Scanners, Disc dur, etc', '', '2442', 2, 3),
(30, 'Mobilier de Bureau/Tables, Chaises Bureau ou Visiteurs(Réunion)', '', '2444', 2, 3),
(31, 'Matériels Automobiles/Véhicules, Motos, etc', '', '2451', 2, 3),
(32, 'Amortissements', '', '2800', 2, 3),
(33, 'Apport AFC étude EUROPE', '', '6261', 2, 4),
(34, 'Etude Afrique (Noviciat & Théologie)', '', '6262', 2, 4),
(35, 'Misele et Brevaire', '', '6265', 2, 4),
(36, 'Sessions/retraites', '', '6270', 2, 4),
(37, 'Activités past. Et commissions', '', '6277', 2, 4),
(38, 'COMMUNICATION (Feuillet AFC/Calendrier/Bulletin salésien/COLOMBE)', '', '6278', 2, 4),
(39, 'Subsides maisons SDB', '', '6350', 2, 4),
(40, 'Formation : Kansebula, Theologicum, Noviciat, Prénoviciat', '', '6351', 2, 4),
(41, 'Solidarité au Recteur Majeur', '', '6358', 2, 4),
(42, 'Frais funéraires, Fetes et Ordinations', '', '6383', 2, 4),
(43, 'Courses vers Communauté', '', '6140', 2, 5),
(44, 'Courses vers Œuvres ', '', '6142', 2, 5),
(45, 'Courses Administratives', '', '6183', 2, 5),
(46, 'Voyages confrères', '', '6181', 2, 6),
(47, 'Fournitures de bureau/Fonctionnement de la Province', '', '6047', 2, 7),
(48, 'Electricité', '', '6052', 2, 7),
(49, 'Carburants véhicules & groupe électrogène', '', '6053', 2, 7),
(50, 'Entretiens Bâtiments', '', '6241', 2, 7),
(51, 'Entretien et réparations véhicule/Achat Matériels Divers', '', '6242', 2, 7),
(52, 'Communication/Téléphone ', '', '6281', 2, 8),
(53, 'Communication/ Internet', '', '6282', 2, 8),
(54, 'Postes /Express', '', '6283', 2, 8),
(55, 'Suivi & Evaluation sur les Activités de l\'Economat Provincial', '', '6330', 2, 9),
(56, 'Impôts et taxes directs', '', '6410', 2, 10),
(57, 'Impôts et taxes Indirects (TVA)', '', '6450', 2, 10),
(58, 'Documents véhicules et Dédouanement', '', '6463', 2, 10),
(59, 'Documents officiels : passeport, visas, permis', '', '6468', 2, 10),
(60, 'Charges et Pertes Diverses/Fonds d\'Imprevu', '', '6581', 2, 11),
(61, 'Salaires ouvriers', '', '6611', 2, 12),
(62, 'Avantage en Nature/Farine, Lait, etc', '', '6617', 2, 12),
(63, 'Charges Sociales(CNSS,INPP, ONEM)', '', '6641', 2, 12),
(64, 'Soins médicaux Ouvriers', '', '6680', 2, 12),
(65, 'Soins médicaux Confrères/SDB', '', '6684', 2, 12),
(66, 'Frais de Gestion Comptes', '', '6310', 2, 13),
(67, 'Banque CDF', '', '5211', 2, 14),
(68, 'Banque USD', '', '5212', 2, 14),
(69, 'Organismes Financiers', '', '5331', 2, 14),
(70, 'Caisse CDF', '', '5711', 2, 14),
(71, 'Caisse USD', '', '5712', 2, 14),
(72, 'Change CDF vers autre Monnaie', '', '5851', 2, 14),
(73, 'Change USD vers autre Monnaie', '', '5852', 2, 14),
(74, 'Avance sur Salaire', '', '4211', 2, 15),
(75, 'Avance de Mission au Staff', '', '4286', 2, 15),
(76, 'Avance d\'achat locale', '', '4287', 2, 15),
(77, 'Impôts et taxes indirects', '<p>\n	Enregistre toutes les taxes et impot indirect d&ucirc; et vers&eacute;e &agrave; l&#39;etat</p>\n', '6411', 2, 10),
(78, 'Fournitures de bureau', '<p>\r\n	R.A.S</p>\r\n', '3300', 2, 16),
(79, 'Solvables', '<p>\r\n	RAS</p>\r\n', '4100', 2, 17),
(80, 'insolvables', '<p>\r\n	RAS</p>\r\n', '4170', 2, 17),
(81, 'Capital Province AFC', '<p>\r\n	RAS</p>\r\n', '1011', 2, 19),
(82, 'Subventions etrangeres', '<p>\r\n	RAS</p>\r\n', '1401', 2, 19),
(83, 'Subventions Locales 1', '<p>\r\n	RAS</p>\r\n', '1402', 2, 19),
(84, 'Subvention locale 2', '<p>\r\n	RAS</p>\r\n', '1403', 2, 19),
(85, 'Dettes LT', '<p>\r\n	RAS</p>\r\n', '1600', 2, 20),
(86, 'Dettes MT', '<p>\r\n	RAS</p>\r\n', '1700', 2, 20),
(87, 'Fournisseurs', '<p>\r\n	RAS</p>\r\n', '4001', 2, 21),
(88, 'Aide aux parents / soins médicaux ', '', '6582', 2, 11),
(89, 'Aqua Don Bosco', '', '7021', 2, 2),
(90, 'Capital Imara', '<p>\r\n	R.A.S</p>\r\n', '1010', 2, 19),
(91, 'Catergorie test', '', '2410', 2, 3),
(92, 'Services Station', '', '7010', 1, 22),
(93, 'Station Don Bosco', '', '7011', 1, 22),
(96, 'voeux', '\r\n	vente des voeux\r\n', '7010', 12, 27),
(97, 'Logement foyer romana', '\r\n	Logement &eacute;tudiants\r\n', '7010', 10, 28),
(99, 'T-shirt', '\r\n	impression T-shirt\r\n', '7010', 21, 26),
(100, 'Carottes', '\r\n	Les carottes\r\n', '7010', 3, 29),
(101, 'Quête', '\r\n	Offrance\r\n', '7010', 23, 36),
(102, 'vente bidon', '\r\n	contenant\r\n', '110', 20, 40),
(103, 'CHAMBRES A LOUER', '\n	Des cadres des bureaux\n', '7010', 15, 35),
(104, 'Chambres à louer', '\r\n	Des cadres des bureaux\r\n', '7010', 15, 34),
(105, 'amarantes', '\r\n	vente des amarantes\r\n', '7010', 18, 63),
(106, 'Livre', '\r\n	impression et reulure\r\n', '7011', 21, 26),
(107, 'toreaux', '\r\n	vente toreaux\r\n', '7011', 12, 27),
(108, 'carotte', '\r\n	les carottes\r\n', '7010', 3, 29),
(109, 'Logement home zanin', '\r\n	logement &eacute;tudiants\r\n', '7011', 10, 28),
(111, 'Honoraires enseignants ', '', '7011', 23, 44),
(112, 'Les des examens par elève', '\r\n	Ces enregistrements sont faites apr&egrave;s une p&eacute;riodes donn&eacute;es\r\n', '70.05', 19, 37),
(113, 'Salades', '\r\n	Les Sakades\r\n', '7011', 3, 29),
(114, 'Nourriture ', '\r\n	Alimentation&nbsp;\r\n', '6200', 23, 55),
(115, 'PENSION PROVINCE', '\r\n	CONTRIBUTION PROVINCE AFC ACC\r\n', '7010', 13, 33),
(116, 'foin gras', '\r\n	achat foin gras\r\n', '6200', 12, 52),
(117, 'VENTE APIRINE', '\r\n	les clients se cautise pour acheter le carburant &agrave; mettre dans le groupe qui serve aussi &agrave; la communaut&eacute;\r\n', '7010', 22, 41),
(118, 'Encre', '\r\n	achat des encres\r\n', '6200', 21, 46),
(120, 'Achat légumes', '\r\n	achat l&eacute;gumes\r\n', '6200', 10, 47),
(121, 'salade', '\r\n	les salades\r\n', '7011', 3, 29),
(122, 'Patro', '', '2111', 23, 49),
(123, 'Petites récettes', '\n	Parking\n', '6200', 15, 34),
(124, 'foin fin', '\r\n	achat foin fin\r\n', '2111', 12, 52),
(125, 'Tamboure', '\r\n	Achat tamboure\r\n', '2111', 21, 46),
(127, 'achat bidon', '\r\n	r&eacute;cipient\r\n', '2111', 20, 40),
(128, 'Petites recettes', '\r\n	Parking\r\n', '6211', 15, 34),
(129, 'Frais de fonctionnent', '\r\n	Ces enregistrements sont des sorties prouv&eacute;es par le prefet lui-m&ecirc;me\r\n', '2111', 19, 59),
(130, 'CONTRIBUTION CARBURANT ', '\r\n	Les clients cautise le carburant. pour. le groupe de la maison\r\n', '7010', 22, 30),
(131, 'Achat cuisse', '\r\n	cuisse\r\n', '2111', 10, 47),
(132, 'Grandes dépenses', '\n	Achat pompe\n', '7011', 15, 34),
(133, 'VENTE JARDIN', '\r\n	Vente de l&eacute;gume\r\n', '7011', 13, 33),
(134, 'frais connexes', '\r\n	differentes sortes des entr&eacute;es dans la maison\r\n', '70.02', 19, 37),
(135, 'engrais', '\r\n	les intrans\r\n', '2111', 3, 54),
(136, 'Achat Tntrans', '\r\n	Les intrants\r\n', '2111', 3, 53),
(137, 'Acueil', '\r\n	Groupe st Amand\r\n', '7010', 18, 64),
(138, 'Grandes dépenses', '\r\n	Achat pombe\r\n', '7011', 15, 34),
(139, 'ACHAT CARBURANT', '\r\n	ACHAT CARBURANT\r\n', '6200', 13, 43),
(140, 'Achat bouchon', '\n	achat bouchon aqua\n', '2111', 2, 16),
(141, ' achat Carburant Suzuki', '\r\n	achat de carburant pour. la voiture suzuki\r\n', '2111', 22, 58),
(142, 'Mais', '\r\n	Les mais\r\n', '2112', 3, 54),
(143, 'mais', '\r\n	les mais\r\n', '2112', 3, 54),
(144, 'Achat cahiers', '\r\n	Achat cachier\r\n', '2111', 13, 43),
(145, 'Petites dépenses', '\n	Achat l&eacute;gumes\n', '2111', 15, 34),
(146, 'Petites dépenses', '', 'Achat légumes', 15, 34),
(147, 'Agriculture', '\r\n	Vente des tomates\r\n', '2111', 18, 63),
(148, 'Logiciel', '', '2130', 11, 65),
(149, 'Terrains', '', '2200', 11, 65),
(150, 'Batiments', '', '2310', 11, 65),
(151, 'Materielles industrielles', '', '2441', 11, 65),
(152, 'Materielles et immobilliers de bureau', '', '2444', 11, 65),
(153, 'Materielles de transports', '', '2450', 11, 65),
(154, 'Marchandises', '', '3100', 11, 66),
(155, 'Matières consommables', '', '3300', 11, 66),
(156, 'Clients', '', '4110', 11, 66),
(157, 'Banque', '', '5200', 11, 67),
(158, 'Caisses', '', '5700', 11, 67),
(159, 'Capitales  socials', '', '1010', 11, 68),
(160, 'Résèrves', '', '1100', 11, 68),
(161, 'Reports à nouveau', '', '1200', 11, 68),
(162, 'Résultats Nets', '', '1310', 11, 68),
(163, 'Subventions d\'investissements', '', '1400', 11, 68),
(164, 'Fournisseurs', '', '4010', 11, 69),
(165, 'Etats', '', '4400', 11, 69),
(166, 'Personnelle', '', '4200', 11, 69),
(167, 'Organismes sociaux', '', '4300', 11, 69),
(168, 'Achat des marchandises', '', '6010', 11, 71),
(169, 'Achat de matieres premieres et fournitures liees', '', '6020', 11, 71),
(170, 'Autres Achats', '', '6050', 11, 71),
(171, 'Transport', '', '6100', 11, 71),
(172, 'Services Exterieures A', '', '6200', 11, 71),
(173, 'Impot et taxe', '', '6400', 11, 71),
(174, 'Autres charges', '', '6500', 11, 71),
(175, 'Charges Personnelles', '', '6600', 11, 71),
(176, 'Dotation aux amortissements, provisions et depreciation', '', '6880', 11, 71),
(177, 'Autres charge HAO', '', '6510', 11, 71),
(178, 'Impot sur le resultat ', '', '6410', 11, 71),
(179, 'Vente des marchandises', '', '7010', 11, 72),
(180, 'variation de stock', '', '7031', 11, 72),
(181, 'Travaux et services vendus', '', '7050', 11, 72);

-- --------------------------------------------------------

--
-- Table structure for table `sous_categorie_comptable_affectee`
--

CREATE TABLE `sous_categorie_comptable_affectee` (
  `id_sous_categorie_comptable_affectee` int(11) NOT NULL,
  `id_foreign_sous_categorie` text DEFAULT NULL,
  `id_foreign_entreprise_salesienne` int(11) DEFAULT NULL
) ENGINE=InnoDB DEFAULT CHARSET=utf8mb4;

--
-- Dumping data for table `sous_categorie_comptable_affectee`
--

INSERT INTO `sous_categorie_comptable_affectee` (`id_sous_categorie_comptable_affectee`, `id_foreign_sous_categorie`, `id_foreign_entreprise_salesienne`) VALUES
(3, '1,2,3,4,5,6,7,8,9,10,11,12,13,14,15,16,17,18,19,20,21,22,23,24,25,26,27,28,29,30,31,32,33,34,35,36,37,38,39,40,41,42,43,44,45,46,47,48,49,50,51,52,53,54,55,56,57,58,59,60,61,62,63,64,65,66,67,68,69,70,71,72,73,74,75,76,77,78,79,80,81,82,83,84,85,86,87,88,89,90', 2),
(5, '77', 2),
(14, '93,92,91,90,89,88,87,86,85,84,83,82,81,80,79,78,77,76,75,74,73,72,71,70,69,68,67,66,65,64,63,62,61,60,59,58,57,56,55,54,53,52,51,50,49,48,47,46,45,44,43,42,41,40,39,38,37,36,35,34,33,32,31,30,29,28,27,26,25,24,23,22,21,20,19,18,17,16,15,14,13,12,11,10,9,8,7,6,5,4,3,2,1', 1),
(18, '102,127', 20),
(19, '117,130,141', 22),
(37, '101,111,114,122', 23),
(38, '147,146,145,144,143,142,141,140,139,138,137,136,135,134,133,132,131,130,129,128,127,126,125,124,123,122,121,120,119,118,117,116,115,114,113,112,111,110,109,108,107,106,105,104,103,102,101,100,99,98,97,96,93,92,91,90,89,88,87,86,85,84,83,82,81,80,79,78,77,76,75,74,73,72,71,70,69,68,67,66,65,64,63,62,61,60,59,58,57,56,55,54,53,52,51,50,49,48,47,46,45,44,43,42,41,40,39,38,37,36,35,34,33,32,31,30,29,28,27,26,25,24,23,22,21,20,19,18,17,16,15,14,13,12,11,10,9,8,7,6,5,4,3,2,1', 19),
(41, '147,146,145,144,143,142,141,140,139,138,137,136,135,134,133,132,131,130,129,128,127,126,125,124,123,122,121,120,119,118,117,116,115,114,113,112,111,110,109,108,107,106,105,104,103,102,101,100,99,98,97,96,93,92,91,90,89,88,87,86,85,84,83,82,81,80,79,78,77,76,75,74,73,72,71,70,69,68,67,66,65,64,63,62,61,60,59,58,57,56,55,54,53,52,51,50,49,48,47,46,45,44,43,42,41,40,39,38,37,36,35,34,33,32,31,30,29,28,27,26,25,24,23,22,21,20,19,18,17,16,15,14,13,12,11,10,9,8,7,6,5,4,3,2,1', 13),
(43, '105,137,147', 18),
(46, '100,108,113,121,135,136,142,143', 3),
(50, '96,107,116,124', 12),
(51, '97,109,120,131', 10),
(52, '103,104,123,128,132,138,145,146', 15),
(54, '62', 10),
(55, '148,149,150,151,152,153,154,155,156,157,158,159,160,161,162,163,164,165,166,167,168,169,170,171,172,173,174,175,176,177,178,179,180,181', 11),
(56, '181,180,179,178,177,176,175,174,173,172,171,170,169,168,167,166,165,164,163,162,161,160,159,158,157,156,155,154,153,152,151,150,149,148', 21);

-- --------------------------------------------------------

--
-- Table structure for table `type_caisse`
--

CREATE TABLE `type_caisse` (
  `id_type_caisse` int(11) NOT NULL,
  `designation` varchar(100) NOT NULL
) ENGINE=InnoDB DEFAULT CHARSET=utf8mb4;

--
-- Dumping data for table `type_caisse`
--

INSERT INTO `type_caisse` (`id_type_caisse`, `designation`) VALUES
(1, 'Caisse Locale'),
(2, 'Compte Bancaire');

-- --------------------------------------------------------

--
-- Table structure for table `type_categorie_accounting`
--

CREATE TABLE `type_categorie_accounting` (
  `id_type_categorie_accounting` int(11) NOT NULL,
  `designation` varchar(100) NOT NULL
) ENGINE=InnoDB DEFAULT CHARSET=utf8mb4;

--
-- Dumping data for table `type_categorie_accounting`
--

INSERT INTO `type_categorie_accounting` (`id_type_categorie_accounting`, `designation`) VALUES
(1, 'Entrée'),
(2, 'Sortie');

-- --------------------------------------------------------

--
-- Table structure for table `type_categorie_plan_comptable`
--

CREATE TABLE `type_categorie_plan_comptable` (
  `id_type_categorie_plan_comptable` int(11) NOT NULL,
  `designation` varchar(100) NOT NULL
) ENGINE=InnoDB DEFAULT CHARSET=utf8mb4;

--
-- Dumping data for table `type_categorie_plan_comptable`
--

INSERT INTO `type_categorie_plan_comptable` (`id_type_categorie_plan_comptable`, `designation`) VALUES
(1, 'RECETTE'),
(2, 'DEPENSE');

-- --------------------------------------------------------

--
-- Table structure for table `type_compte_livre_caisse`
--

CREATE TABLE `type_compte_livre_caisse` (
  `id_type_compte_livre_caisse` int(11) NOT NULL,
  `designation` varchar(100) NOT NULL
) ENGINE=InnoDB DEFAULT CHARSET=utf8mb4;

--
-- Dumping data for table `type_compte_livre_caisse`
--

INSERT INTO `type_compte_livre_caisse` (`id_type_compte_livre_caisse`, `designation`) VALUES
(1, 'Livre de Caisse'),
(2, 'Livre de Banque');

-- --------------------------------------------------------

--
-- Table structure for table `type_entreprise`
--

CREATE TABLE `type_entreprise` (
  `id_type_entreprise` int(11) NOT NULL,
  `designation` varchar(100) NOT NULL
) ENGINE=InnoDB DEFAULT CHARSET=utf8mb4;

--
-- Dumping data for table `type_entreprise`
--

INSERT INTO `type_entreprise` (`id_type_entreprise`, `designation`) VALUES
(1, 'Système'),
(2, 'Non Système');

-- --------------------------------------------------------

--
-- Table structure for table `type_entreprise_salesienne`
--

CREATE TABLE `type_entreprise_salesienne` (
  `id_type_entreprise_salesienne` int(11) NOT NULL,
  `designation` varchar(100) NOT NULL
) ENGINE=InnoDB DEFAULT CHARSET=utf8mb4;

--
-- Dumping data for table `type_entreprise_salesienne`
--

INSERT INTO `type_entreprise_salesienne` (`id_type_entreprise_salesienne`, `designation`) VALUES
(1, 'Maison Salesienne'),
(2, 'Oeuvre Salesienne');

-- --------------------------------------------------------

--
-- Table structure for table `type_transaction`
--

CREATE TABLE `type_transaction` (
  `id_type_transaction` int(11) NOT NULL,
  `designation` varchar(100) NOT NULL
) ENGINE=InnoDB DEFAULT CHARSET=utf8mb4;

--
-- Dumping data for table `type_transaction`
--

INSERT INTO `type_transaction` (`id_type_transaction`, `designation`) VALUES
(1, 'ENTREE'),
(2, 'SORTIE');

-- --------------------------------------------------------

--
-- Table structure for table `type_unite_one`
--

CREATE TABLE `type_unite_one` (
  `id_type_unite_one` int(11) NOT NULL,
  `designation_type_unite_one` varchar(100) NOT NULL,
  `id_foreign_entreprise_salesienne` int(11) DEFAULT NULL
) ENGINE=InnoDB DEFAULT CHARSET=utf8mb4;

--
-- Dumping data for table `type_unite_one`
--

INSERT INTO `type_unite_one` (`id_type_unite_one`, `designation_type_unite_one`, `id_foreign_entreprise_salesienne`) VALUES
(1, 'Stationery', 2),
(2, 'Internet', 2),
(3, 'Mobile', 2),
(4, 'Pièce', 2),
(5, 'Sac', 2),
(6, 'Mois', 2),
(7, 'test imara', 11),
(8, 'Personnes', 12),
(9, 'litres', 13),
(10, 'kgs', 13);

-- --------------------------------------------------------

--
-- Table structure for table `type_unite_two`
--

CREATE TABLE `type_unite_two` (
  `id_type_unite_two` int(11) NOT NULL,
  `designation_type_unite_two` varchar(100) NOT NULL,
  `id_foreign_entreprise_salesienne` int(11) DEFAULT NULL
) ENGINE=InnoDB DEFAULT CHARSET=utf8mb4;

--
-- Dumping data for table `type_unite_two`
--

INSERT INTO `type_unite_two` (`id_type_unite_two`, `designation_type_unite_two`, `id_foreign_entreprise_salesienne`) VALUES
(1, 'Mois', 2),
(2, 'Jour', 2),
(3, 'Semaine', 2),
(4, 'Trimestre', 2),
(5, 'Semestre', 2),
(6, 'Année', 2),
(7, 'Stationery', 2),
(8, 'Sac', 2),
(9, 'Internet', 2),
(10, 'pièce', 2),
(11, 'Personnes', 12);

-- --------------------------------------------------------

--
-- Table structure for table `utilisateur`
--

CREATE TABLE `utilisateur` (
  `id_utilisateur` int(11) NOT NULL,
  `nom` varchar(255) DEFAULT NULL,
  `id_sexe` int(11) DEFAULT NULL,
  `id_etat_civil` int(11) DEFAULT NULL,
  `date_naissance` date DEFAULT NULL,
  `lieu_naissance` varchar(255) DEFAULT NULL,
  `phone1` varchar(255) DEFAULT NULL,
  `phone2` varchar(255) DEFAULT NULL,
  `email` varchar(255) DEFAULT NULL,
  `password` varchar(255) DEFAULT NULL,
  `photo` varchar(255) DEFAULT NULL,
  `id_role` int(11) DEFAULT NULL,
  `post_nom` varchar(100) NOT NULL,
  `prenom` varchar(100) NOT NULL,
  `id_foreign_entreprise_salesienne` int(11) NOT NULL
) ENGINE=InnoDB DEFAULT CHARSET=utf8;

--
-- Dumping data for table `utilisateur`
--

INSERT INTO `utilisateur` (`id_utilisateur`, `nom`, `id_sexe`, `id_etat_civil`, `date_naissance`, `lieu_naissance`, `phone1`, `phone2`, `email`, `password`, `photo`, `id_role`, `post_nom`, `prenom`, `id_foreign_entreprise_salesienne`) VALUES
(1, 'Super Admin', 1, 2, '2020-12-19', 'Lubumbashi', '0824881290', '0824881290', 'admin@admin.com', '$2y$10$XbmSRUK/imCMcYG/Gs3s8OU60ilh68zwXoW0EOutzIevD5u9eNnpW', '9cb6f-admin_logo.jpg', 1, 'Super', 'Admin', 0),
(6, 'TSHIBANGU', 1, 2, '1989-02-28', 'Lubumbashi', '243990333033', '243812410317', 'comptable@economa.com', '$2y$10$Shoxt986jLyp9Zm1JOHXeeJkgDBh6WQwW9KbbYOtFigX4SGF8qLr.', '5d631-don-bosco.jpg', 12, 'TSHIBANGU', 'Stany', 2),
(7, 'Admin', 1, 2, '2021-11-08', 'Lubumbashi', '243971403075', NULL, 'admin@maisonprovincial.com', '$2y$10$QUygomYpil9wsp9k19n5qeV4I5ujuKaQ1qAtSiGNZpVHFs2DyVw.i', 'a11c0-don-bosco.jpg', 12, 'Admin', 'Admin', 2),
(8, 'Admin', 4, 1, '2022-03-01', 'Lubumbashi', '243971403076', '243991403076', 'admin@station.com', '$2y$10$CODwwP.h3UExuhbLeOew7OLeHyhcz4qKbYjM2ngZO2qr6Wtg2JWhC', '47b15-don-bosco.jpg', 12, 'Admin', 'Station', 1),
(9, 'Super Admin', 1, 2, '2020-12-19', 'Lubumbashi', '0824881290', '0824881290', 'admin@admin.com', '$2y$10$XbmSRUK/imCMcYG/Gs3s8OU60ilh68zwXoW0EOutzIevD5u9eNnpW', '9cb6f-admin_logo.jpg', 1, 'Super', 'Admin', 0),
(12, 'Lwamba', 1, 1, '1990-12-12', 'Lubumbashi', '+243974684530', NULL, 'gaetanlwmb@gmail.com', '$2y$10$xfUKY83xreCgeZn7hxfJJenczj.uk8URAiGDyJAECKE52uzths1JK', '8e112-730f6-img_009087.png', 13, 'Sulubika', 'Gaetan', 2),
(13, 'Severain', 1, 1, '2016-05-17', 'Lubumbashi', NULL, NULL, 'seve@gmail.com', '$2y$10$rYfg3cQYz3PkUDCY6op.PeGisS9nYRUuZocjXjKWJjyoz1diMSHy6', NULL, NULL, 'Mbwita', 'Severai', 0),
(14, 'Kazembe André', NULL, NULL, NULL, NULL, NULL, NULL, 'anderkazine@yahoo.it', '$2y$10$3Lyz7SeX8O8kxcU/xKPtm.YtpZH4/q9j0GI71RdyPNAQHpMLAyHTm', NULL, NULL, '', '', 27),
(15, 'Kizito tembo', NULL, NULL, NULL, NULL, NULL, NULL, 'kizitotem@gmail.com', '$2y$10$ExsQCg5/poI3J4GV92UMUO6Kgn.R2ao3TylEm23AZMbaHPF3BPN.a', NULL, NULL, '', '', 26),
(16, 'Jean Pierre Muhima', NULL, NULL, NULL, NULL, NULL, NULL, 'mampuyajp1@yahoo.fr ', '$2y$10$YujMFIB00hCo9Wyks2/WH.Y8wM2YUmp1sLFzalTMU.WgfoM851QLi', NULL, NULL, '', '', 25),
(17, 'Pascal Mumba', NULL, NULL, NULL, NULL, NULL, NULL, 'pacakanayesu@gmail.com', '$2y$10$rGVM2xDPToZ/0oWxNMPF4e7EmA8Hr425ALTfVh3BeHIOPXJAzPgqa', NULL, NULL, '', '', 24),
(24, 'Deogratias Mutombo', NULL, NULL, NULL, NULL, NULL, NULL, 'deogramut@gmail.com ', '$2y$10$xCKoRm8Fsn6xmPZPhzPDo.XnxzAkVbTe4o0DdPbZnuZz8GzCfIqP6', NULL, NULL, '', '', 17),
(25, 'Kivungila Germain', NULL, NULL, NULL, NULL, NULL, NULL, 'kivungilagermain@yahoo.fr', '$2y$10$7x0fTXrPMpi7pCsuITT82efjGuhiDEwvQbn6pem2F9xv5llNvPNl2', NULL, NULL, '', '', 16),
(27, 'Paul Erick Kibamba', NULL, NULL, NULL, NULL, NULL, NULL, 'paulerickibamba@gmail.com', '$2y$10$CinewFIO2LAMWxJg5AfSWegLD9J1Xy6dkCUl6QGKnpZEQqC/F5JdG', NULL, NULL, '', '', 14),
(29, 'Kamwanya Damase', NULL, NULL, NULL, NULL, NULL, NULL, 'kamwanyadamase@gmail.com', '$2y$10$HFZbKs7c79p49aT3UrEiIOrkJra.2Ii34n5DqIEZOyYQyyjReUWZW', NULL, 12, '', '', 12),
(30, 'Admin', 1, 1, NULL, NULL, NULL, NULL, 'admin@imara.com', '$2y$10$Ac/aKLGnHt3/KSOFp4ekMuCnEF.Lkk6kV02oS1QiFIGOPiM.DYV6G', 'cb400-imara_logo.png', 12, 'Admin', 'imara', 11),
(33, 'Donatien Mambepa', NULL, NULL, NULL, NULL, NULL, NULL, 'madonat15@yahoo.fr', '$2y$10$C7.kCaEcDfV8.LVXB6Etw.px7A2l1cPGKtX9bNvnUecmxfXYPsb0q', NULL, NULL, '', '', 8),
(34, 'Jean Luc Vande Kerkhove', NULL, NULL, NULL, NULL, NULL, NULL, 'vedekajl@gmail.com ', '$2y$10$hzT/xjQXDKRAS7hahqqJoOpnWuJXkWAfqvNiss8jh9MMgkQoeWytC', NULL, NULL, '', '', 7),
(35, 'Serge Mwaka', NULL, NULL, NULL, NULL, NULL, NULL, 'servalmwaka@yahoo.fr ', '$2y$10$4isvZOYYHAZfnXD.JuuYvuHPm3vZUuFQf6qJ0E28F2jN4.EW8fV5a', NULL, NULL, '', '', 6),
(36, 'Jean Claude Mwema', NULL, NULL, NULL, NULL, NULL, NULL, 'mwemajuin@hotmail.fr', '$2y$10$ZEM.NxUZl/cSWKZR47fyJepQfZ8FCvAw0bEwSDSYAai1SIZqMp.yW', NULL, NULL, '', '', 5),
(38, 'admin', 1, 1, '2022-09-30', 'Lubumbashi', '+243971403044', NULL, 'admin@mdj.com', '$2y$10$TbEjptO9NVHZKD9THebb0eO3GqfRakiCUs51OpD5nQZCIGcUYjdUa', NULL, 12, 'admin', 'mdj', 19),
(39, 'admin', 1, 1, '2022-09-30', 'Lubumbashi', NULL, NULL, 'admin@kansebula.com', '$2y$10$dsiNLCIw9qWL0fmCO/W2cOSBqpbxytuVXqIT1dHiFOllAl7RjFdwa', NULL, 12, 'admin', 'kasembula', 13),
(40, 'admin', 1, 1, '2022-09-30', 'Lubumbashi', NULL, NULL, 'admin@mokambo.com', '$2y$10$Qg8P3T8SQbxRls.1jNcA/uenTyNwALtnTOdR9LChpvizRPhm/uMTO', NULL, 12, 'admin', 'mukambo', 15),
(41, 'admin', 1, 1, '2022-09-30', 'Lubumbashi', NULL, NULL, 'admin@hz.com', '$2y$10$/8EQKzMjmBIBxoNakjVoRelyVDrfIZRLlJ2uK0YaUG1zTmE.ZtFQi', NULL, 12, 'admin', 'hz', 10),
(42, 'admin', 1, 1, '2022-09-30', 'Lubumbashi', NULL, NULL, 'admin@tbc.com', '$2y$10$eAxiLag4ZD4BkEcOXI90gugcs9ZgR1weszicsBSFGlyBiQ926aWS2', NULL, 12, 'admin', 'tbc', 22),
(43, 'admin', 1, 1, '2022-09-30', 'Lubumbashi', NULL, NULL, 'admin@ch.com', '$2y$10$ylL8nZiUE19Merw6Ufc9/OwptnBsCq79g4MbvvzdoDCMEc5KJf1bG', NULL, 12, 'admin', 'ch', 18),
(44, 'admin', 1, 1, '2022-09-30', 'Lubumbashi', NULL, NULL, 'admin@thc.com', '$2y$10$OWI94sIN.sUm7CQJiaexf.8cSewzvkSW6hkQUH8yaKhg8zN4PAevG', NULL, 12, 'admin', 'thc', 23),
(45, 'admin', 1, 1, '2022-09-30', 'Lubumbashi', NULL, NULL, 'admin@salama.com', '$2y$10$RSKZ9QI7IfTyNl7mk8nMkenyOsuOp.ENSM1EXQFv7JMuR5qldqzMu', NULL, 12, 'admin', 'salama', 21),
(46, 'admin', 1, 1, '2022-09-30', 'Lubumbashi', NULL, NULL, 'admin@cdj.com', '$2y$10$pPHhJAUusU574z3i6TM9qOWVoFJiL/Ynxks1krnVPA3hVV2hrTZZm', NULL, 12, 'admin', 'cdj', 3),
(47, 'admin', 1, 1, '2022-09-30', 'Lubumbashi', NULL, NULL, 'admin@sakania.com', '$2y$10$QCz1/IJeaCbA1RNWRs/1IOmizxnpzDMXv/IZRzjOd3tkEbeI.8zAi', NULL, 12, 'admin', 'sakania', 20);

--
-- Indexes for dumped tables
--

--
-- Indexes for table `action_utilisateur`
--
ALTER TABLE `action_utilisateur`
  ADD PRIMARY KEY (`id_action_utilisateur`);

--
-- Indexes for table `budget_entreprise_salesienne`
--
ALTER TABLE `budget_entreprise_salesienne`
  ADD PRIMARY KEY (`id_budget_entreprise_salesienne`);

--
-- Indexes for table `caisse`
--
ALTER TABLE `caisse`
  ADD PRIMARY KEY (`id_caisse`);

--
-- Indexes for table `categorie_accounting`
--
ALTER TABLE `categorie_accounting`
  ADD PRIMARY KEY (`id_categorie_accounting`);

--
-- Indexes for table `categorie_plan_comptable`
--
ALTER TABLE `categorie_plan_comptable`
  ADD PRIMARY KEY (`id_categorie_plan_comptable`);

--
-- Indexes for table `depense`
--
ALTER TABLE `depense`
  ADD PRIMARY KEY (`id_depense`);

--
-- Indexes for table `depense_caisse`
--
ALTER TABLE `depense_caisse`
  ADD PRIMARY KEY (`id_depense_caisse`);

--
-- Indexes for table `device_caisse`
--
ALTER TABLE `device_caisse`
  ADD PRIMARY KEY (`id_device_caisse`);

--
-- Indexes for table `devise`
--
ALTER TABLE `devise`
  ADD PRIMARY KEY (`id_devise`);

--
-- Indexes for table `entree_caisse`
--
ALTER TABLE `entree_caisse`
  ADD PRIMARY KEY (`id_entree_caisse`);

--
-- Indexes for table `entreprise`
--
ALTER TABLE `entreprise`
  ADD PRIMARY KEY (`id_entreprise`);

--
-- Indexes for table `entreprise_salesienne`
--
ALTER TABLE `entreprise_salesienne`
  ADD PRIMARY KEY (`id_entreprise_salesienne`);

--
-- Indexes for table `etat_civil`
--
ALTER TABLE `etat_civil`
  ADD PRIMARY KEY (`id_etat_civil`);

--
-- Indexes for table `fonctionnalite`
--
ALTER TABLE `fonctionnalite`
  ADD PRIMARY KEY (`id_fonctionnalite`);

--
-- Indexes for table `fournisseur`
--
ALTER TABLE `fournisseur`
  ADD PRIMARY KEY (`id_fournisseur`);

--
-- Indexes for table `group_fonctionnalite`
--
ALTER TABLE `group_fonctionnalite`
  ADD PRIMARY KEY (`id_group_fonctionnalite`);

--
-- Indexes for table `is_active`
--
ALTER TABLE `is_active`
  ADD PRIMARY KEY (`id_is_active`);

--
-- Indexes for table `livre_caisse_banque`
--
ALTER TABLE `livre_caisse_banque`
  ADD PRIMARY KEY (`id_livre_caisse_banque`);

--
-- Indexes for table `pays`
--
ALTER TABLE `pays`
  ADD PRIMARY KEY (`id_pays`);

--
-- Indexes for table `plan_comptable`
--
ALTER TABLE `plan_comptable`
  ADD PRIMARY KEY (`id_plan_comptable`);

--
-- Indexes for table `role`
--
ALTER TABLE `role`
  ADD PRIMARY KEY (`id_role`);

--
-- Indexes for table `role_permission`
--
ALTER TABLE `role_permission`
  ADD PRIMARY KEY (`id_role_permission`);

--
-- Indexes for table `sexe`
--
ALTER TABLE `sexe`
  ADD PRIMARY KEY (`id_sexe`);

--
-- Indexes for table `sous_categorie_comptable`
--
ALTER TABLE `sous_categorie_comptable`
  ADD PRIMARY KEY (`id_sous_categorie_comptable`);

--
-- Indexes for table `sous_categorie_comptable_affectee`
--
ALTER TABLE `sous_categorie_comptable_affectee`
  ADD PRIMARY KEY (`id_sous_categorie_comptable_affectee`);

--
-- Indexes for table `type_caisse`
--
ALTER TABLE `type_caisse`
  ADD PRIMARY KEY (`id_type_caisse`);

--
-- Indexes for table `type_categorie_accounting`
--
ALTER TABLE `type_categorie_accounting`
  ADD PRIMARY KEY (`id_type_categorie_accounting`);

--
-- Indexes for table `type_categorie_plan_comptable`
--
ALTER TABLE `type_categorie_plan_comptable`
  ADD PRIMARY KEY (`id_type_categorie_plan_comptable`);

--
-- Indexes for table `type_compte_livre_caisse`
--
ALTER TABLE `type_compte_livre_caisse`
  ADD PRIMARY KEY (`id_type_compte_livre_caisse`);

--
-- Indexes for table `type_entreprise`
--
ALTER TABLE `type_entreprise`
  ADD PRIMARY KEY (`id_type_entreprise`);

--
-- Indexes for table `type_entreprise_salesienne`
--
ALTER TABLE `type_entreprise_salesienne`
  ADD PRIMARY KEY (`id_type_entreprise_salesienne`);

--
-- Indexes for table `type_transaction`
--
ALTER TABLE `type_transaction`
  ADD PRIMARY KEY (`id_type_transaction`);

--
-- Indexes for table `type_unite_one`
--
ALTER TABLE `type_unite_one`
  ADD PRIMARY KEY (`id_type_unite_one`);

--
-- Indexes for table `type_unite_two`
--
ALTER TABLE `type_unite_two`
  ADD PRIMARY KEY (`id_type_unite_two`);

--
-- Indexes for table `utilisateur`
--
ALTER TABLE `utilisateur`
  ADD PRIMARY KEY (`id_utilisateur`);

--
-- AUTO_INCREMENT for dumped tables
--

--
-- AUTO_INCREMENT for table `action_utilisateur`
--
ALTER TABLE `action_utilisateur`
  MODIFY `id_action_utilisateur` int(11) NOT NULL AUTO_INCREMENT, AUTO_INCREMENT=941;

--
-- AUTO_INCREMENT for table `budget_entreprise_salesienne`
--
ALTER TABLE `budget_entreprise_salesienne`
  MODIFY `id_budget_entreprise_salesienne` int(11) NOT NULL AUTO_INCREMENT;

--
-- AUTO_INCREMENT for table `caisse`
--
ALTER TABLE `caisse`
  MODIFY `id_caisse` int(11) NOT NULL AUTO_INCREMENT, AUTO_INCREMENT=5;

--
-- AUTO_INCREMENT for table `categorie_accounting`
--
ALTER TABLE `categorie_accounting`
  MODIFY `id_categorie_accounting` int(11) NOT NULL AUTO_INCREMENT, AUTO_INCREMENT=6;

--
-- AUTO_INCREMENT for table `categorie_plan_comptable`
--
ALTER TABLE `categorie_plan_comptable`
  MODIFY `id_categorie_plan_comptable` int(11) NOT NULL AUTO_INCREMENT, AUTO_INCREMENT=73;

--
-- AUTO_INCREMENT for table `depense`
--
ALTER TABLE `depense`
  MODIFY `id_depense` int(11) NOT NULL AUTO_INCREMENT, AUTO_INCREMENT=12;

--
-- AUTO_INCREMENT for table `depense_caisse`
--
ALTER TABLE `depense_caisse`
  MODIFY `id_depense_caisse` int(11) NOT NULL AUTO_INCREMENT;

--
-- AUTO_INCREMENT for table `device_caisse`
--
ALTER TABLE `device_caisse`
  MODIFY `id_device_caisse` int(11) NOT NULL AUTO_INCREMENT, AUTO_INCREMENT=4;

--
-- AUTO_INCREMENT for table `devise`
--
ALTER TABLE `devise`
  MODIFY `id_devise` int(11) NOT NULL AUTO_INCREMENT;

--
-- AUTO_INCREMENT for table `entree_caisse`
--
ALTER TABLE `entree_caisse`
  MODIFY `id_entree_caisse` int(11) NOT NULL AUTO_INCREMENT;

--
-- AUTO_INCREMENT for table `entreprise`
--
ALTER TABLE `entreprise`
  MODIFY `id_entreprise` int(11) NOT NULL AUTO_INCREMENT, AUTO_INCREMENT=13;

--
-- AUTO_INCREMENT for table `entreprise_salesienne`
--
ALTER TABLE `entreprise_salesienne`
  MODIFY `id_entreprise_salesienne` int(11) NOT NULL AUTO_INCREMENT, AUTO_INCREMENT=33;

--
-- AUTO_INCREMENT for table `etat_civil`
--
ALTER TABLE `etat_civil`
  MODIFY `id_etat_civil` int(11) NOT NULL AUTO_INCREMENT, AUTO_INCREMENT=5;

--
-- AUTO_INCREMENT for table `fonctionnalite`
--
ALTER TABLE `fonctionnalite`
  MODIFY `id_fonctionnalite` int(11) NOT NULL AUTO_INCREMENT, AUTO_INCREMENT=109;

--
-- AUTO_INCREMENT for table `fournisseur`
--
ALTER TABLE `fournisseur`
  MODIFY `id_fournisseur` int(11) NOT NULL AUTO_INCREMENT, AUTO_INCREMENT=5;

--
-- AUTO_INCREMENT for table `group_fonctionnalite`
--
ALTER TABLE `group_fonctionnalite`
  MODIFY `id_group_fonctionnalite` int(11) NOT NULL AUTO_INCREMENT, AUTO_INCREMENT=17;

--
-- AUTO_INCREMENT for table `is_active`
--
ALTER TABLE `is_active`
  MODIFY `id_is_active` int(11) NOT NULL AUTO_INCREMENT, AUTO_INCREMENT=3;

--
-- AUTO_INCREMENT for table `livre_caisse_banque`
--
ALTER TABLE `livre_caisse_banque`
  MODIFY `id_livre_caisse_banque` int(11) NOT NULL AUTO_INCREMENT, AUTO_INCREMENT=87;

--
-- AUTO_INCREMENT for table `pays`
--
ALTER TABLE `pays`
  MODIFY `id_pays` int(11) NOT NULL AUTO_INCREMENT, AUTO_INCREMENT=485;

--
-- AUTO_INCREMENT for table `plan_comptable`
--
ALTER TABLE `plan_comptable`
  MODIFY `id_plan_comptable` int(11) NOT NULL AUTO_INCREMENT, AUTO_INCREMENT=24;

--
-- AUTO_INCREMENT for table `role`
--
ALTER TABLE `role`
  MODIFY `id_role` int(11) NOT NULL AUTO_INCREMENT, AUTO_INCREMENT=25;

--
-- AUTO_INCREMENT for table `role_permission`
--
ALTER TABLE `role_permission`
  MODIFY `id_role_permission` int(11) NOT NULL AUTO_INCREMENT, AUTO_INCREMENT=355;

--
-- AUTO_INCREMENT for table `sexe`
--
ALTER TABLE `sexe`
  MODIFY `id_sexe` int(11) NOT NULL AUTO_INCREMENT, AUTO_INCREMENT=5;

--
-- AUTO_INCREMENT for table `sous_categorie_comptable`
--
ALTER TABLE `sous_categorie_comptable`
  MODIFY `id_sous_categorie_comptable` int(11) NOT NULL AUTO_INCREMENT, AUTO_INCREMENT=182;

--
-- AUTO_INCREMENT for table `sous_categorie_comptable_affectee`
--
ALTER TABLE `sous_categorie_comptable_affectee`
  MODIFY `id_sous_categorie_comptable_affectee` int(11) NOT NULL AUTO_INCREMENT, AUTO_INCREMENT=57;

--
-- AUTO_INCREMENT for table `type_caisse`
--
ALTER TABLE `type_caisse`
  MODIFY `id_type_caisse` int(11) NOT NULL AUTO_INCREMENT, AUTO_INCREMENT=3;

--
-- AUTO_INCREMENT for table `type_categorie_accounting`
--
ALTER TABLE `type_categorie_accounting`
  MODIFY `id_type_categorie_accounting` int(11) NOT NULL AUTO_INCREMENT, AUTO_INCREMENT=3;

--
-- AUTO_INCREMENT for table `type_categorie_plan_comptable`
--
ALTER TABLE `type_categorie_plan_comptable`
  MODIFY `id_type_categorie_plan_comptable` int(11) NOT NULL AUTO_INCREMENT, AUTO_INCREMENT=3;

--
-- AUTO_INCREMENT for table `type_compte_livre_caisse`
--
ALTER TABLE `type_compte_livre_caisse`
  MODIFY `id_type_compte_livre_caisse` int(11) NOT NULL AUTO_INCREMENT, AUTO_INCREMENT=3;

--
-- AUTO_INCREMENT for table `type_entreprise`
--
ALTER TABLE `type_entreprise`
  MODIFY `id_type_entreprise` int(11) NOT NULL AUTO_INCREMENT, AUTO_INCREMENT=3;

--
-- AUTO_INCREMENT for table `type_entreprise_salesienne`
--
ALTER TABLE `type_entreprise_salesienne`
  MODIFY `id_type_entreprise_salesienne` int(11) NOT NULL AUTO_INCREMENT, AUTO_INCREMENT=3;

--
-- AUTO_INCREMENT for table `type_transaction`
--
ALTER TABLE `type_transaction`
  MODIFY `id_type_transaction` int(11) NOT NULL AUTO_INCREMENT, AUTO_INCREMENT=3;

--
-- AUTO_INCREMENT for table `type_unite_one`
--
ALTER TABLE `type_unite_one`
  MODIFY `id_type_unite_one` int(11) NOT NULL AUTO_INCREMENT, AUTO_INCREMENT=11;

--
-- AUTO_INCREMENT for table `type_unite_two`
--
ALTER TABLE `type_unite_two`
  MODIFY `id_type_unite_two` int(11) NOT NULL AUTO_INCREMENT, AUTO_INCREMENT=12;

--
-- AUTO_INCREMENT for table `utilisateur`
--
ALTER TABLE `utilisateur`
  MODIFY `id_utilisateur` int(11) NOT NULL AUTO_INCREMENT, AUTO_INCREMENT=48;
COMMIT;

